{"id":3942,"date":"2026-01-22T16:11:26","date_gmt":"2026-01-22T15:11:26","guid":{"rendered":"https:\/\/agora.xtec.cat\/ceipescursell-ripollet\/?page_id=3942"},"modified":"2026-01-22T16:31:18","modified_gmt":"2026-01-22T15:31:18","slug":"musica-2","status":"publish","type":"page","link":"https:\/\/agora.xtec.cat\/ceipescursell-ripollet\/important\/comunitat-dels-grans\/musica-2\/","title":{"rendered":"M\u00fasica"},"content":{"rendered":"\n<p>A la Comunitat de Grans donem molta import\u00e0ncia a l\u2019educaci\u00f3 musical, ja que afavoreix la creativitat, l\u2019expressi\u00f3 personal, el treball cooperatiu i la comprensi\u00f3 cultural, aprenent a valorar, con\u00e8ixer i respectar la diversitat musical i cultural. Les sessions es basen en la pr\u00e0ctica&nbsp;<strong>activa&nbsp;<\/strong>i&nbsp;<strong>vivencial<\/strong>, en qu\u00e8 l\u2019alumnat experimenta amb la veu, el cos i els instruments, explorant el ritme, la melodia i l\u2019harmonia a trav\u00e9s del cant, el moviment, la percussi\u00f3 corporal i l\u2019\u00fas d\u2019instruments escolars. Aquest enfocament permet desenvolupar de manera progressiva les habilitats d\u2019interpretaci\u00f3, creaci\u00f3 i escolta, alhora que la m\u00fasica es converteix en un espai per expressar emocions, idees i viv\u00e8ncies.<\/p>\n\n\n\n<p>A m\u00e9s, la m\u00fasica es treballa de manera transversal i connecta amb altres \u00e0rees i projectes de centre, fent-la present en diverses activitats i celebracions.<\/p>\n\n\n\n<ul class=\"wp-block-list\">\n<li>Durant la&nbsp;<strong>Castanyada&nbsp;<\/strong>l\u2019escola obre les portes a les fam\u00edlies perqu\u00e8 puguin gaudir de les&nbsp;<strong>danses&nbsp;<\/strong>preparades pels infants, convertint aquesta festa en un espai de trobada, cultura i diversi\u00f3 compartida.<\/li>\n\n\n\n<li>L&#8217;alumnat de 4t participen en la <strong>cantata <\/strong>o la <strong>ballada <\/strong>que, de manera alterna, s\u2019organitza a nivell de poble, on prenen part diverses escoles de Ripollet. Aquesta activitat els permet gaudir de la m\u00fasica en grup, compartir experi\u00e8ncies amb altres centres i viure la m\u00fasica com una celebraci\u00f3 col\u00b7lectiva.<\/li>\n\n\n\n<li>De la mateixa manera, tamb\u00e9 es preparen les can\u00e7ons que formaran part del&nbsp;<strong>musical&nbsp;<\/strong>de l\u2019escola. Al llarg del curs, l\u2019alumnat treballa el cant, la interpretaci\u00f3 vocal i l\u2019expressi\u00f3 esc\u00e8nica, participant en un projecte col\u00b7lectiu que integra m\u00fasica, teatre i moviment.<\/li>\n<\/ul>\n\n\n\n<p>Aquest proc\u00e9s fomenta el treball en equip, la responsabilitat i la confian\u00e7a en un mateix, permetent viure la m\u00fasica com una experi\u00e8ncia art\u00edstica global i significativa.<\/p>\n\n\n\n<div class=\"wp-block-columns is-layout-flex wp-container-core-columns-is-layout-1 wp-block-columns-is-layout-flex\" style=\"padding-top:0;padding-bottom:0\">\n<div class=\"wp-block-column is-layout-flow wp-block-column-is-layout-flow\">\n<figure class=\"wp-block-image size-large\"><a href=\"https:\/\/agora.xtec.cat\/ceipescursell-ripollet\/wp-content\/uploads\/usu1663\/2026\/01\/1m-scaled.jpg\"><img loading=\"lazy\" decoding=\"async\" width=\"1024\" height=\"712\" src=\"https:\/\/agora.xtec.cat\/ceipescursell-ripollet\/wp-content\/uploads\/usu1663\/2026\/01\/1m-1024x712.jpg\" alt=\"\" class=\"wp-image-3401\" srcset=\"https:\/\/agora.xtec.cat\/ceipescursell-ripollet\/wp-content\/uploads\/usu1663\/2026\/01\/1m-1024x712.jpg 1024w, https:\/\/agora.xtec.cat\/ceipescursell-ripollet\/wp-content\/uploads\/usu1663\/2026\/01\/1m-300x209.jpg 300w, https:\/\/agora.xtec.cat\/ceipescursell-ripollet\/wp-content\/uploads\/usu1663\/2026\/01\/1m-768x534.jpg 768w, https:\/\/agora.xtec.cat\/ceipescursell-ripollet\/wp-content\/uploads\/usu1663\/2026\/01\/1m-1536x1068.jpg 1536w, https:\/\/agora.xtec.cat\/ceipescursell-ripollet\/wp-content\/uploads\/usu1663\/2026\/01\/1m-2048x1423.jpg 2048w\" sizes=\"auto, (max-width: 1024px) 100vw, 1024px\" \/><\/a><\/figure>\n<\/div>\n\n\n\n<div class=\"wp-block-column is-layout-flow wp-block-column-is-layout-flow\">\n<figure class=\"wp-block-image aligncenter size-full is-resized\"><a href=\"https:\/\/agora.xtec.cat\/ceipescursell-ripollet\/wp-content\/uploads\/usu1663\/2026\/01\/Captura-de-pantalla-2026-01-22-162246.png\"><img loading=\"lazy\" decoding=\"async\" width=\"498\" height=\"358\" src=\"https:\/\/agora.xtec.cat\/ceipescursell-ripollet\/wp-content\/uploads\/usu1663\/2026\/01\/Captura-de-pantalla-2026-01-22-162246.png\" alt=\"\" class=\"wp-image-3947\" style=\"width:275px;height:auto\" srcset=\"https:\/\/agora.xtec.cat\/ceipescursell-ripollet\/wp-content\/uploads\/usu1663\/2026\/01\/Captura-de-pantalla-2026-01-22-162246.png 498w, https:\/\/agora.xtec.cat\/ceipescursell-ripollet\/wp-content\/uploads\/usu1663\/2026\/01\/Captura-de-pantalla-2026-01-22-162246-300x216.png 300w\" sizes=\"auto, (max-width: 498px) 100vw, 498px\" \/><\/a><\/figure>\n<\/div>\n\n\n\n<div class=\"wp-block-column is-layout-flow wp-block-column-is-layout-flow\">\n<figure class=\"wp-block-image size-full is-resized\"><a href=\"https:\/\/agora.xtec.cat\/ceipescursell-ripollet\/wp-content\/uploads\/usu1663\/2026\/01\/Captura-de-pantalla-2026-01-22-162946-e1769095834567.png\"><img loading=\"lazy\" decoding=\"async\" width=\"597\" height=\"437\" src=\"https:\/\/agora.xtec.cat\/ceipescursell-ripollet\/wp-content\/uploads\/usu1663\/2026\/01\/Captura-de-pantalla-2026-01-22-162946-e1769095834567.png\" alt=\"\" class=\"wp-image-3955\" style=\"width:270px;height:auto\" srcset=\"https:\/\/agora.xtec.cat\/ceipescursell-ripollet\/wp-content\/uploads\/usu1663\/2026\/01\/Captura-de-pantalla-2026-01-22-162946-e1769095834567.png 597w, https:\/\/agora.xtec.cat\/ceipescursell-ripollet\/wp-content\/uploads\/usu1663\/2026\/01\/Captura-de-pantalla-2026-01-22-162946-e1769095834567-300x220.png 300w\" sizes=\"auto, (max-width: 597px) 100vw, 597px\" \/><\/a><\/figure>\n<\/div>\n<\/div>\n","protected":false},"excerpt":{"rendered":"<p>A la Comunitat de Grans donem molta import\u00e0ncia a l\u2019educaci\u00f3 musical, ja que afavoreix la creativitat, l\u2019expressi\u00f3 personal, el treball cooperatiu i la comprensi\u00f3 cultural, aprenent a valorar, con\u00e8ixer i respectar la diversitat musical i cultural. Les sessions es basen en la pr\u00e0ctica&nbsp;activa&nbsp;i&nbsp;vivencial, en qu\u00e8 l\u2019alumnat experimenta amb la veu, el cos i els instruments, [&hellip;]<\/p>\n","protected":false},"author":1,"featured_media":0,"parent":2825,"menu_order":11,"comment_status":"closed","ping_status":"closed","template":"","meta":{"_bbp_topic_count":0,"_bbp_reply_count":0,"_bbp_total_topic_count":0,"_bbp_total_reply_count":0,"_bbp_voice_count":0,"_bbp_anonymous_reply_count":0,"_bbp_topic_count_hidden":0,"_bbp_reply_count_hidden":0,"_bbp_forum_subforum_count":0,"site-sidebar-layout":"default","site-content-layout":"","ast-site-content-layout":"default","site-content-style":"default","site-sidebar-style":"default","ast-global-header-display":"","ast-banner-title-visibility":"","ast-main-header-display":"","ast-hfb-above-header-display":"","ast-hfb-below-header-display":"","ast-hfb-mobile-header-display":"","site-post-title":"","ast-breadcrumbs-content":"","ast-featured-img":"","footer-sml-layout":"","theme-transparent-header-meta":"","adv-header-id-meta":"","stick-header-meta":"","header-above-stick-meta":"","header-main-stick-meta":"","header-below-stick-meta":"","astra-migrate-meta-layouts":"set","ast-page-background-enabled":"default","ast-page-background-meta":{"desktop":{"background-color":"var(--ast-global-color-5)","background-image":"","background-repeat":"repeat","background-position":"center center","background-size":"auto","background-attachment":"scroll","background-type":"","background-media":"","overlay-type":"","overlay-color":"","overlay-opacity":"","overlay-gradient":""},"tablet":{"background-color":"","background-image":"","background-repeat":"repeat","background-position":"center center","background-size":"auto","background-attachment":"scroll","background-type":"","background-media":"","overlay-type":"","overlay-color":"","overlay-opacity":"","overlay-gradient":""},"mobile":{"background-color":"","background-image":"","background-repeat":"repeat","background-position":"center center","background-size":"auto","background-attachment":"scroll","background-type":"","background-media":"","overlay-type":"","overlay-color":"","overlay-opacity":"","overlay-gradient":""}},"ast-content-background-meta":{"desktop":{"background-color":"var(--ast-global-color-4)","background-image":"","background-repeat":"repeat","background-position":"center center","background-size":"auto","background-attachment":"scroll","background-type":"","background-media":"","overlay-type":"","overlay-color":"","overlay-opacity":"","overlay-gradient":""},"tablet":{"background-color":"var(--ast-global-color-4)","background-image":"","background-repeat":"repeat","background-position":"center center","background-size":"auto","background-attachment":"scroll","background-type":"","background-media":"","overlay-type":"","overlay-color":"","overlay-opacity":"","overlay-gradient":""},"mobile":{"background-color":"var(--ast-global-color-4)","background-image":"","background-repeat":"repeat","background-position":"center center","background-size":"auto","background-attachment":"scroll","background-type":"","background-media":"","overlay-type":"","overlay-color":"","overlay-opacity":"","overlay-gradient":""}},"footnotes":""},"class_list":["post-3942","page","type-page","status-publish","hentry"],"post_mailing_queue_ids":[],"_links":{"self":[{"href":"https:\/\/agora.xtec.cat\/ceipescursell-ripollet\/wp-json\/wp\/v2\/pages\/3942","targetHints":{"allow":["GET"]}}],"collection":[{"href":"https:\/\/agora.xtec.cat\/ceipescursell-ripollet\/wp-json\/wp\/v2\/pages"}],"about":[{"href":"https:\/\/agora.xtec.cat\/ceipescursell-ripollet\/wp-json\/wp\/v2\/types\/page"}],"author":[{"embeddable":true,"href":"https:\/\/agora.xtec.cat\/ceipescursell-ripollet\/wp-json\/wp\/v2\/users\/1"}],"replies":[{"embeddable":true,"href":"https:\/\/agora.xtec.cat\/ceipescursell-ripollet\/wp-json\/wp\/v2\/comments?post=3942"}],"version-history":[{"count":6,"href":"https:\/\/agora.xtec.cat\/ceipescursell-ripollet\/wp-json\/wp\/v2\/pages\/3942\/revisions"}],"predecessor-version":[{"id":3959,"href":"https:\/\/agora.xtec.cat\/ceipescursell-ripollet\/wp-json\/wp\/v2\/pages\/3942\/revisions\/3959"}],"up":[{"embeddable":true,"href":"https:\/\/agora.xtec.cat\/ceipescursell-ripollet\/wp-json\/wp\/v2\/pages\/2825"}],"wp:attachment":[{"href":"https:\/\/agora.xtec.cat\/ceipescursell-ripollet\/wp-json\/wp\/v2\/media?parent=3942"}],"curies":[{"name":"wp","href":"https:\/\/api.w.org\/{rel}","templated":true}]}}