{"id":3927,"date":"2026-01-22T15:31:46","date_gmt":"2026-01-22T14:31:46","guid":{"rendered":"https:\/\/agora.xtec.cat\/ceipescursell-ripollet\/?page_id=3927"},"modified":"2026-01-22T16:10:53","modified_gmt":"2026-01-22T15:10:53","slug":"musica","status":"publish","type":"page","link":"https:\/\/agora.xtec.cat\/ceipescursell-ripollet\/important\/comunitat-de-mitjans-2\/musica\/","title":{"rendered":"M\u00fasica"},"content":{"rendered":"\n<p>A la Comunitat de Mitjans donem molta import\u00e0ncia a l\u2019educaci\u00f3 musical, ja que afavoreix la creativitat, l\u2019expressi\u00f3 personal, el treball cooperatiu i la comprensi\u00f3 cultural, aprenent a valorar, con\u00e8ixer i respectar la diversitat musical i cultural. Les sessions es basen en la pr\u00e0ctica <strong>activa <\/strong>i <strong>vivencial<\/strong>, en qu\u00e8 l\u2019alumnat experimenta amb la veu, el cos i els instruments, explorant el ritme, la melodia i l\u2019harmonia a trav\u00e9s del cant, el moviment, la percussi\u00f3 corporal i l\u2019\u00fas d\u2019instruments escolars. Aquest enfocament permet desenvolupar de manera progressiva les habilitats d\u2019interpretaci\u00f3, creaci\u00f3 i escolta, alhora que la m\u00fasica es converteix en un espai per expressar emocions, idees i viv\u00e8ncies.<\/p>\n\n\n\n<p>A m\u00e9s, la m\u00fasica es treballa de manera transversal i connecta amb altres \u00e0rees i projectes de centre, fent-la present en diverses activitats i celebracions. <\/p>\n\n\n\n<ul class=\"wp-block-list\">\n<li>Durant la <strong>Castanyada <\/strong>l\u2019escola obre les portes a les fam\u00edlies perqu\u00e8 puguin gaudir de les <strong>danses <\/strong>preparades pels infants, convertint aquesta festa en un espai de trobada, cultura i diversi\u00f3 compartida. <\/li>\n\n\n\n<li>De la mateixa manera, des de l\u2019\u00e0rea de m\u00fasica es preparen les can\u00e7ons que formaran part del <strong>musical <\/strong>de l\u2019escola. Al llarg del curs, l\u2019alumnat treballa el cant, la interpretaci\u00f3 vocal i l\u2019expressi\u00f3 esc\u00e8nica, participant en un projecte col\u00b7lectiu que integra m\u00fasica, teatre i moviment. <\/li>\n<\/ul>\n\n\n\n<p>Aquest proc\u00e9s fomenta el treball en equip, la responsabilitat i la confian\u00e7a en un mateix, permetent viure la m\u00fasica com una experi\u00e8ncia art\u00edstica global i significativa.<\/p>\n\n\n\n<div class=\"wp-block-columns is-layout-flex wp-container-core-columns-is-layout-1 wp-block-columns-is-layout-flex\" style=\"padding-top:0\">\n<div class=\"wp-block-column is-layout-flow wp-block-column-is-layout-flow\">\n<figure class=\"wp-block-image size-full\"><a href=\"https:\/\/agora.xtec.cat\/ceipescursell-ripollet\/wp-content\/uploads\/usu1663\/2026\/01\/Captura-de-pantalla-2026-01-12-160709.png\"><img loading=\"lazy\" decoding=\"async\" width=\"329\" height=\"251\" src=\"https:\/\/agora.xtec.cat\/ceipescursell-ripollet\/wp-content\/uploads\/usu1663\/2026\/01\/Captura-de-pantalla-2026-01-12-160709.png\" alt=\"\" class=\"wp-image-3507\" srcset=\"https:\/\/agora.xtec.cat\/ceipescursell-ripollet\/wp-content\/uploads\/usu1663\/2026\/01\/Captura-de-pantalla-2026-01-12-160709.png 329w, https:\/\/agora.xtec.cat\/ceipescursell-ripollet\/wp-content\/uploads\/usu1663\/2026\/01\/Captura-de-pantalla-2026-01-12-160709-300x229.png 300w\" sizes=\"auto, (max-width: 329px) 100vw, 329px\" \/><\/a><\/figure>\n<\/div>\n\n\n\n<div class=\"wp-block-column is-layout-flow wp-block-column-is-layout-flow\">\n<figure class=\"wp-block-image size-full\"><a href=\"https:\/\/agora.xtec.cat\/ceipescursell-ripollet\/wp-content\/uploads\/usu1663\/2026\/01\/Captura-de-pantalla-2026-01-22-155409-e1769093979648.png\"><img loading=\"lazy\" decoding=\"async\" width=\"599\" height=\"451\" src=\"https:\/\/agora.xtec.cat\/ceipescursell-ripollet\/wp-content\/uploads\/usu1663\/2026\/01\/Captura-de-pantalla-2026-01-22-155409-e1769093979648.png\" alt=\"\" class=\"wp-image-3934\" srcset=\"https:\/\/agora.xtec.cat\/ceipescursell-ripollet\/wp-content\/uploads\/usu1663\/2026\/01\/Captura-de-pantalla-2026-01-22-155409-e1769093979648.png 599w, https:\/\/agora.xtec.cat\/ceipescursell-ripollet\/wp-content\/uploads\/usu1663\/2026\/01\/Captura-de-pantalla-2026-01-22-155409-e1769093979648-300x226.png 300w\" sizes=\"auto, (max-width: 599px) 100vw, 599px\" \/><\/a><\/figure>\n<\/div>\n\n\n\n<div class=\"wp-block-column is-layout-flow wp-block-column-is-layout-flow\">\n<figure class=\"wp-block-image size-full is-resized\"><a href=\"https:\/\/agora.xtec.cat\/ceipescursell-ripollet\/wp-content\/uploads\/usu1663\/2026\/01\/Captura-de-pantalla-2026-01-22-160848-e1769094603174.png\"><img loading=\"lazy\" decoding=\"async\" width=\"427\" height=\"329\" src=\"https:\/\/agora.xtec.cat\/ceipescursell-ripollet\/wp-content\/uploads\/usu1663\/2026\/01\/Captura-de-pantalla-2026-01-22-160848-e1769094603174.png\" alt=\"\" class=\"wp-image-3938\" style=\"width:305px;height:auto\" srcset=\"https:\/\/agora.xtec.cat\/ceipescursell-ripollet\/wp-content\/uploads\/usu1663\/2026\/01\/Captura-de-pantalla-2026-01-22-160848-e1769094603174.png 427w, https:\/\/agora.xtec.cat\/ceipescursell-ripollet\/wp-content\/uploads\/usu1663\/2026\/01\/Captura-de-pantalla-2026-01-22-160848-e1769094603174-300x231.png 300w\" sizes=\"auto, (max-width: 427px) 100vw, 427px\" \/><\/a><\/figure>\n<\/div>\n<\/div>\n","protected":false},"excerpt":{"rendered":"<p>A la Comunitat de Mitjans donem molta import\u00e0ncia a l\u2019educaci\u00f3 musical, ja que afavoreix la creativitat, l\u2019expressi\u00f3 personal, el treball cooperatiu i la comprensi\u00f3 cultural, aprenent a valorar, con\u00e8ixer i respectar la diversitat musical i cultural. Les sessions es basen en la pr\u00e0ctica activa i vivencial, en qu\u00e8 l\u2019alumnat experimenta amb la veu, el cos [&hellip;]<\/p>\n","protected":false},"author":1,"featured_media":0,"parent":2822,"menu_order":10,"comment_status":"closed","ping_status":"closed","template":"","meta":{"_bbp_topic_count":0,"_bbp_reply_count":0,"_bbp_total_topic_count":0,"_bbp_total_reply_count":0,"_bbp_voice_count":0,"_bbp_anonymous_reply_count":0,"_bbp_topic_count_hidden":0,"_bbp_reply_count_hidden":0,"_bbp_forum_subforum_count":0,"site-sidebar-layout":"default","site-content-layout":"","ast-site-content-layout":"default","site-content-style":"default","site-sidebar-style":"default","ast-global-header-display":"","ast-banner-title-visibility":"","ast-main-header-display":"","ast-hfb-above-header-display":"","ast-hfb-below-header-display":"","ast-hfb-mobile-header-display":"","site-post-title":"","ast-breadcrumbs-content":"","ast-featured-img":"","footer-sml-layout":"","theme-transparent-header-meta":"","adv-header-id-meta":"","stick-header-meta":"","header-above-stick-meta":"","header-main-stick-meta":"","header-below-stick-meta":"","astra-migrate-meta-layouts":"set","ast-page-background-enabled":"default","ast-page-background-meta":{"desktop":{"background-color":"var(--ast-global-color-5)","background-image":"","background-repeat":"repeat","background-position":"center center","background-size":"auto","background-attachment":"scroll","background-type":"","background-media":"","overlay-type":"","overlay-color":"","overlay-opacity":"","overlay-gradient":""},"tablet":{"background-color":"","background-image":"","background-repeat":"repeat","background-position":"center center","background-size":"auto","background-attachment":"scroll","background-type":"","background-media":"","overlay-type":"","overlay-color":"","overlay-opacity":"","overlay-gradient":""},"mobile":{"background-color":"","background-image":"","background-repeat":"repeat","background-position":"center center","background-size":"auto","background-attachment":"scroll","background-type":"","background-media":"","overlay-type":"","overlay-color":"","overlay-opacity":"","overlay-gradient":""}},"ast-content-background-meta":{"desktop":{"background-color":"var(--ast-global-color-4)","background-image":"","background-repeat":"repeat","background-position":"center center","background-size":"auto","background-attachment":"scroll","background-type":"","background-media":"","overlay-type":"","overlay-color":"","overlay-opacity":"","overlay-gradient":""},"tablet":{"background-color":"var(--ast-global-color-4)","background-image":"","background-repeat":"repeat","background-position":"center center","background-size":"auto","background-attachment":"scroll","background-type":"","background-media":"","overlay-type":"","overlay-color":"","overlay-opacity":"","overlay-gradient":""},"mobile":{"background-color":"var(--ast-global-color-4)","background-image":"","background-repeat":"repeat","background-position":"center center","background-size":"auto","background-attachment":"scroll","background-type":"","background-media":"","overlay-type":"","overlay-color":"","overlay-opacity":"","overlay-gradient":""}},"footnotes":""},"class_list":["post-3927","page","type-page","status-publish","hentry"],"post_mailing_queue_ids":[],"_links":{"self":[{"href":"https:\/\/agora.xtec.cat\/ceipescursell-ripollet\/wp-json\/wp\/v2\/pages\/3927","targetHints":{"allow":["GET"]}}],"collection":[{"href":"https:\/\/agora.xtec.cat\/ceipescursell-ripollet\/wp-json\/wp\/v2\/pages"}],"about":[{"href":"https:\/\/agora.xtec.cat\/ceipescursell-ripollet\/wp-json\/wp\/v2\/types\/page"}],"author":[{"embeddable":true,"href":"https:\/\/agora.xtec.cat\/ceipescursell-ripollet\/wp-json\/wp\/v2\/users\/1"}],"replies":[{"embeddable":true,"href":"https:\/\/agora.xtec.cat\/ceipescursell-ripollet\/wp-json\/wp\/v2\/comments?post=3927"}],"version-history":[{"count":6,"href":"https:\/\/agora.xtec.cat\/ceipescursell-ripollet\/wp-json\/wp\/v2\/pages\/3927\/revisions"}],"predecessor-version":[{"id":3941,"href":"https:\/\/agora.xtec.cat\/ceipescursell-ripollet\/wp-json\/wp\/v2\/pages\/3927\/revisions\/3941"}],"up":[{"embeddable":true,"href":"https:\/\/agora.xtec.cat\/ceipescursell-ripollet\/wp-json\/wp\/v2\/pages\/2822"}],"wp:attachment":[{"href":"https:\/\/agora.xtec.cat\/ceipescursell-ripollet\/wp-json\/wp\/v2\/media?parent=3927"}],"curies":[{"name":"wp","href":"https:\/\/api.w.org\/{rel}","templated":true}]}}