{"id":3801,"date":"2026-01-20T10:53:31","date_gmt":"2026-01-20T09:53:31","guid":{"rendered":"https:\/\/agora.xtec.cat\/ceipescursell-ripollet\/?page_id=3801"},"modified":"2026-01-20T16:16:40","modified_gmt":"2026-01-20T15:16:40","slug":"lassemblea","status":"publish","type":"page","link":"https:\/\/agora.xtec.cat\/ceipescursell-ripollet\/important\/comunitat-dels-grans\/lassemblea\/","title":{"rendered":"L&#8217;assemblea"},"content":{"rendered":"\n<p>A la Comunitat de Grans, l\u2019assemblea \u00e9s l\u2019eix vertebrador del nostre dia a dia. \u00c9s un espai de trobada que es dona en diferents moments de la jornada, on l\u2019alumnat es reuneix per dialogar, reflexionar i prendre decisions de manera col\u00b7lectiva. L\u2019assemblea afavoreix la participaci\u00f3 activa, l\u2019escolta respectuosa i el desenvolupament del pensament cr\u00edtic.<\/p>\n\n\n\n<p>A trav\u00e9s d\u2019aquest espai compartit, es posen en com\u00fa idees, inquietuds i propostes, es resolen conflictes de manera dialogada i es construeixen acords que ajuden a regular la conviv\u00e8ncia. L\u2019assemblea esdev\u00e9 tamb\u00e9 un motor d\u2019aprenentatge, ja que permet organitzar el treball, compartir descobertes i avan\u00e7ar plegats en els processos d\u2019aprenentatge, fomentant l\u2019autonomia i la responsabilitat de l\u2019alumnat.<\/p>\n\n\n\n<p>\u00c9s tamb\u00e9 el punt de partida i de final de les <a href=\"https:\/\/agora.xtec.cat\/ceipescursell-ripollet\/important\/comunitat-dels-grans\/situacions-daprenentatge\/\">Situacions d\u2019Aprenentatge<\/a>, dels <a href=\"https:\/\/agora.xtec.cat\/ceipescursell-ripollet\/important\/comunitat-dels-grans\/tallers\/\">tallers <\/a>i de diferents \u00e0rees, com <a href=\"https:\/\/agora.xtec.cat\/ceipescursell-ripollet\/important\/comunitat-dels-grans\/tallers\/\">l\u2019angl\u00e8s <\/a>, <a href=\"https:\/\/agora.xtec.cat\/ceipescursell-ripollet\/important\/comunitat-dels-grans\/educacio-fisica\/\">l&#8217;educaci\u00f3 f\u00edsica<\/a> i la m\u00fasica. A trav\u00e9s de l\u2019assemblea, es presenten els objectius, es comparteixen propostes i s\u2019activen els coneixements previs, mentre que al final esdev\u00e9 un espai de reflexi\u00f3 i valoraci\u00f3 del que s\u2019ha apr\u00e8s. Aquest moment permet posar paraules a les experi\u00e8ncies viscudes, consolidar els aprenentatges i prendre consci\u00e8ncia del propi proc\u00e9s, afavorint una mirada cr\u00edtica i significativa sobre el treball realitzat.<br><\/p>\n\n\n\n<div class=\"wp-block-columns is-layout-flex wp-container-core-columns-is-layout-1 wp-block-columns-is-layout-flex\" style=\"padding-top:0;padding-bottom:0\">\n<div class=\"wp-block-column is-layout-flow wp-block-column-is-layout-flow\">\n<figure class=\"wp-block-image alignright size-large is-resized\"><a href=\"https:\/\/agora.xtec.cat\/ceipescursell-ripollet\/wp-content\/uploads\/usu1663\/2026\/01\/Captura-de-pantalla-2026-01-09-093429-5.png\"><img loading=\"lazy\" decoding=\"async\" width=\"1024\" height=\"767\" src=\"https:\/\/agora.xtec.cat\/ceipescursell-ripollet\/wp-content\/uploads\/usu1663\/2026\/01\/Captura-de-pantalla-2026-01-09-093429-5-1024x767.png\" alt=\"\" class=\"wp-image-3363\" style=\"width:247px;height:auto\" srcset=\"https:\/\/agora.xtec.cat\/ceipescursell-ripollet\/wp-content\/uploads\/usu1663\/2026\/01\/Captura-de-pantalla-2026-01-09-093429-5-1024x767.png 1024w, https:\/\/agora.xtec.cat\/ceipescursell-ripollet\/wp-content\/uploads\/usu1663\/2026\/01\/Captura-de-pantalla-2026-01-09-093429-5-300x225.png 300w, https:\/\/agora.xtec.cat\/ceipescursell-ripollet\/wp-content\/uploads\/usu1663\/2026\/01\/Captura-de-pantalla-2026-01-09-093429-5-768x575.png 768w, https:\/\/agora.xtec.cat\/ceipescursell-ripollet\/wp-content\/uploads\/usu1663\/2026\/01\/Captura-de-pantalla-2026-01-09-093429-5.png 1356w\" sizes=\"auto, (max-width: 1024px) 100vw, 1024px\" \/><\/a><\/figure>\n<\/div>\n\n\n\n<div class=\"wp-block-column is-layout-flow wp-block-column-is-layout-flow\">\n<figure class=\"wp-block-image size-full\"><a href=\"https:\/\/agora.xtec.cat\/ceipescursell-ripollet\/wp-content\/uploads\/usu1663\/2026\/01\/Captura-de-pantalla-2026-01-08-133146-e1768913370434.png\"><img loading=\"lazy\" decoding=\"async\" width=\"421\" height=\"273\" src=\"https:\/\/agora.xtec.cat\/ceipescursell-ripollet\/wp-content\/uploads\/usu1663\/2026\/01\/Captura-de-pantalla-2026-01-08-133146-e1768913370434.png\" alt=\"\" class=\"wp-image-3344\" srcset=\"https:\/\/agora.xtec.cat\/ceipescursell-ripollet\/wp-content\/uploads\/usu1663\/2026\/01\/Captura-de-pantalla-2026-01-08-133146-e1768913370434.png 421w, https:\/\/agora.xtec.cat\/ceipescursell-ripollet\/wp-content\/uploads\/usu1663\/2026\/01\/Captura-de-pantalla-2026-01-08-133146-e1768913370434-300x195.png 300w\" sizes=\"auto, (max-width: 421px) 100vw, 421px\" \/><\/a><\/figure>\n<\/div>\n\n\n\n<div class=\"wp-block-column is-layout-flow wp-block-column-is-layout-flow\">\n<figure class=\"wp-block-image size-full\"><a href=\"https:\/\/agora.xtec.cat\/ceipescursell-ripollet\/wp-content\/uploads\/usu1663\/2026\/01\/Captura-de-pantalla-2026-01-09-090514-e1768913670342.png\"><img loading=\"lazy\" decoding=\"async\" width=\"360\" height=\"235\" src=\"https:\/\/agora.xtec.cat\/ceipescursell-ripollet\/wp-content\/uploads\/usu1663\/2026\/01\/Captura-de-pantalla-2026-01-09-090514-e1768913670342.png\" alt=\"\" class=\"wp-image-3350\" srcset=\"https:\/\/agora.xtec.cat\/ceipescursell-ripollet\/wp-content\/uploads\/usu1663\/2026\/01\/Captura-de-pantalla-2026-01-09-090514-e1768913670342.png 360w, https:\/\/agora.xtec.cat\/ceipescursell-ripollet\/wp-content\/uploads\/usu1663\/2026\/01\/Captura-de-pantalla-2026-01-09-090514-e1768913670342-300x196.png 300w\" sizes=\"auto, (max-width: 360px) 100vw, 360px\" \/><\/a><\/figure>\n<\/div>\n<\/div>\n","protected":false},"excerpt":{"rendered":"<p>A la Comunitat de Grans, l\u2019assemblea \u00e9s l\u2019eix vertebrador del nostre dia a dia. \u00c9s un espai de trobada que es dona en diferents moments de la jornada, on l\u2019alumnat es reuneix per dialogar, reflexionar i prendre decisions de manera col\u00b7lectiva. L\u2019assemblea afavoreix la participaci\u00f3 activa, l\u2019escolta respectuosa i el desenvolupament del pensament cr\u00edtic. A [&hellip;]<\/p>\n","protected":false},"author":1,"featured_media":0,"parent":2825,"menu_order":5,"comment_status":"closed","ping_status":"closed","template":"","meta":{"_bbp_topic_count":0,"_bbp_reply_count":0,"_bbp_total_topic_count":0,"_bbp_total_reply_count":0,"_bbp_voice_count":0,"_bbp_anonymous_reply_count":0,"_bbp_topic_count_hidden":0,"_bbp_reply_count_hidden":0,"_bbp_forum_subforum_count":0,"site-sidebar-layout":"default","site-content-layout":"","ast-site-content-layout":"default","site-content-style":"default","site-sidebar-style":"default","ast-global-header-display":"","ast-banner-title-visibility":"","ast-main-header-display":"","ast-hfb-above-header-display":"","ast-hfb-below-header-display":"","ast-hfb-mobile-header-display":"","site-post-title":"","ast-breadcrumbs-content":"","ast-featured-img":"","footer-sml-layout":"","theme-transparent-header-meta":"","adv-header-id-meta":"","stick-header-meta":"","header-above-stick-meta":"","header-main-stick-meta":"","header-below-stick-meta":"","astra-migrate-meta-layouts":"set","ast-page-background-enabled":"default","ast-page-background-meta":{"desktop":{"background-color":"var(--ast-global-color-5)","background-image":"","background-repeat":"repeat","background-position":"center center","background-size":"auto","background-attachment":"scroll","background-type":"","background-media":"","overlay-type":"","overlay-color":"","overlay-opacity":"","overlay-gradient":""},"tablet":{"background-color":"","background-image":"","background-repeat":"repeat","background-position":"center center","background-size":"auto","background-attachment":"scroll","background-type":"","background-media":"","overlay-type":"","overlay-color":"","overlay-opacity":"","overlay-gradient":""},"mobile":{"background-color":"","background-image":"","background-repeat":"repeat","background-position":"center center","background-size":"auto","background-attachment":"scroll","background-type":"","background-media":"","overlay-type":"","overlay-color":"","overlay-opacity":"","overlay-gradient":""}},"ast-content-background-meta":{"desktop":{"background-color":"var(--ast-global-color-4)","background-image":"","background-repeat":"repeat","background-position":"center center","background-size":"auto","background-attachment":"scroll","background-type":"","background-media":"","overlay-type":"","overlay-color":"","overlay-opacity":"","overlay-gradient":""},"tablet":{"background-color":"var(--ast-global-color-4)","background-image":"","background-repeat":"repeat","background-position":"center center","background-size":"auto","background-attachment":"scroll","background-type":"","background-media":"","overlay-type":"","overlay-color":"","overlay-opacity":"","overlay-gradient":""},"mobile":{"background-color":"var(--ast-global-color-4)","background-image":"","background-repeat":"repeat","background-position":"center center","background-size":"auto","background-attachment":"scroll","background-type":"","background-media":"","overlay-type":"","overlay-color":"","overlay-opacity":"","overlay-gradient":""}},"footnotes":""},"class_list":["post-3801","page","type-page","status-publish","hentry"],"post_mailing_queue_ids":[],"_links":{"self":[{"href":"https:\/\/agora.xtec.cat\/ceipescursell-ripollet\/wp-json\/wp\/v2\/pages\/3801","targetHints":{"allow":["GET"]}}],"collection":[{"href":"https:\/\/agora.xtec.cat\/ceipescursell-ripollet\/wp-json\/wp\/v2\/pages"}],"about":[{"href":"https:\/\/agora.xtec.cat\/ceipescursell-ripollet\/wp-json\/wp\/v2\/types\/page"}],"author":[{"embeddable":true,"href":"https:\/\/agora.xtec.cat\/ceipescursell-ripollet\/wp-json\/wp\/v2\/users\/1"}],"replies":[{"embeddable":true,"href":"https:\/\/agora.xtec.cat\/ceipescursell-ripollet\/wp-json\/wp\/v2\/comments?post=3801"}],"version-history":[{"count":6,"href":"https:\/\/agora.xtec.cat\/ceipescursell-ripollet\/wp-json\/wp\/v2\/pages\/3801\/revisions"}],"predecessor-version":[{"id":3836,"href":"https:\/\/agora.xtec.cat\/ceipescursell-ripollet\/wp-json\/wp\/v2\/pages\/3801\/revisions\/3836"}],"up":[{"embeddable":true,"href":"https:\/\/agora.xtec.cat\/ceipescursell-ripollet\/wp-json\/wp\/v2\/pages\/2825"}],"wp:attachment":[{"href":"https:\/\/agora.xtec.cat\/ceipescursell-ripollet\/wp-json\/wp\/v2\/media?parent=3801"}],"curies":[{"name":"wp","href":"https:\/\/api.w.org\/{rel}","templated":true}]}}

<p>A la Comunitat de Grans, l’assemblea és l’eix vertebrador del nostre dia a dia. És un espai de trobada que es dona en diferents moments de la jornada, on l’alumnat es reuneix per dialogar, reflexionar i prendre decisions de manera col·lectiva. L’assemblea afavoreix la participació activa, l’escolta respectuosa i el desenvolupament del pensament crític.</p>



<p>A través d’aquest espai compartit, es posen en comú idees, inquietuds i propostes, es resolen conflictes de manera dialogada i es construeixen acords que ajuden a regular la convivència. L’assemblea esdevé també un motor d’aprenentatge, ja que permet organitzar el treball, compartir descobertes i avançar plegats en els processos d’aprenentatge, fomentant l’autonomia i la responsabilitat de l’alumnat.</p>



<p>És també el punt de partida i de final de les <a href="https://agora.xtec.cat/ceipescursell-ripollet/important/comunitat-dels-grans/situacions-daprenentatge/">Situacions d’Aprenentatge</a>, dels <a href="https://agora.xtec.cat/ceipescursell-ripollet/important/comunitat-dels-grans/tallers/">tallers </a>i de diferents àrees, com <a href="https://agora.xtec.cat/ceipescursell-ripollet/important/comunitat-dels-grans/tallers/">l’anglès </a>, <a href="https://agora.xtec.cat/ceipescursell-ripollet/important/comunitat-dels-grans/educacio-fisica/">l&#8217;educació física</a> i la música. A través de l’assemblea, es presenten els objectius, es comparteixen propostes i s’activen els coneixements previs, mentre que al final esdevé un espai de reflexió i valoració del que s’ha après. Aquest moment permet posar paraules a les experiències viscudes, consolidar els aprenentatges i prendre consciència del propi procés, afavorint una mirada crítica i significativa sobre el treball realitzat.<br></p>



<div class="wp-block-columns is-layout-flex wp-container-core-columns-is-layout-1 wp-block-columns-is-layout-flex" style="padding-top:0;padding-bottom:0">
<div class="wp-block-column is-layout-flow wp-block-column-is-layout-flow">
<figure class="wp-block-image alignright size-large is-resized"><a href="https://agora.xtec.cat/ceipescursell-ripollet/wp-content/uploads/usu1663/2026/01/Captura-de-pantalla-2026-01-09-093429-5.png"><img loading="lazy" decoding="async" width="1024" height="767" src="https://agora.xtec.cat/ceipescursell-ripollet/wp-content/uploads/usu1663/2026/01/Captura-de-pantalla-2026-01-09-093429-5-1024x767.png" alt="" class="wp-image-3363" style="width:247px;height:auto" srcset="https://agora.xtec.cat/ceipescursell-ripollet/wp-content/uploads/usu1663/2026/01/Captura-de-pantalla-2026-01-09-093429-5-1024x767.png 1024w, https://agora.xtec.cat/ceipescursell-ripollet/wp-content/uploads/usu1663/2026/01/Captura-de-pantalla-2026-01-09-093429-5-300x225.png 300w, https://agora.xtec.cat/ceipescursell-ripollet/wp-content/uploads/usu1663/2026/01/Captura-de-pantalla-2026-01-09-093429-5-768x575.png 768w, https://agora.xtec.cat/ceipescursell-ripollet/wp-content/uploads/usu1663/2026/01/Captura-de-pantalla-2026-01-09-093429-5.png 1356w" sizes="auto, (max-width: 1024px) 100vw, 1024px" /></a></figure>
</div>



<div class="wp-block-column is-layout-flow wp-block-column-is-layout-flow">
<figure class="wp-block-image size-full"><a href="https://agora.xtec.cat/ceipescursell-ripollet/wp-content/uploads/usu1663/2026/01/Captura-de-pantalla-2026-01-08-133146-e1768913370434.png"><img loading="lazy" decoding="async" width="421" height="273" src="https://agora.xtec.cat/ceipescursell-ripollet/wp-content/uploads/usu1663/2026/01/Captura-de-pantalla-2026-01-08-133146-e1768913370434.png" alt="" class="wp-image-3344" srcset="https://agora.xtec.cat/ceipescursell-ripollet/wp-content/uploads/usu1663/2026/01/Captura-de-pantalla-2026-01-08-133146-e1768913370434.png 421w, https://agora.xtec.cat/ceipescursell-ripollet/wp-content/uploads/usu1663/2026/01/Captura-de-pantalla-2026-01-08-133146-e1768913370434-300x195.png 300w" sizes="auto, (max-width: 421px) 100vw, 421px" /></a></figure>
</div>



<div class="wp-block-column is-layout-flow wp-block-column-is-layout-flow">
<figure class="wp-block-image size-full"><a href="https://agora.xtec.cat/ceipescursell-ripollet/wp-content/uploads/usu1663/2026/01/Captura-de-pantalla-2026-01-09-090514-e1768913670342.png"><img loading="lazy" decoding="async" width="360" height="235" src="https://agora.xtec.cat/ceipescursell-ripollet/wp-content/uploads/usu1663/2026/01/Captura-de-pantalla-2026-01-09-090514-e1768913670342.png" alt="" class="wp-image-3350" srcset="https://agora.xtec.cat/ceipescursell-ripollet/wp-content/uploads/usu1663/2026/01/Captura-de-pantalla-2026-01-09-090514-e1768913670342.png 360w, https://agora.xtec.cat/ceipescursell-ripollet/wp-content/uploads/usu1663/2026/01/Captura-de-pantalla-2026-01-09-090514-e1768913670342-300x196.png 300w" sizes="auto, (max-width: 360px) 100vw, 360px" /></a></figure>
</div>
</div>

<p>A la Comunitat de Grans, l’assemblea és l’eix vertebrador del nostre dia a dia. És un espai de trobada que es dona en diferents moments de la jornada, on l’alumnat es reuneix per dialogar, reflexionar i prendre decisions de manera col·lectiva. L’assemblea afavoreix la participació activa, l’escolta respectuosa i el desenvolupament del pensament crític. A [&hellip;]</p>
