{"id":3745,"date":"2026-01-19T15:49:50","date_gmt":"2026-01-19T14:49:50","guid":{"rendered":"https:\/\/agora.xtec.cat\/ceipescursell-ripollet\/?page_id=3745"},"modified":"2026-03-20T15:24:28","modified_gmt":"2026-03-20T14:24:28","slug":"tallers","status":"publish","type":"page","link":"https:\/\/agora.xtec.cat\/ceipescursell-ripollet\/important\/comunitat-dels-grans\/tallers\/","title":{"rendered":"Tallers"},"content":{"rendered":"\n<p>A la comunitat de grans, durant el primer i el tercer trimestre, els infants participen en <strong>tallers internivells<\/strong> pensats per potenciar les diferents dimensions de l\u2019educaci\u00f3 art\u00edstica. Aquests espais permeten compartir experi\u00e8ncies entre infants de diferents edats, fomentant la cooperaci\u00f3, la creativitat i l\u2019aprenentatge significatiu.<\/p>\n\n\n\n<p>Els tallers ofereixen propostes vivencials que afavoreixen l\u2019expressi\u00f3, la comunicaci\u00f3 i el desenvolupament personal a trav\u00e9s de diverses disciplines art\u00edstiques:<\/p>\n\n\n\n<ul class=\"wp-block-list\">\n<li><strong>Som artistes<\/strong>: un espai per experimentar amb diferents t\u00e8cniques pl\u00e0stiques i desenvolupar la creativitat i la mirada art\u00edstica.<\/li>\n\n\n\n<li><strong>Let\u2019s dance<\/strong>: el cos i el moviment com a eines d\u2019expressi\u00f3, treballant el ritme, la coordinaci\u00f3 i l\u2019expressi\u00f3 corporal.<\/li>\n\n\n\n<li><strong>Fem teatre<\/strong>: a trav\u00e9s del joc dram\u00e0tic, els infants exploren emocions, situacions i personatges, potenciant la imaginaci\u00f3 i l\u2019expressi\u00f3 oral i corporal.<\/li>\n\n\n\n<li><strong>Posem fil a l\u2019agulla<\/strong>: un taller de creaci\u00f3 manual on es treballa la motricitat fina, la concentraci\u00f3 i la creativitat mitjan\u00e7ant el t\u00e8xtil i les manualitats.<\/li>\n<\/ul>\n\n\n\n<p>A trav\u00e9s d\u2019aquests tallers, l\u2019art esdev\u00e9 un mitj\u00e0 d\u2019expressi\u00f3, descobriment i aprenentatge, que acompanya els infants en el seu creixement personal i col\u00b7lectiu.<\/p>\n\n\n\n<div class=\"wp-block-columns is-layout-flex wp-container-core-columns-is-layout-1 wp-block-columns-is-layout-flex\" style=\"padding-top:0;padding-bottom:var(--wp--preset--spacing--50)\">\n<div class=\"wp-block-column is-layout-flow wp-block-column-is-layout-flow\">\n<figure class=\"wp-block-image size-full\"><a href=\"https:\/\/agora.xtec.cat\/ceipescursell-ripollet\/wp-content\/uploads\/usu1663\/2026\/01\/Captura-de-pantalla-2026-01-19-155857.png\"><img loading=\"lazy\" decoding=\"async\" width=\"541\" height=\"419\" src=\"https:\/\/agora.xtec.cat\/ceipescursell-ripollet\/wp-content\/uploads\/usu1663\/2026\/01\/Captura-de-pantalla-2026-01-19-155857.png\" alt=\"\" class=\"wp-image-3750\" srcset=\"https:\/\/agora.xtec.cat\/ceipescursell-ripollet\/wp-content\/uploads\/usu1663\/2026\/01\/Captura-de-pantalla-2026-01-19-155857.png 541w, https:\/\/agora.xtec.cat\/ceipescursell-ripollet\/wp-content\/uploads\/usu1663\/2026\/01\/Captura-de-pantalla-2026-01-19-155857-300x232.png 300w\" sizes=\"auto, (max-width: 541px) 100vw, 541px\" \/><\/a><\/figure>\n<\/div>\n\n\n\n<div class=\"wp-block-column is-layout-flow wp-block-column-is-layout-flow\"><\/div>\n\n\n\n<div class=\"wp-block-column is-layout-flow wp-block-column-is-layout-flow\"><\/div>\n<\/div>\n\n\n\n<p>Aquests tallers tamb\u00e9 contribueixen a preparar el\u00a0<strong><a href=\"https:\/\/agora.xtec.cat\/ceipescursell-ripollet\/documentacio-de-centre\/els-musicals\/\">musical <\/a>que l\u2019alumnat representar\u00e0 al Teatre Auditori<\/strong>, un projecte que es treballa de manera espec\u00edfica durant el segon trimestre. Les experi\u00e8ncies art\u00edstiques viscudes als tallers permeten als infants desenvolupar habilitats com l\u2019expressi\u00f3 corporal i vocal, el sentit del ritme, la interpretaci\u00f3 i la creativitat, que despr\u00e9s es posen en pr\u00e0ctica en la preparaci\u00f3 i posada en escena del musical.<\/p>\n\n\n\n<div class=\"wp-block-columns is-layout-flex wp-container-core-columns-is-layout-2 wp-block-columns-is-layout-flex\" style=\"padding-top:0;padding-bottom:var(--wp--preset--spacing--40)\">\n<div class=\"wp-block-column is-layout-flow wp-block-column-is-layout-flow\">\n<figure class=\"wp-block-image aligncenter size-full is-resized\"><a href=\"https:\/\/agora.xtec.cat\/ceipescursell-ripollet\/wp-content\/uploads\/usu1663\/2026\/01\/Captura-de-pantalla-2026-01-19-161606.png\"><img loading=\"lazy\" decoding=\"async\" width=\"337\" height=\"290\" src=\"https:\/\/agora.xtec.cat\/ceipescursell-ripollet\/wp-content\/uploads\/usu1663\/2026\/01\/Captura-de-pantalla-2026-01-19-161606.png\" alt=\"\" class=\"wp-image-3755\" style=\"width:402px;height:auto\" srcset=\"https:\/\/agora.xtec.cat\/ceipescursell-ripollet\/wp-content\/uploads\/usu1663\/2026\/01\/Captura-de-pantalla-2026-01-19-161606.png 337w, https:\/\/agora.xtec.cat\/ceipescursell-ripollet\/wp-content\/uploads\/usu1663\/2026\/01\/Captura-de-pantalla-2026-01-19-161606-300x258.png 300w\" sizes=\"auto, (max-width: 337px) 100vw, 337px\" \/><\/a><\/figure>\n<\/div>\n\n\n\n<div class=\"wp-block-column is-layout-flow wp-block-column-is-layout-flow\">\n<figure class=\"wp-block-image aligncenter size-full is-resized\"><a href=\"https:\/\/agora.xtec.cat\/ceipescursell-ripollet\/wp-content\/uploads\/usu1663\/2026\/01\/Captura-de-pantalla-2026-01-19-161550.png\"><img loading=\"lazy\" decoding=\"async\" width=\"341\" height=\"292\" src=\"https:\/\/agora.xtec.cat\/ceipescursell-ripollet\/wp-content\/uploads\/usu1663\/2026\/01\/Captura-de-pantalla-2026-01-19-161550.png\" alt=\"\" class=\"wp-image-3756\" style=\"width:404px;height:auto\" srcset=\"https:\/\/agora.xtec.cat\/ceipescursell-ripollet\/wp-content\/uploads\/usu1663\/2026\/01\/Captura-de-pantalla-2026-01-19-161550.png 341w, https:\/\/agora.xtec.cat\/ceipescursell-ripollet\/wp-content\/uploads\/usu1663\/2026\/01\/Captura-de-pantalla-2026-01-19-161550-300x257.png 300w\" sizes=\"auto, (max-width: 341px) 100vw, 341px\" \/><\/a><\/figure>\n<\/div>\n<\/div>\n","protected":false},"excerpt":{"rendered":"<p>A la comunitat de grans, durant el primer i el tercer trimestre, els infants participen en tallers internivells pensats per potenciar les diferents dimensions de l\u2019educaci\u00f3 art\u00edstica. Aquests espais permeten compartir experi\u00e8ncies entre infants de diferents edats, fomentant la cooperaci\u00f3, la creativitat i l\u2019aprenentatge significatiu. Els tallers ofereixen propostes vivencials que afavoreixen l\u2019expressi\u00f3, la comunicaci\u00f3 [&hellip;]<\/p>\n","protected":false},"author":1,"featured_media":0,"parent":2825,"menu_order":3,"comment_status":"closed","ping_status":"closed","template":"","meta":{"_bbp_topic_count":0,"_bbp_reply_count":0,"_bbp_total_topic_count":0,"_bbp_total_reply_count":0,"_bbp_voice_count":0,"_bbp_anonymous_reply_count":0,"_bbp_topic_count_hidden":0,"_bbp_reply_count_hidden":0,"_bbp_forum_subforum_count":0,"site-sidebar-layout":"default","site-content-layout":"","ast-site-content-layout":"default","site-content-style":"default","site-sidebar-style":"default","ast-global-header-display":"","ast-banner-title-visibility":"","ast-main-header-display":"","ast-hfb-above-header-display":"","ast-hfb-below-header-display":"","ast-hfb-mobile-header-display":"","site-post-title":"","ast-breadcrumbs-content":"","ast-featured-img":"","footer-sml-layout":"","theme-transparent-header-meta":"","adv-header-id-meta":"","stick-header-meta":"","header-above-stick-meta":"","header-main-stick-meta":"","header-below-stick-meta":"","astra-migrate-meta-layouts":"set","ast-page-background-enabled":"default","ast-page-background-meta":{"desktop":{"background-color":"var(--ast-global-color-5)","background-image":"","background-repeat":"repeat","background-position":"center center","background-size":"auto","background-attachment":"scroll","background-type":"","background-media":"","overlay-type":"","overlay-color":"","overlay-opacity":"","overlay-gradient":""},"tablet":{"background-color":"","background-image":"","background-repeat":"repeat","background-position":"center center","background-size":"auto","background-attachment":"scroll","background-type":"","background-media":"","overlay-type":"","overlay-color":"","overlay-opacity":"","overlay-gradient":""},"mobile":{"background-color":"","background-image":"","background-repeat":"repeat","background-position":"center center","background-size":"auto","background-attachment":"scroll","background-type":"","background-media":"","overlay-type":"","overlay-color":"","overlay-opacity":"","overlay-gradient":""}},"ast-content-background-meta":{"desktop":{"background-color":"var(--ast-global-color-4)","background-image":"","background-repeat":"repeat","background-position":"center center","background-size":"auto","background-attachment":"scroll","background-type":"","background-media":"","overlay-type":"","overlay-color":"","overlay-opacity":"","overlay-gradient":""},"tablet":{"background-color":"var(--ast-global-color-4)","background-image":"","background-repeat":"repeat","background-position":"center center","background-size":"auto","background-attachment":"scroll","background-type":"","background-media":"","overlay-type":"","overlay-color":"","overlay-opacity":"","overlay-gradient":""},"mobile":{"background-color":"var(--ast-global-color-4)","background-image":"","background-repeat":"repeat","background-position":"center center","background-size":"auto","background-attachment":"scroll","background-type":"","background-media":"","overlay-type":"","overlay-color":"","overlay-opacity":"","overlay-gradient":""}},"footnotes":""},"class_list":["post-3745","page","type-page","status-publish","hentry"],"post_mailing_queue_ids":[],"_links":{"self":[{"href":"https:\/\/agora.xtec.cat\/ceipescursell-ripollet\/wp-json\/wp\/v2\/pages\/3745","targetHints":{"allow":["GET"]}}],"collection":[{"href":"https:\/\/agora.xtec.cat\/ceipescursell-ripollet\/wp-json\/wp\/v2\/pages"}],"about":[{"href":"https:\/\/agora.xtec.cat\/ceipescursell-ripollet\/wp-json\/wp\/v2\/types\/page"}],"author":[{"embeddable":true,"href":"https:\/\/agora.xtec.cat\/ceipescursell-ripollet\/wp-json\/wp\/v2\/users\/1"}],"replies":[{"embeddable":true,"href":"https:\/\/agora.xtec.cat\/ceipescursell-ripollet\/wp-json\/wp\/v2\/comments?post=3745"}],"version-history":[{"count":6,"href":"https:\/\/agora.xtec.cat\/ceipescursell-ripollet\/wp-json\/wp\/v2\/pages\/3745\/revisions"}],"predecessor-version":[{"id":4285,"href":"https:\/\/agora.xtec.cat\/ceipescursell-ripollet\/wp-json\/wp\/v2\/pages\/3745\/revisions\/4285"}],"up":[{"embeddable":true,"href":"https:\/\/agora.xtec.cat\/ceipescursell-ripollet\/wp-json\/wp\/v2\/pages\/2825"}],"wp:attachment":[{"href":"https:\/\/agora.xtec.cat\/ceipescursell-ripollet\/wp-json\/wp\/v2\/media?parent=3745"}],"curies":[{"name":"wp","href":"https:\/\/api.w.org\/{rel}","templated":true}]}}

<p>A la comunitat de grans, durant el primer i el tercer trimestre, els infants participen en <strong>tallers internivells</strong> pensats per potenciar les diferents dimensions de l’educació artística. Aquests espais permeten compartir experiències entre infants de diferents edats, fomentant la cooperació, la creativitat i l’aprenentatge significatiu.</p>



<p>Els tallers ofereixen propostes vivencials que afavoreixen l’expressió, la comunicació i el desenvolupament personal a través de diverses disciplines artístiques:</p>



<ul class="wp-block-list">
<li><strong>Som artistes</strong>: un espai per experimentar amb diferents tècniques plàstiques i desenvolupar la creativitat i la mirada artística.</li>



<li><strong>Let’s dance</strong>: el cos i el moviment com a eines d’expressió, treballant el ritme, la coordinació i l’expressió corporal.</li>



<li><strong>Fem teatre</strong>: a través del joc dramàtic, els infants exploren emocions, situacions i personatges, potenciant la imaginació i l’expressió oral i corporal.</li>



<li><strong>Posem fil a l’agulla</strong>: un taller de creació manual on es treballa la motricitat fina, la concentració i la creativitat mitjançant el tèxtil i les manualitats.</li>
</ul>



<p>A través d’aquests tallers, l’art esdevé un mitjà d’expressió, descobriment i aprenentatge, que acompanya els infants en el seu creixement personal i col·lectiu.</p>



<div class="wp-block-columns is-layout-flex wp-container-core-columns-is-layout-1 wp-block-columns-is-layout-flex" style="padding-top:0;padding-bottom:var(--wp--preset--spacing--50)">
<div class="wp-block-column is-layout-flow wp-block-column-is-layout-flow">
<figure class="wp-block-image size-full"><a href="https://agora.xtec.cat/ceipescursell-ripollet/wp-content/uploads/usu1663/2026/01/Captura-de-pantalla-2026-01-19-155857.png"><img loading="lazy" decoding="async" width="541" height="419" src="https://agora.xtec.cat/ceipescursell-ripollet/wp-content/uploads/usu1663/2026/01/Captura-de-pantalla-2026-01-19-155857.png" alt="" class="wp-image-3750" srcset="https://agora.xtec.cat/ceipescursell-ripollet/wp-content/uploads/usu1663/2026/01/Captura-de-pantalla-2026-01-19-155857.png 541w, https://agora.xtec.cat/ceipescursell-ripollet/wp-content/uploads/usu1663/2026/01/Captura-de-pantalla-2026-01-19-155857-300x232.png 300w" sizes="auto, (max-width: 541px) 100vw, 541px" /></a></figure>
</div>



<div class="wp-block-column is-layout-flow wp-block-column-is-layout-flow"></div>



<div class="wp-block-column is-layout-flow wp-block-column-is-layout-flow"></div>
</div>



<p>Aquests tallers també contribueixen a preparar el <strong><a href="https://agora.xtec.cat/ceipescursell-ripollet/documentacio-de-centre/els-musicals/">musical </a>que l’alumnat representarà al Teatre Auditori</strong>, un projecte que es treballa de manera específica durant el segon trimestre. Les experiències artístiques viscudes als tallers permeten als infants desenvolupar habilitats com l’expressió corporal i vocal, el sentit del ritme, la interpretació i la creativitat, que després es posen en pràctica en la preparació i posada en escena del musical.</p>



<div class="wp-block-columns is-layout-flex wp-container-core-columns-is-layout-2 wp-block-columns-is-layout-flex" style="padding-top:0;padding-bottom:var(--wp--preset--spacing--40)">
<div class="wp-block-column is-layout-flow wp-block-column-is-layout-flow">
<figure class="wp-block-image aligncenter size-full is-resized"><a href="https://agora.xtec.cat/ceipescursell-ripollet/wp-content/uploads/usu1663/2026/01/Captura-de-pantalla-2026-01-19-161606.png"><img loading="lazy" decoding="async" width="337" height="290" src="https://agora.xtec.cat/ceipescursell-ripollet/wp-content/uploads/usu1663/2026/01/Captura-de-pantalla-2026-01-19-161606.png" alt="" class="wp-image-3755" style="width:402px;height:auto" srcset="https://agora.xtec.cat/ceipescursell-ripollet/wp-content/uploads/usu1663/2026/01/Captura-de-pantalla-2026-01-19-161606.png 337w, https://agora.xtec.cat/ceipescursell-ripollet/wp-content/uploads/usu1663/2026/01/Captura-de-pantalla-2026-01-19-161606-300x258.png 300w" sizes="auto, (max-width: 337px) 100vw, 337px" /></a></figure>
</div>



<div class="wp-block-column is-layout-flow wp-block-column-is-layout-flow">
<figure class="wp-block-image aligncenter size-full is-resized"><a href="https://agora.xtec.cat/ceipescursell-ripollet/wp-content/uploads/usu1663/2026/01/Captura-de-pantalla-2026-01-19-161550.png"><img loading="lazy" decoding="async" width="341" height="292" src="https://agora.xtec.cat/ceipescursell-ripollet/wp-content/uploads/usu1663/2026/01/Captura-de-pantalla-2026-01-19-161550.png" alt="" class="wp-image-3756" style="width:404px;height:auto" srcset="https://agora.xtec.cat/ceipescursell-ripollet/wp-content/uploads/usu1663/2026/01/Captura-de-pantalla-2026-01-19-161550.png 341w, https://agora.xtec.cat/ceipescursell-ripollet/wp-content/uploads/usu1663/2026/01/Captura-de-pantalla-2026-01-19-161550-300x257.png 300w" sizes="auto, (max-width: 341px) 100vw, 341px" /></a></figure>
</div>
</div>

<p>A la comunitat de grans, durant el primer i el tercer trimestre, els infants participen en tallers internivells pensats per potenciar les diferents dimensions de l’educació artística. Aquests espais permeten compartir experiències entre infants de diferents edats, fomentant la cooperació, la creativitat i l’aprenentatge significatiu. Els tallers ofereixen propostes vivencials que afavoreixen l’expressió, la comunicació [&hellip;]</p>
