{"id":3725,"date":"2026-01-19T10:38:18","date_gmt":"2026-01-19T09:38:18","guid":{"rendered":"https:\/\/agora.xtec.cat\/ceipescursell-ripollet\/?page_id=3725"},"modified":"2026-03-20T15:23:57","modified_gmt":"2026-03-20T14:23:57","slug":"tallers","status":"publish","type":"page","link":"https:\/\/agora.xtec.cat\/ceipescursell-ripollet\/important\/comunitat-de-mitjans-2\/tallers\/","title":{"rendered":"Tallers"},"content":{"rendered":"\n<p>A la Comunitat de Mitjans, durant el primer i el tercer trimestre, l\u2019alumnat participa en <strong>tallers internivell d\u2019Educaci\u00f3 Art\u00edstica<\/strong>, una proposta que fomenta la creativitat, l\u2019expressi\u00f3 i l\u2019aprenentatge compartit entre infants de diferents cursos.<\/p>\n\n\n\n<p>Aquests tallers permeten treballar les diverses dimensions de l\u2019educaci\u00f3 art\u00edstica a trav\u00e9s d\u2019experi\u00e8ncies pr\u00e0ctiques i vivencials, on els infants exploren, experimenten i creen en un ambient cooperatiu i enriquidor. El fet de compartir espais i activitats amb alumnes d\u2019altres nivells afavoreix la conviv\u00e8ncia, l\u2019autonomia i el respecte pels diferents ritmes i maneres de crear.<\/p>\n\n\n\n<p>Els tallers que es duen a terme s\u00f3n:<\/p>\n\n\n\n<ul class=\"wp-block-list\">\n<li><strong>1, 2, 3\u2026 acci\u00f3<\/strong>, un espai teatral on l\u2019alumnat experimenta amb el cos, la veu i les emocions a trav\u00e9s del joc dram\u00e0tic.<\/li>\n\n\n\n<li><strong>Pop Art<\/strong>, un taller d\u2019experimentaci\u00f3 pl\u00e0stica inspirat en l\u2019art contemporani i l\u2019\u00fas del color.<\/li>\n\n\n\n<li><strong>Un m\u00f3n de m\u00fasica<\/strong>, dedicat a la descoberta sonora, el ritme i l\u2019expressi\u00f3 musical.<\/li>\n\n\n\n<li><strong>Vetes i fils<\/strong>, un espai creatiu per treballar amb materials t\u00e8xtils i desenvolupar la motricitat i la imaginaci\u00f3.<\/li>\n<\/ul>\n\n\n\n<div class=\"wp-block-columns is-layout-flex wp-container-core-columns-is-layout-1 wp-block-columns-is-layout-flex\" style=\"padding-top:0;padding-bottom:var(--wp--preset--spacing--40)\">\n<div class=\"wp-block-column is-layout-flow wp-block-column-is-layout-flow\">\n<figure class=\"wp-block-image size-full is-resized\"><a href=\"https:\/\/agora.xtec.cat\/ceipescursell-ripollet\/wp-content\/uploads\/usu1663\/2026\/01\/Captura-de-pantalla-2026-01-19-104819.png\"><img loading=\"lazy\" decoding=\"async\" width=\"542\" height=\"418\" src=\"https:\/\/agora.xtec.cat\/ceipescursell-ripollet\/wp-content\/uploads\/usu1663\/2026\/01\/Captura-de-pantalla-2026-01-19-104819.png\" alt=\"\" class=\"wp-image-3733\" style=\"width:312px;height:auto\" srcset=\"https:\/\/agora.xtec.cat\/ceipescursell-ripollet\/wp-content\/uploads\/usu1663\/2026\/01\/Captura-de-pantalla-2026-01-19-104819.png 542w, https:\/\/agora.xtec.cat\/ceipescursell-ripollet\/wp-content\/uploads\/usu1663\/2026\/01\/Captura-de-pantalla-2026-01-19-104819-300x231.png 300w\" sizes=\"auto, (max-width: 542px) 100vw, 542px\" \/><\/a><\/figure>\n<\/div>\n\n\n\n<div class=\"wp-block-column is-layout-flow wp-block-column-is-layout-flow\">\n<figure class=\"wp-block-image aligncenter size-full is-resized\"><a href=\"https:\/\/agora.xtec.cat\/ceipescursell-ripollet\/wp-content\/uploads\/usu1663\/2026\/01\/Captura-de-pantalla-2026-01-19-105901-e1768816922633.png\"><img loading=\"lazy\" decoding=\"async\" width=\"482\" height=\"369\" src=\"https:\/\/agora.xtec.cat\/ceipescursell-ripollet\/wp-content\/uploads\/usu1663\/2026\/01\/Captura-de-pantalla-2026-01-19-105901-e1768816922633.png\" alt=\"\" class=\"wp-image-3736\" style=\"width:315px;height:auto\" srcset=\"https:\/\/agora.xtec.cat\/ceipescursell-ripollet\/wp-content\/uploads\/usu1663\/2026\/01\/Captura-de-pantalla-2026-01-19-105901-e1768816922633.png 482w, https:\/\/agora.xtec.cat\/ceipescursell-ripollet\/wp-content\/uploads\/usu1663\/2026\/01\/Captura-de-pantalla-2026-01-19-105901-e1768816922633-300x230.png 300w\" sizes=\"auto, (max-width: 482px) 100vw, 482px\" \/><\/a><\/figure>\n<\/div>\n\n\n\n<div class=\"wp-block-column is-layout-flow wp-block-column-is-layout-flow\">\n<figure class=\"wp-block-image size-large\"><a href=\"https:\/\/agora.xtec.cat\/ceipescursell-ripollet\/wp-content\/uploads\/usu1663\/2026\/01\/20251113_154644-1-1-scaled.jpg\"><img loading=\"lazy\" decoding=\"async\" width=\"1024\" height=\"770\" src=\"https:\/\/agora.xtec.cat\/ceipescursell-ripollet\/wp-content\/uploads\/usu1663\/2026\/01\/20251113_154644-1-1-1024x770.jpg\" alt=\"\" class=\"wp-image-3467\" srcset=\"https:\/\/agora.xtec.cat\/ceipescursell-ripollet\/wp-content\/uploads\/usu1663\/2026\/01\/20251113_154644-1-1-1024x770.jpg 1024w, https:\/\/agora.xtec.cat\/ceipescursell-ripollet\/wp-content\/uploads\/usu1663\/2026\/01\/20251113_154644-1-1-300x226.jpg 300w, https:\/\/agora.xtec.cat\/ceipescursell-ripollet\/wp-content\/uploads\/usu1663\/2026\/01\/20251113_154644-1-1-768x577.jpg 768w, https:\/\/agora.xtec.cat\/ceipescursell-ripollet\/wp-content\/uploads\/usu1663\/2026\/01\/20251113_154644-1-1-1536x1155.jpg 1536w, https:\/\/agora.xtec.cat\/ceipescursell-ripollet\/wp-content\/uploads\/usu1663\/2026\/01\/20251113_154644-1-1-2048x1539.jpg 2048w\" sizes=\"auto, (max-width: 1024px) 100vw, 1024px\" \/><\/a><\/figure>\n<\/div>\n<\/div>\n\n\n\n<p>A trav\u00e9s d\u2019aquests tallers, l\u2019alumnat viu l\u2019educaci\u00f3 art\u00edstica com una experi\u00e8ncia <strong>motivadora, participativa i significativa<\/strong>, potenciant la creativitat i el gaudi per l\u2019art en totes les seves formes.<\/p>\n\n\n\n<p>Aquests tallers tamb\u00e9 contribueixen a preparar el <strong><a href=\"https:\/\/agora.xtec.cat\/ceipescursell-ripollet\/documentacio-de-centre\/els-musicals\/\">musical <\/a>que l\u2019alumnat representar\u00e0 al Teatre Auditori<\/strong>, un projecte que es treballa de manera espec\u00edfica durant el segon trimestre. Les experi\u00e8ncies art\u00edstiques viscudes als tallers permeten als infants desenvolupar habilitats com l\u2019expressi\u00f3 corporal i vocal, el sentit del ritme, la interpretaci\u00f3 i la creativitat, que despr\u00e9s es posen en pr\u00e0ctica en la preparaci\u00f3 i posada en escena del musical.<\/p>\n\n\n\n<div class=\"wp-block-columns is-layout-flex wp-container-core-columns-is-layout-2 wp-block-columns-is-layout-flex\" style=\"padding-top:0;padding-bottom:var(--wp--preset--spacing--40)\">\n<div class=\"wp-block-column is-layout-flow wp-block-column-is-layout-flow\">\n<figure class=\"wp-block-image aligncenter size-full is-resized\"><a href=\"https:\/\/agora.xtec.cat\/ceipescursell-ripollet\/wp-content\/uploads\/usu1663\/2026\/01\/Captura-de-pantalla-2026-01-19-161606.png\"><img loading=\"lazy\" decoding=\"async\" width=\"337\" height=\"290\" src=\"https:\/\/agora.xtec.cat\/ceipescursell-ripollet\/wp-content\/uploads\/usu1663\/2026\/01\/Captura-de-pantalla-2026-01-19-161606.png\" alt=\"\" class=\"wp-image-3755\" style=\"width:390px;height:auto\" srcset=\"https:\/\/agora.xtec.cat\/ceipescursell-ripollet\/wp-content\/uploads\/usu1663\/2026\/01\/Captura-de-pantalla-2026-01-19-161606.png 337w, https:\/\/agora.xtec.cat\/ceipescursell-ripollet\/wp-content\/uploads\/usu1663\/2026\/01\/Captura-de-pantalla-2026-01-19-161606-300x258.png 300w\" sizes=\"auto, (max-width: 337px) 100vw, 337px\" \/><\/a><\/figure>\n<\/div>\n\n\n\n<div class=\"wp-block-column is-layout-flow wp-block-column-is-layout-flow\">\n<figure class=\"wp-block-image aligncenter size-full is-resized\"><a href=\"https:\/\/agora.xtec.cat\/ceipescursell-ripollet\/wp-content\/uploads\/usu1663\/2026\/01\/Captura-de-pantalla-2026-01-19-161550.png\"><img loading=\"lazy\" decoding=\"async\" width=\"341\" height=\"292\" src=\"https:\/\/agora.xtec.cat\/ceipescursell-ripollet\/wp-content\/uploads\/usu1663\/2026\/01\/Captura-de-pantalla-2026-01-19-161550.png\" alt=\"\" class=\"wp-image-3756\" style=\"width:390px;height:auto\" srcset=\"https:\/\/agora.xtec.cat\/ceipescursell-ripollet\/wp-content\/uploads\/usu1663\/2026\/01\/Captura-de-pantalla-2026-01-19-161550.png 341w, https:\/\/agora.xtec.cat\/ceipescursell-ripollet\/wp-content\/uploads\/usu1663\/2026\/01\/Captura-de-pantalla-2026-01-19-161550-300x257.png 300w\" sizes=\"auto, (max-width: 341px) 100vw, 341px\" \/><\/a><\/figure>\n<\/div>\n<\/div>\n\n\n\n<p><\/p>\n","protected":false},"excerpt":{"rendered":"<p>A la Comunitat de Mitjans, durant el primer i el tercer trimestre, l\u2019alumnat participa en tallers internivell d\u2019Educaci\u00f3 Art\u00edstica, una proposta que fomenta la creativitat, l\u2019expressi\u00f3 i l\u2019aprenentatge compartit entre infants de diferents cursos. Aquests tallers permeten treballar les diverses dimensions de l\u2019educaci\u00f3 art\u00edstica a trav\u00e9s d\u2019experi\u00e8ncies pr\u00e0ctiques i vivencials, on els infants exploren, experimenten [&hellip;]<\/p>\n","protected":false},"author":1,"featured_media":0,"parent":2822,"menu_order":3,"comment_status":"closed","ping_status":"closed","template":"","meta":{"_bbp_topic_count":0,"_bbp_reply_count":0,"_bbp_total_topic_count":0,"_bbp_total_reply_count":0,"_bbp_voice_count":0,"_bbp_anonymous_reply_count":0,"_bbp_topic_count_hidden":0,"_bbp_reply_count_hidden":0,"_bbp_forum_subforum_count":0,"site-sidebar-layout":"default","site-content-layout":"","ast-site-content-layout":"default","site-content-style":"default","site-sidebar-style":"default","ast-global-header-display":"","ast-banner-title-visibility":"","ast-main-header-display":"","ast-hfb-above-header-display":"","ast-hfb-below-header-display":"","ast-hfb-mobile-header-display":"","site-post-title":"","ast-breadcrumbs-content":"","ast-featured-img":"","footer-sml-layout":"","theme-transparent-header-meta":"","adv-header-id-meta":"","stick-header-meta":"","header-above-stick-meta":"","header-main-stick-meta":"","header-below-stick-meta":"","astra-migrate-meta-layouts":"set","ast-page-background-enabled":"default","ast-page-background-meta":{"desktop":{"background-color":"var(--ast-global-color-5)","background-image":"","background-repeat":"repeat","background-position":"center center","background-size":"auto","background-attachment":"scroll","background-type":"","background-media":"","overlay-type":"","overlay-color":"","overlay-opacity":"","overlay-gradient":""},"tablet":{"background-color":"","background-image":"","background-repeat":"repeat","background-position":"center center","background-size":"auto","background-attachment":"scroll","background-type":"","background-media":"","overlay-type":"","overlay-color":"","overlay-opacity":"","overlay-gradient":""},"mobile":{"background-color":"","background-image":"","background-repeat":"repeat","background-position":"center center","background-size":"auto","background-attachment":"scroll","background-type":"","background-media":"","overlay-type":"","overlay-color":"","overlay-opacity":"","overlay-gradient":""}},"ast-content-background-meta":{"desktop":{"background-color":"var(--ast-global-color-4)","background-image":"","background-repeat":"repeat","background-position":"center center","background-size":"auto","background-attachment":"scroll","background-type":"","background-media":"","overlay-type":"","overlay-color":"","overlay-opacity":"","overlay-gradient":""},"tablet":{"background-color":"var(--ast-global-color-4)","background-image":"","background-repeat":"repeat","background-position":"center center","background-size":"auto","background-attachment":"scroll","background-type":"","background-media":"","overlay-type":"","overlay-color":"","overlay-opacity":"","overlay-gradient":""},"mobile":{"background-color":"var(--ast-global-color-4)","background-image":"","background-repeat":"repeat","background-position":"center center","background-size":"auto","background-attachment":"scroll","background-type":"","background-media":"","overlay-type":"","overlay-color":"","overlay-opacity":"","overlay-gradient":""}},"footnotes":""},"class_list":["post-3725","page","type-page","status-publish","hentry"],"post_mailing_queue_ids":[],"_links":{"self":[{"href":"https:\/\/agora.xtec.cat\/ceipescursell-ripollet\/wp-json\/wp\/v2\/pages\/3725","targetHints":{"allow":["GET"]}}],"collection":[{"href":"https:\/\/agora.xtec.cat\/ceipescursell-ripollet\/wp-json\/wp\/v2\/pages"}],"about":[{"href":"https:\/\/agora.xtec.cat\/ceipescursell-ripollet\/wp-json\/wp\/v2\/types\/page"}],"author":[{"embeddable":true,"href":"https:\/\/agora.xtec.cat\/ceipescursell-ripollet\/wp-json\/wp\/v2\/users\/1"}],"replies":[{"embeddable":true,"href":"https:\/\/agora.xtec.cat\/ceipescursell-ripollet\/wp-json\/wp\/v2\/comments?post=3725"}],"version-history":[{"count":6,"href":"https:\/\/agora.xtec.cat\/ceipescursell-ripollet\/wp-json\/wp\/v2\/pages\/3725\/revisions"}],"predecessor-version":[{"id":4284,"href":"https:\/\/agora.xtec.cat\/ceipescursell-ripollet\/wp-json\/wp\/v2\/pages\/3725\/revisions\/4284"}],"up":[{"embeddable":true,"href":"https:\/\/agora.xtec.cat\/ceipescursell-ripollet\/wp-json\/wp\/v2\/pages\/2822"}],"wp:attachment":[{"href":"https:\/\/agora.xtec.cat\/ceipescursell-ripollet\/wp-json\/wp\/v2\/media?parent=3725"}],"curies":[{"name":"wp","href":"https:\/\/api.w.org\/{rel}","templated":true}]}}