{"id":2970,"date":"2025-11-27T09:40:29","date_gmt":"2025-11-27T08:40:29","guid":{"rendered":"https:\/\/agora.xtec.cat\/ceipescursell-ripollet\/?page_id=2970"},"modified":"2025-11-28T10:34:35","modified_gmt":"2025-11-28T09:34:35","slug":"consciencia-fonologica","status":"publish","type":"page","link":"https:\/\/agora.xtec.cat\/ceipescursell-ripollet\/important\/comunitat-de-petits-2\/consciencia-fonologica\/","title":{"rendered":"Consci\u00e8ncia fonol\u00f2gica"},"content":{"rendered":"\n<p>A la Comunitat de Petits treballem la consci\u00e8ncia fonol\u00f2gica de manera sistem\u00e0tica, ja que \u00e9s una habilitat clau per garantir un bon inici en el proc\u00e9s de lectura i escriptura. A trav\u00e9s d\u2019activitats en <a href=\"https:\/\/agora.xtec.cat\/ceipescursell-ripollet\/important\/comunitat-de-petits-2\/la-rotllana\/\">rotllana<\/a>, planificades i progressives, ajudem els infants a prendre consci\u00e8ncia dels sons que formen les paraules i a desenvolupar la capacitat d\u2019identificar, discriminar i manipular aquests sons.<\/p>\n\n\n\n<p>Aquest treball inclou activitats de discriminaci\u00f3 auditiva, jocs d\u2019assimilaci\u00f3 de rimes, reconeixement de s\u00edl\u00b7labes, segmentaci\u00f3 i fusi\u00f3 de sons, entre d\u2019altres propostes. La repetici\u00f3 i la const\u00e0ncia s\u00f3n essencials perqu\u00e8 els nens i nenes puguin construir una base s\u00f2lida que els permeti, m\u00e9s endavant, relacionar els sons amb les grafies i iniciar-se en la lectura i l\u2019escriptura amb seguretat.<\/p>\n\n\n\n<p>Treballar la consci\u00e8ncia fonol\u00f2gica des de ben petits no nom\u00e9s afavoreix l\u2019aprenentatge del codi escrit, sin\u00f3 que tamb\u00e9 potencia el llenguatge oral, la mem\u00f2ria auditiva i l\u2019atenci\u00f3. Per aix\u00f2 considerem fonamental dedicar-hi un temps espec\u00edfic i estructurat dins de la nostra programaci\u00f3, assegurant que tots els infants comptin amb els suports necessaris per avan\u00e7ar en aquest proc\u00e9s de manera positiva.<\/p>\n\n\n\n<div class=\"wp-block-columns is-layout-flex wp-container-core-columns-is-layout-1 wp-block-columns-is-layout-flex\" style=\"padding-top:0;padding-bottom:0\">\n<div class=\"wp-block-column is-layout-flow wp-block-column-is-layout-flow\">\n<figure class=\"wp-block-image size-large\"><a href=\"https:\/\/agora.xtec.cat\/ceipescursell-ripollet\/wp-content\/uploads\/usu1663\/2025\/11\/Consciencia-fonologica-4.jpg\"><img loading=\"lazy\" decoding=\"async\" width=\"1024\" height=\"768\" src=\"https:\/\/agora.xtec.cat\/ceipescursell-ripollet\/wp-content\/uploads\/usu1663\/2025\/11\/Consciencia-fonologica-4-1024x768.jpg\" alt=\"\" class=\"wp-image-2978\" srcset=\"https:\/\/agora.xtec.cat\/ceipescursell-ripollet\/wp-content\/uploads\/usu1663\/2025\/11\/Consciencia-fonologica-4-1024x768.jpg 1024w, https:\/\/agora.xtec.cat\/ceipescursell-ripollet\/wp-content\/uploads\/usu1663\/2025\/11\/Consciencia-fonologica-4-300x225.jpg 300w, https:\/\/agora.xtec.cat\/ceipescursell-ripollet\/wp-content\/uploads\/usu1663\/2025\/11\/Consciencia-fonologica-4-768x576.jpg 768w, https:\/\/agora.xtec.cat\/ceipescursell-ripollet\/wp-content\/uploads\/usu1663\/2025\/11\/Consciencia-fonologica-4-1536x1152.jpg 1536w, https:\/\/agora.xtec.cat\/ceipescursell-ripollet\/wp-content\/uploads\/usu1663\/2025\/11\/Consciencia-fonologica-4.jpg 2000w\" sizes=\"auto, (max-width: 1024px) 100vw, 1024px\" \/><\/a><\/figure>\n<\/div>\n\n\n\n<div class=\"wp-block-column is-layout-flow wp-block-column-is-layout-flow\">\n<figure class=\"wp-block-image size-large\"><a href=\"https:\/\/agora.xtec.cat\/ceipescursell-ripollet\/wp-content\/uploads\/usu1663\/2025\/11\/Consciencia-Fonologica-2.jpg\"><img loading=\"lazy\" decoding=\"async\" width=\"1024\" height=\"768\" src=\"https:\/\/agora.xtec.cat\/ceipescursell-ripollet\/wp-content\/uploads\/usu1663\/2025\/11\/Consciencia-Fonologica-2-1024x768.jpg\" alt=\"\" class=\"wp-image-2964\" srcset=\"https:\/\/agora.xtec.cat\/ceipescursell-ripollet\/wp-content\/uploads\/usu1663\/2025\/11\/Consciencia-Fonologica-2-1024x768.jpg 1024w, https:\/\/agora.xtec.cat\/ceipescursell-ripollet\/wp-content\/uploads\/usu1663\/2025\/11\/Consciencia-Fonologica-2-300x225.jpg 300w, https:\/\/agora.xtec.cat\/ceipescursell-ripollet\/wp-content\/uploads\/usu1663\/2025\/11\/Consciencia-Fonologica-2-768x576.jpg 768w, https:\/\/agora.xtec.cat\/ceipescursell-ripollet\/wp-content\/uploads\/usu1663\/2025\/11\/Consciencia-Fonologica-2-1536x1152.jpg 1536w, https:\/\/agora.xtec.cat\/ceipescursell-ripollet\/wp-content\/uploads\/usu1663\/2025\/11\/Consciencia-Fonologica-2.jpg 2000w\" sizes=\"auto, (max-width: 1024px) 100vw, 1024px\" \/><\/a><\/figure>\n<\/div>\n\n\n\n<div class=\"wp-block-column is-layout-flow wp-block-column-is-layout-flow\">\n<figure class=\"wp-block-image size-large\"><a href=\"https:\/\/agora.xtec.cat\/ceipescursell-ripollet\/wp-content\/uploads\/usu1663\/2025\/11\/Consciencia-Fonologica-1.jpg\"><img loading=\"lazy\" decoding=\"async\" width=\"1024\" height=\"768\" src=\"https:\/\/agora.xtec.cat\/ceipescursell-ripollet\/wp-content\/uploads\/usu1663\/2025\/11\/Consciencia-Fonologica-1-1024x768.jpg\" alt=\"\" class=\"wp-image-2965\" srcset=\"https:\/\/agora.xtec.cat\/ceipescursell-ripollet\/wp-content\/uploads\/usu1663\/2025\/11\/Consciencia-Fonologica-1-1024x768.jpg 1024w, https:\/\/agora.xtec.cat\/ceipescursell-ripollet\/wp-content\/uploads\/usu1663\/2025\/11\/Consciencia-Fonologica-1-300x225.jpg 300w, https:\/\/agora.xtec.cat\/ceipescursell-ripollet\/wp-content\/uploads\/usu1663\/2025\/11\/Consciencia-Fonologica-1-768x576.jpg 768w, https:\/\/agora.xtec.cat\/ceipescursell-ripollet\/wp-content\/uploads\/usu1663\/2025\/11\/Consciencia-Fonologica-1-1536x1152.jpg 1536w, https:\/\/agora.xtec.cat\/ceipescursell-ripollet\/wp-content\/uploads\/usu1663\/2025\/11\/Consciencia-Fonologica-1.jpg 2000w\" sizes=\"auto, (max-width: 1024px) 100vw, 1024px\" \/><\/a><\/figure>\n<\/div>\n<\/div>\n","protected":false},"excerpt":{"rendered":"<p>A la Comunitat de Petits treballem la consci\u00e8ncia fonol\u00f2gica de manera sistem\u00e0tica, ja que \u00e9s una habilitat clau per garantir un bon inici en el proc\u00e9s de lectura i escriptura. A trav\u00e9s d\u2019activitats en rotllana, planificades i progressives, ajudem els infants a prendre consci\u00e8ncia dels sons que formen les paraules i a desenvolupar la capacitat [&hellip;]<\/p>\n","protected":false},"author":1,"featured_media":0,"parent":2819,"menu_order":4,"comment_status":"closed","ping_status":"closed","template":"","meta":{"_bbp_topic_count":0,"_bbp_reply_count":0,"_bbp_total_topic_count":0,"_bbp_total_reply_count":0,"_bbp_voice_count":0,"_bbp_anonymous_reply_count":0,"_bbp_topic_count_hidden":0,"_bbp_reply_count_hidden":0,"_bbp_forum_subforum_count":0,"site-sidebar-layout":"default","site-content-layout":"","ast-site-content-layout":"default","site-content-style":"default","site-sidebar-style":"default","ast-global-header-display":"","ast-banner-title-visibility":"","ast-main-header-display":"","ast-hfb-above-header-display":"","ast-hfb-below-header-display":"","ast-hfb-mobile-header-display":"","site-post-title":"","ast-breadcrumbs-content":"","ast-featured-img":"","footer-sml-layout":"","theme-transparent-header-meta":"","adv-header-id-meta":"","stick-header-meta":"","header-above-stick-meta":"","header-main-stick-meta":"","header-below-stick-meta":"","astra-migrate-meta-layouts":"set","ast-page-background-enabled":"default","ast-page-background-meta":{"desktop":{"background-color":"var(--ast-global-color-5)","background-image":"","background-repeat":"repeat","background-position":"center center","background-size":"auto","background-attachment":"scroll","background-type":"","background-media":"","overlay-type":"","overlay-color":"","overlay-opacity":"","overlay-gradient":""},"tablet":{"background-color":"","background-image":"","background-repeat":"repeat","background-position":"center center","background-size":"auto","background-attachment":"scroll","background-type":"","background-media":"","overlay-type":"","overlay-color":"","overlay-opacity":"","overlay-gradient":""},"mobile":{"background-color":"","background-image":"","background-repeat":"repeat","background-position":"center center","background-size":"auto","background-attachment":"scroll","background-type":"","background-media":"","overlay-type":"","overlay-color":"","overlay-opacity":"","overlay-gradient":""}},"ast-content-background-meta":{"desktop":{"background-color":"var(--ast-global-color-4)","background-image":"","background-repeat":"repeat","background-position":"center center","background-size":"auto","background-attachment":"scroll","background-type":"","background-media":"","overlay-type":"","overlay-color":"","overlay-opacity":"","overlay-gradient":""},"tablet":{"background-color":"var(--ast-global-color-4)","background-image":"","background-repeat":"repeat","background-position":"center center","background-size":"auto","background-attachment":"scroll","background-type":"","background-media":"","overlay-type":"","overlay-color":"","overlay-opacity":"","overlay-gradient":""},"mobile":{"background-color":"var(--ast-global-color-4)","background-image":"","background-repeat":"repeat","background-position":"center center","background-size":"auto","background-attachment":"scroll","background-type":"","background-media":"","overlay-type":"","overlay-color":"","overlay-opacity":"","overlay-gradient":""}},"footnotes":""},"class_list":["post-2970","page","type-page","status-publish","hentry"],"post_mailing_queue_ids":[],"_links":{"self":[{"href":"https:\/\/agora.xtec.cat\/ceipescursell-ripollet\/wp-json\/wp\/v2\/pages\/2970","targetHints":{"allow":["GET"]}}],"collection":[{"href":"https:\/\/agora.xtec.cat\/ceipescursell-ripollet\/wp-json\/wp\/v2\/pages"}],"about":[{"href":"https:\/\/agora.xtec.cat\/ceipescursell-ripollet\/wp-json\/wp\/v2\/types\/page"}],"author":[{"embeddable":true,"href":"https:\/\/agora.xtec.cat\/ceipescursell-ripollet\/wp-json\/wp\/v2\/users\/1"}],"replies":[{"embeddable":true,"href":"https:\/\/agora.xtec.cat\/ceipescursell-ripollet\/wp-json\/wp\/v2\/comments?post=2970"}],"version-history":[{"count":6,"href":"https:\/\/agora.xtec.cat\/ceipescursell-ripollet\/wp-json\/wp\/v2\/pages\/2970\/revisions"}],"predecessor-version":[{"id":3157,"href":"https:\/\/agora.xtec.cat\/ceipescursell-ripollet\/wp-json\/wp\/v2\/pages\/2970\/revisions\/3157"}],"up":[{"embeddable":true,"href":"https:\/\/agora.xtec.cat\/ceipescursell-ripollet\/wp-json\/wp\/v2\/pages\/2819"}],"wp:attachment":[{"href":"https:\/\/agora.xtec.cat\/ceipescursell-ripollet\/wp-json\/wp\/v2\/media?parent=2970"}],"curies":[{"name":"wp","href":"https:\/\/api.w.org\/{rel}","templated":true}]}}

Consciència fonològica

<p>A la Comunitat de Petits treballem la consciència fonològica de manera sistemàtica, ja que és una habilitat clau per garantir un bon inici en el procés de lectura i escriptura. A través d’activitats en <a href="https://agora.xtec.cat/ceipescursell-ripollet/important/comunitat-de-petits-2/la-rotllana/">rotllana</a>, planificades i progressives, ajudem els infants a prendre consciència dels sons que formen les paraules i a desenvolupar la capacitat d’identificar, discriminar i manipular aquests sons.</p>



<p>Aquest treball inclou activitats de discriminació auditiva, jocs d’assimilació de rimes, reconeixement de síl·labes, segmentació i fusió de sons, entre d’altres propostes. La repetició i la constància són essencials perquè els nens i nenes puguin construir una base sòlida que els permeti, més endavant, relacionar els sons amb les grafies i iniciar-se en la lectura i l’escriptura amb seguretat.</p>



<p>Treballar la consciència fonològica des de ben petits no només afavoreix l’aprenentatge del codi escrit, sinó que també potencia el llenguatge oral, la memòria auditiva i l’atenció. Per això considerem fonamental dedicar-hi un temps específic i estructurat dins de la nostra programació, assegurant que tots els infants comptin amb els suports necessaris per avançar en aquest procés de manera positiva.</p>



<div class="wp-block-columns is-layout-flex wp-container-core-columns-is-layout-1 wp-block-columns-is-layout-flex" style="padding-top:0;padding-bottom:0">
<div class="wp-block-column is-layout-flow wp-block-column-is-layout-flow">
<figure class="wp-block-image size-large"><a href="https://agora.xtec.cat/ceipescursell-ripollet/wp-content/uploads/usu1663/2025/11/Consciencia-fonologica-4.jpg"><img loading="lazy" decoding="async" width="1024" height="768" src="https://agora.xtec.cat/ceipescursell-ripollet/wp-content/uploads/usu1663/2025/11/Consciencia-fonologica-4-1024x768.jpg" alt="" class="wp-image-2978" srcset="https://agora.xtec.cat/ceipescursell-ripollet/wp-content/uploads/usu1663/2025/11/Consciencia-fonologica-4-1024x768.jpg 1024w, https://agora.xtec.cat/ceipescursell-ripollet/wp-content/uploads/usu1663/2025/11/Consciencia-fonologica-4-300x225.jpg 300w, https://agora.xtec.cat/ceipescursell-ripollet/wp-content/uploads/usu1663/2025/11/Consciencia-fonologica-4-768x576.jpg 768w, https://agora.xtec.cat/ceipescursell-ripollet/wp-content/uploads/usu1663/2025/11/Consciencia-fonologica-4-1536x1152.jpg 1536w, https://agora.xtec.cat/ceipescursell-ripollet/wp-content/uploads/usu1663/2025/11/Consciencia-fonologica-4.jpg 2000w" sizes="auto, (max-width: 1024px) 100vw, 1024px" /></a></figure>
</div>



<div class="wp-block-column is-layout-flow wp-block-column-is-layout-flow">
<figure class="wp-block-image size-large"><a href="https://agora.xtec.cat/ceipescursell-ripollet/wp-content/uploads/usu1663/2025/11/Consciencia-Fonologica-2.jpg"><img loading="lazy" decoding="async" width="1024" height="768" src="https://agora.xtec.cat/ceipescursell-ripollet/wp-content/uploads/usu1663/2025/11/Consciencia-Fonologica-2-1024x768.jpg" alt="" class="wp-image-2964" srcset="https://agora.xtec.cat/ceipescursell-ripollet/wp-content/uploads/usu1663/2025/11/Consciencia-Fonologica-2-1024x768.jpg 1024w, https://agora.xtec.cat/ceipescursell-ripollet/wp-content/uploads/usu1663/2025/11/Consciencia-Fonologica-2-300x225.jpg 300w, https://agora.xtec.cat/ceipescursell-ripollet/wp-content/uploads/usu1663/2025/11/Consciencia-Fonologica-2-768x576.jpg 768w, https://agora.xtec.cat/ceipescursell-ripollet/wp-content/uploads/usu1663/2025/11/Consciencia-Fonologica-2-1536x1152.jpg 1536w, https://agora.xtec.cat/ceipescursell-ripollet/wp-content/uploads/usu1663/2025/11/Consciencia-Fonologica-2.jpg 2000w" sizes="auto, (max-width: 1024px) 100vw, 1024px" /></a></figure>
</div>



<div class="wp-block-column is-layout-flow wp-block-column-is-layout-flow">
<figure class="wp-block-image size-large"><a href="https://agora.xtec.cat/ceipescursell-ripollet/wp-content/uploads/usu1663/2025/11/Consciencia-Fonologica-1.jpg"><img loading="lazy" decoding="async" width="1024" height="768" src="https://agora.xtec.cat/ceipescursell-ripollet/wp-content/uploads/usu1663/2025/11/Consciencia-Fonologica-1-1024x768.jpg" alt="" class="wp-image-2965" srcset="https://agora.xtec.cat/ceipescursell-ripollet/wp-content/uploads/usu1663/2025/11/Consciencia-Fonologica-1-1024x768.jpg 1024w, https://agora.xtec.cat/ceipescursell-ripollet/wp-content/uploads/usu1663/2025/11/Consciencia-Fonologica-1-300x225.jpg 300w, https://agora.xtec.cat/ceipescursell-ripollet/wp-content/uploads/usu1663/2025/11/Consciencia-Fonologica-1-768x576.jpg 768w, https://agora.xtec.cat/ceipescursell-ripollet/wp-content/uploads/usu1663/2025/11/Consciencia-Fonologica-1-1536x1152.jpg 1536w, https://agora.xtec.cat/ceipescursell-ripollet/wp-content/uploads/usu1663/2025/11/Consciencia-Fonologica-1.jpg 2000w" sizes="auto, (max-width: 1024px) 100vw, 1024px" /></a></figure>
</div>
</div>

<p>A la Comunitat de Petits treballem la consciència fonològica de manera sistemàtica, ja que és una habilitat clau per garantir un bon inici en el procés de lectura i escriptura. A través d’activitats en rotllana, planificades i progressives, ajudem els infants a prendre consciència dels sons que formen les paraules i a desenvolupar la capacitat [&hellip;]</p>
