{"id":2215,"date":"2023-09-08T10:56:22","date_gmt":"2023-09-08T08:56:22","guid":{"rendered":"https:\/\/agora.xtec.cat\/ceipescursell-ripollet\/?page_id=2215"},"modified":"2025-11-28T09:27:46","modified_gmt":"2025-11-28T08:27:46","slug":"tecnica-integracio-social-ins","status":"publish","type":"page","link":"https:\/\/agora.xtec.cat\/ceipescursell-ripollet\/lescola\/documents\/tecnica-integracio-social-ins\/","title":{"rendered":"Programa T\u00e8cnic\/a Integraci\u00f3 Social (TIS)"},"content":{"rendered":"<p><strong>Programa T\u00e8cnics d\u2019integraci\u00f3 social i educadors socials.<\/strong><\/p>\n<p><img loading=\"lazy\" decoding=\"async\" class=\"alignleft size-medium wp-image-2326\" src=\"https:\/\/agora.xtec.cat\/ceipescursell-ripollet\/wp-content\/uploads\/usu1663\/2024\/04\/Captura-de-pantalla-2024-04-11-125839-300x76.jpg\" alt=\"\" width=\"300\" height=\"76\" srcset=\"https:\/\/agora.xtec.cat\/ceipescursell-ripollet\/wp-content\/uploads\/usu1663\/2024\/04\/Captura-de-pantalla-2024-04-11-125839-300x76.jpg 300w, https:\/\/agora.xtec.cat\/ceipescursell-ripollet\/wp-content\/uploads\/usu1663\/2024\/04\/Captura-de-pantalla-2024-04-11-125839.jpg 642w\" sizes=\"auto, (max-width: 300px) 100vw, 300px\" \/><\/p>\n<p>El centre <strong>Escola Francesc Escursell i Bartalot<\/strong> disposa de professionals d\u2019atenci\u00f3 educativa amb la finalitat de garantir l\u2019equitat en l\u2019acc\u00e9s a l\u2019educaci\u00f3: <strong>T\u00e8cnic d\u2019integraci\u00f3 social.<\/strong><\/p>\n<p>En el marc del Pacte contra la segregaci\u00f3 escolar de Catalunya, el curs 2020-2021 el Pla de Millora de les oportunitats educatives incorpora t\u00e8cnics d&#8217;integraci\u00f3 social i educadors socials als centres de m\u00e9s complexitat el 2 d&#8217;agost de 2022 s&#8217;aprova el Programa temporal cofinan\u00e7at per la Uni\u00f3 Europea que t\u00e9 per objecte suplementar amb professionals d&#8217;atenci\u00f3 educativa l&#8217;activitat que es presta en els centres docents que conformen un entorn de complexitat, amb la finalitat de garantir l&#8217;equitat en l&#8217;acc\u00e9s a l&#8217;educaci\u00f3.<\/p>\n<p>La contractaci\u00f3 d\u2019aquests professionals est\u00e0 cofinan\u00e7at en un 40% per la Uni\u00f3 Europea i la resta pel Departament d\u2019Educaci\u00f3 aix\u00f2 comporta el compliment d\u2019unes mesures de publicitat i comunicaci\u00f3.<\/p>\n<p>La incorporaci\u00f3 de t\u00e8cnics d\u2019integraci\u00f3 social i educador socials t\u00e9 com a objecte suplementar amb professionals d&#8217;atenci\u00f3 educativa l&#8217;activitat que es presta en els centres docents, amb la finalitat de garantir l&#8217;equitat en l&#8217;acc\u00e9s a l\u2019educaci\u00f3.<\/p>\n<p>Els objectius del <strong>Programa de t\u00e8cnics d\u2019integraci\u00f3 social i els educadors socials cofinan\u00e7at per la Uni\u00f3 Europea<\/strong> s\u00f3n:<\/p>\n<p>&#8211; Prevenir l&#8217;abandonament prematur i el frac\u00e0s escolar.<br \/>\n&#8211; <strong> Procurar el benestar emocional dels alumnes.<\/strong><br \/>\n&#8211; <strong> Facilitar una bona conviv\u00e8ncia en els centres educatius.<\/strong><br \/>\n&#8211; Contribuir a l&#8217;orientaci\u00f3 dels alumnes.<br \/>\n&#8211; <strong> Fomentar la implicaci\u00f3 de les fam\u00edlies. <\/strong><br \/>\n&#8211; Fomentar el vincle entre l&#8217;escola i el seu entorn.<br \/>\n&#8211; Contribuir al desenvolupament de plans d&#8217;\u00e0mbit comunitari.<br \/>\n&#8211; Reduir l&#8217;absentisme escolar.<\/p>\n<p><a href=\"https:\/\/agora.xtec.cat\/ceipescursell-ripollet\/wp-content\/uploads\/usu1663\/2023\/09\/Publicacio-web-del-centre-1.pdf\">Programa T\u00e8cnics d&#8217;Integraci\u00f3 Social<\/a><\/p>\n","protected":false},"excerpt":{"rendered":"<p>Programa T\u00e8cnics d\u2019integraci\u00f3 social i educadors socials. El centre Escola Francesc Escursell i Bartalot disposa de professionals d\u2019atenci\u00f3 educativa amb la finalitat de garantir l\u2019equitat en l\u2019acc\u00e9s a l\u2019educaci\u00f3: T\u00e8cnic d\u2019integraci\u00f3 social. En el marc del Pacte contra la segregaci\u00f3 escolar de Catalunya, el curs 2020-2021 el Pla de Millora de les oportunitats educatives incorpora [&hellip;]<\/p>\n","protected":false},"author":1,"featured_media":0,"parent":2692,"menu_order":9,"comment_status":"closed","ping_status":"closed","template":"","meta":{"_bbp_topic_count":0,"_bbp_reply_count":0,"_bbp_total_topic_count":0,"_bbp_total_reply_count":0,"_bbp_voice_count":0,"_bbp_anonymous_reply_count":0,"_bbp_topic_count_hidden":0,"_bbp_reply_count_hidden":0,"_bbp_forum_subforum_count":0,"site-sidebar-layout":"default","site-content-layout":"","ast-site-content-layout":"default","site-content-style":"default","site-sidebar-style":"default","ast-global-header-display":"","ast-banner-title-visibility":"","ast-main-header-display":"","ast-hfb-above-header-display":"","ast-hfb-below-header-display":"","ast-hfb-mobile-header-display":"","site-post-title":"","ast-breadcrumbs-content":"","ast-featured-img":"","footer-sml-layout":"","theme-transparent-header-meta":"","adv-header-id-meta":"","stick-header-meta":"","header-above-stick-meta":"","header-main-stick-meta":"","header-below-stick-meta":"","astra-migrate-meta-layouts":"set","ast-page-background-enabled":"default","ast-page-background-meta":{"desktop":{"background-color":"var(--ast-global-color-5)","background-image":"","background-repeat":"repeat","background-position":"center center","background-size":"auto","background-attachment":"scroll","background-type":"","background-media":"","overlay-type":"","overlay-color":"","overlay-opacity":"","overlay-gradient":""},"tablet":{"background-color":"","background-image":"","background-repeat":"repeat","background-position":"center center","background-size":"auto","background-attachment":"scroll","background-type":"","background-media":"","overlay-type":"","overlay-color":"","overlay-opacity":"","overlay-gradient":""},"mobile":{"background-color":"","background-image":"","background-repeat":"repeat","background-position":"center center","background-size":"auto","background-attachment":"scroll","background-type":"","background-media":"","overlay-type":"","overlay-color":"","overlay-opacity":"","overlay-gradient":""}},"ast-content-background-meta":{"desktop":{"background-color":"var(--ast-global-color-4)","background-image":"","background-repeat":"repeat","background-position":"center center","background-size":"auto","background-attachment":"scroll","background-type":"","background-media":"","overlay-type":"","overlay-color":"","overlay-opacity":"","overlay-gradient":""},"tablet":{"background-color":"var(--ast-global-color-4)","background-image":"","background-repeat":"repeat","background-position":"center center","background-size":"auto","background-attachment":"scroll","background-type":"","background-media":"","overlay-type":"","overlay-color":"","overlay-opacity":"","overlay-gradient":""},"mobile":{"background-color":"var(--ast-global-color-4)","background-image":"","background-repeat":"repeat","background-position":"center center","background-size":"auto","background-attachment":"scroll","background-type":"","background-media":"","overlay-type":"","overlay-color":"","overlay-opacity":"","overlay-gradient":""}},"footnotes":""},"class_list":["post-2215","page","type-page","status-publish","hentry"],"post_mailing_queue_ids":[],"_links":{"self":[{"href":"https:\/\/agora.xtec.cat\/ceipescursell-ripollet\/wp-json\/wp\/v2\/pages\/2215","targetHints":{"allow":["GET"]}}],"collection":[{"href":"https:\/\/agora.xtec.cat\/ceipescursell-ripollet\/wp-json\/wp\/v2\/pages"}],"about":[{"href":"https:\/\/agora.xtec.cat\/ceipescursell-ripollet\/wp-json\/wp\/v2\/types\/page"}],"author":[{"embeddable":true,"href":"https:\/\/agora.xtec.cat\/ceipescursell-ripollet\/wp-json\/wp\/v2\/users\/1"}],"replies":[{"embeddable":true,"href":"https:\/\/agora.xtec.cat\/ceipescursell-ripollet\/wp-json\/wp\/v2\/comments?post=2215"}],"version-history":[{"count":6,"href":"https:\/\/agora.xtec.cat\/ceipescursell-ripollet\/wp-json\/wp\/v2\/pages\/2215\/revisions"}],"predecessor-version":[{"id":3147,"href":"https:\/\/agora.xtec.cat\/ceipescursell-ripollet\/wp-json\/wp\/v2\/pages\/2215\/revisions\/3147"}],"up":[{"embeddable":true,"href":"https:\/\/agora.xtec.cat\/ceipescursell-ripollet\/wp-json\/wp\/v2\/pages\/2692"}],"wp:attachment":[{"href":"https:\/\/agora.xtec.cat\/ceipescursell-ripollet\/wp-json\/wp\/v2\/media?parent=2215"}],"curies":[{"name":"wp","href":"https:\/\/api.w.org\/{rel}","templated":true}]}}

Programa Tècnic/a Integració Social (TIS)

<p><strong>Programa Tècnics d’integració social i educadors socials.</strong></p>
<p><img loading="lazy" decoding="async" class="alignleft size-medium wp-image-2326" src="https://agora.xtec.cat/ceipescursell-ripollet/wp-content/uploads/usu1663/2024/04/Captura-de-pantalla-2024-04-11-125839-300x76.jpg" alt="" width="300" height="76" srcset="https://agora.xtec.cat/ceipescursell-ripollet/wp-content/uploads/usu1663/2024/04/Captura-de-pantalla-2024-04-11-125839-300x76.jpg 300w, https://agora.xtec.cat/ceipescursell-ripollet/wp-content/uploads/usu1663/2024/04/Captura-de-pantalla-2024-04-11-125839.jpg 642w" sizes="auto, (max-width: 300px) 100vw, 300px" /></p>
<p>El centre <strong>Escola Francesc Escursell i Bartalot</strong> disposa de professionals d’atenció educativa amb la finalitat de garantir l’equitat en l’accés a l’educació: <strong>Tècnic d’integració social.</strong></p>
<p>En el marc del Pacte contra la segregació escolar de Catalunya, el curs 2020-2021 el Pla de Millora de les oportunitats educatives incorpora tècnics d&#8217;integració social i educadors socials als centres de més complexitat el 2 d&#8217;agost de 2022 s&#8217;aprova el Programa temporal cofinançat per la Unió Europea que té per objecte suplementar amb professionals d&#8217;atenció educativa l&#8217;activitat que es presta en els centres docents que conformen un entorn de complexitat, amb la finalitat de garantir l&#8217;equitat en l&#8217;accés a l&#8217;educació.</p>
<p>La contractació d’aquests professionals està cofinançat en un 40% per la Unió Europea i la resta pel Departament d’Educació això comporta el compliment d’unes mesures de publicitat i comunicació.</p>
<p>La incorporació de tècnics d’integració social i educador socials té com a objecte suplementar amb professionals d&#8217;atenció educativa l&#8217;activitat que es presta en els centres docents, amb la finalitat de garantir l&#8217;equitat en l&#8217;accés a l’educació.</p>
<p>Els objectius del <strong>Programa de tècnics d’integració social i els educadors socials cofinançat per la Unió Europea</strong> són:</p>
<p>&#8211; Prevenir l&#8217;abandonament prematur i el fracàs escolar.<br />
&#8211; <strong> Procurar el benestar emocional dels alumnes.</strong><br />
&#8211; <strong> Facilitar una bona convivència en els centres educatius.</strong><br />
&#8211; Contribuir a l&#8217;orientació dels alumnes.<br />
&#8211; <strong> Fomentar la implicació de les famílies. </strong><br />
&#8211; Fomentar el vincle entre l&#8217;escola i el seu entorn.<br />
&#8211; Contribuir al desenvolupament de plans d&#8217;àmbit comunitari.<br />
&#8211; Reduir l&#8217;absentisme escolar.</p>
<p><a href="https://agora.xtec.cat/ceipescursell-ripollet/wp-content/uploads/usu1663/2023/09/Publicacio-web-del-centre-1.pdf">Programa Tècnics d&#8217;Integració Social</a></p>

<p>Programa Tècnics d’integració social i educadors socials. El centre Escola Francesc Escursell i Bartalot disposa de professionals d’atenció educativa amb la finalitat de garantir l’equitat en l’accés a l’educació: Tècnic d’integració social. En el marc del Pacte contra la segregació escolar de Catalunya, el curs 2020-2021 el Pla de Millora de les oportunitats educatives incorpora [&hellip;]</p>
