{"id":77,"date":"2014-09-18T14:05:08","date_gmt":"2014-09-18T13:05:08","guid":{"rendered":"http:\/\/agora.xtec.cat\/ceipescolamarina\/?page_id=77"},"modified":"2023-09-08T19:07:00","modified_gmt":"2023-09-08T17:07:00","slug":"acollida","status":"publish","type":"page","link":"https:\/\/agora.xtec.cat\/ceipescolamarina\/serveis\/acollida\/","title":{"rendered":"Acollida mat\u00ed i ludoteca tarda"},"content":{"rendered":"<p><strong>SERVEI D&#8217;ACOLLIDA MAT\u00cd<\/strong><\/p>\n<p>En aquest espai de temps es faran diverses activitats l\u00fadiques, on els nens i les nenes podran gaudir d\u2019un espai d\u2019esbarjo tranquil amb diferents recursos.<\/p>\n<p>Horari de 7:45h a 9h<\/p>\n<p><strong>Monitores:\u00a0<\/strong>Elisa Nicolas,\u00a0Yolanda Rodr\u00edguez, Estela Garrido,\u00a0Sonia Huguet<\/p>\n<p><strong>SERVEI DE LUDOTECA TARDA<\/strong><\/p>\n<p>Espai l\u00fadic formatiu i relacional que cercar\u00e0 el desenvolupament personal dels usuaris a trav\u00e9s del joc i la joguina, treballant valors com la conviv\u00e8ncia i el respecte.<\/p>\n<p><strong>\u00a0<\/strong>Horari de 16:30h a 18h<\/p>\n<p><strong>Monitora:\u00a0<\/strong>Elisa Nicolas<\/p>\n","protected":false},"excerpt":{"rendered":"<p>SERVEI D&#8217;ACOLLIDA MAT\u00cd En aquest espai de temps es faran diverses activitats l\u00fadiques, on els nens i les nenes podran gaudir d\u2019un espai d\u2019esbarjo tranquil amb diferents recursos. Horari de 7:45h a 9h Monitores:\u00a0Elisa Nicolas,\u00a0Yolanda Rodr\u00edguez, Estela Garrido,\u00a0Sonia Huguet SERVEI DE LUDOTECA TARDA Espai l\u00fadic formatiu i relacional que cercar\u00e0 el desenvolupament personal dels usuaris [&hellip;]<\/p>\n","protected":false},"author":1,"featured_media":0,"parent":66,"menu_order":20,"comment_status":"closed","ping_status":"closed","template":"page-templates\/side-menu.php","meta":{"_bbp_topic_count":0,"_bbp_reply_count":0,"_bbp_total_topic_count":0,"_bbp_total_reply_count":0,"_bbp_voice_count":0,"_bbp_anonymous_reply_count":0,"_bbp_topic_count_hidden":0,"_bbp_reply_count_hidden":0,"_bbp_forum_subforum_count":0,"site-sidebar-layout":"default","site-content-layout":"","ast-site-content-layout":"","site-content-style":"default","site-sidebar-style":"default","ast-global-header-display":"","ast-banner-title-visibility":"","ast-main-header-display":"","ast-hfb-above-header-display":"","ast-hfb-below-header-display":"","ast-hfb-mobile-header-display":"","site-post-title":"","ast-breadcrumbs-content":"","ast-featured-img":"","footer-sml-layout":"","theme-transparent-header-meta":"","adv-header-id-meta":"","stick-header-meta":"","header-above-stick-meta":"","header-main-stick-meta":"","header-below-stick-meta":"","astra-migrate-meta-layouts":"default","ast-page-background-enabled":"default","ast-page-background-meta":{"desktop":{"background-color":"var(--ast-global-color-4)","background-image":"","background-repeat":"repeat","background-position":"center center","background-size":"auto","background-attachment":"scroll","background-type":"","background-media":"","overlay-type":"","overlay-color":"","overlay-opacity":"","overlay-gradient":""},"tablet":{"background-color":"","background-image":"","background-repeat":"repeat","background-position":"center center","background-size":"auto","background-attachment":"scroll","background-type":"","background-media":"","overlay-type":"","overlay-color":"","overlay-opacity":"","overlay-gradient":""},"mobile":{"background-color":"","background-image":"","background-repeat":"repeat","background-position":"center center","background-size":"auto","background-attachment":"scroll","background-type":"","background-media":"","overlay-type":"","overlay-color":"","overlay-opacity":"","overlay-gradient":""}},"ast-content-background-meta":{"desktop":{"background-color":"var(--ast-global-color-5)","background-image":"","background-repeat":"repeat","background-position":"center center","background-size":"auto","background-attachment":"scroll","background-type":"","background-media":"","overlay-type":"","overlay-color":"","overlay-opacity":"","overlay-gradient":""},"tablet":{"background-color":"var(--ast-global-color-5)","background-image":"","background-repeat":"repeat","background-position":"center center","background-size":"auto","background-attachment":"scroll","background-type":"","background-media":"","overlay-type":"","overlay-color":"","overlay-opacity":"","overlay-gradient":""},"mobile":{"background-color":"var(--ast-global-color-5)","background-image":"","background-repeat":"repeat","background-position":"center center","background-size":"auto","background-attachment":"scroll","background-type":"","background-media":"","overlay-type":"","overlay-color":"","overlay-opacity":"","overlay-gradient":""}},"footnotes":""},"class_list":["post-77","page","type-page","status-publish","hentry"],"post_mailing_queue_ids":[],"_links":{"self":[{"href":"https:\/\/agora.xtec.cat\/ceipescolamarina\/wp-json\/wp\/v2\/pages\/77","targetHints":{"allow":["GET"]}}],"collection":[{"href":"https:\/\/agora.xtec.cat\/ceipescolamarina\/wp-json\/wp\/v2\/pages"}],"about":[{"href":"https:\/\/agora.xtec.cat\/ceipescolamarina\/wp-json\/wp\/v2\/types\/page"}],"author":[{"embeddable":true,"href":"https:\/\/agora.xtec.cat\/ceipescolamarina\/wp-json\/wp\/v2\/users\/1"}],"replies":[{"embeddable":true,"href":"https:\/\/agora.xtec.cat\/ceipescolamarina\/wp-json\/wp\/v2\/comments?post=77"}],"version-history":[{"count":4,"href":"https:\/\/agora.xtec.cat\/ceipescolamarina\/wp-json\/wp\/v2\/pages\/77\/revisions"}],"predecessor-version":[{"id":5772,"href":"https:\/\/agora.xtec.cat\/ceipescolamarina\/wp-json\/wp\/v2\/pages\/77\/revisions\/5772"}],"up":[{"embeddable":true,"href":"https:\/\/agora.xtec.cat\/ceipescolamarina\/wp-json\/wp\/v2\/pages\/66"}],"wp:attachment":[{"href":"https:\/\/agora.xtec.cat\/ceipescolamarina\/wp-json\/wp\/v2\/media?parent=77"}],"curies":[{"name":"wp","href":"https:\/\/api.w.org\/{rel}","templated":true}]}}