{"id":5321,"date":"2023-01-17T14:03:43","date_gmt":"2023-01-17T13:03:43","guid":{"rendered":"https:\/\/agora.xtec.cat\/ceipescolamarina\/?page_id=5321"},"modified":"2026-01-13T10:25:09","modified_gmt":"2026-01-13T09:25:09","slug":"preinscripcio-i-matricula-2026-27","status":"publish","type":"page","link":"https:\/\/agora.xtec.cat\/ceipescolamarina\/preinscripcio-i-matricula-2026-27\/","title":{"rendered":"Preinscripci\u00f3 i matr\u00edcula pel curs 2026-27"},"content":{"rendered":"<p>En aquest apartat trobareu informaci\u00f3 relacionada amb el proc\u00e9s de preinscripci\u00f3 i matr\u00edcula i sobre les Portes Obertes.<\/p>\n<header class=\"entry-header \">\n<h1 class=\"entry-title\">Portes Obertes<\/h1>\n<\/header>\n<div class=\"entry-content clear\">\n<div>\n<p>Properament realitzarem un parell de sessions de portes obertes, orientades a les fam\u00edlies de nova matr\u00edcula.<\/p>\n<ul>\n<li><strong>Divendres 27 de febrer, a les 9:15h<\/strong>. Farem una sessi\u00f3 dins de l\u2019horari per tal que pugueu veure l\u2019escola en funcionament.<\/li>\n<li><strong>Dissabte 28 de febrer, a les 11h.\u00a0<\/strong>Realitzarem un recorregut per l\u2019escola on podreu veure les instal\u00b7lacions i realitzarem una xerrada per explicar-vos en nostre projecte educatiu i resoldre els vostres dubtes.<\/li>\n<\/ul>\n<p>Les dues sessions s\u00f3n complement\u00e0ries i podeu assistir a les dues.<\/p>\n<p>Per tal de reservar pla\u00e7a, us demanem que ompliu aquest formulari i ens faciliteu les vostres dades de contacte.<\/p>\n<table>\n<tbody>\n<tr>\n<td>\n<h5><a href=\"https:\/\/forms.gle\/CGAsKqbUpYHDaTmj6\" target=\"_blank\" rel=\"noopener\" data-saferedirecturl=\"https:\/\/www.google.com\/url?q=https:\/\/forms.gle\/CGAsKqbUpYHDaTmj6&amp;source=gmail&amp;ust=1705390962136000&amp;usg=AOvVaw28CFRCMys9K3rb8Ck1eFLQ\"><strong>\u00a0E N L L A \u00c7\u00a0 \u00a0 \u00a0A L\u00a0 \u00a0 \u00a0F O R M U L A R I<\/strong><\/a><\/h5>\n<\/td>\n<\/tr>\n<\/tbody>\n<\/table>\n<h5>Posem a la vostra disposici\u00f3 l\u2019adre\u00e7a de correu seg\u00fcent per si necessiteu contactar amb nosaltres:\u00a0\u00a0\u00a0<a href=\"mailto:preinscripcio@escolamarina.cat\" target=\"_blank\" rel=\"noopener\">preinscripcio@escolamarina.<wbr \/>cat<\/a><\/h5>\n<\/div>\n<\/div>\n<p>Moltes gr\u00e0cies pel vostre inter\u00e8s.<\/p>\n<p><a href=\"https:\/\/agora.xtec.cat\/ceipescolamarina\/wp-content\/uploads\/usu1421\/2026\/01\/cercles-colors-3-e1768296032456.png\"><img loading=\"lazy\" decoding=\"async\" class=\" wp-image-7537 alignright\" src=\"https:\/\/agora.xtec.cat\/ceipescolamarina\/wp-content\/uploads\/usu1421\/2026\/01\/cercles-colors-3-e1768296032456.png\" alt=\"\" width=\"189\" height=\"117\" srcset=\"https:\/\/agora.xtec.cat\/ceipescolamarina\/wp-content\/uploads\/usu1421\/2026\/01\/cercles-colors-3-e1768296032456.png 883w, https:\/\/agora.xtec.cat\/ceipescolamarina\/wp-content\/uploads\/usu1421\/2026\/01\/cercles-colors-3-e1768296032456-300x186.png 300w, https:\/\/agora.xtec.cat\/ceipescolamarina\/wp-content\/uploads\/usu1421\/2026\/01\/cercles-colors-3-e1768296032456-768x477.png 768w\" sizes=\"auto, (max-width: 189px) 100vw, 189px\" \/><\/a><\/p>\n<p>Si voleu, podeu consultar l&#8217;apartat <a href=\"https:\/\/agora.xtec.cat\/ceipescolamarina\/preinscripcio-i-matricula-2026-27\/informacio\/\" target=\"_blank\" rel=\"noopener\">Calendari i Publicaci\u00f3 de llistats<\/a><\/p>\n<p style=\"text-align: right;\">data actualitzaci\u00f3 13.01.26<\/p>\n","protected":false},"excerpt":{"rendered":"<p>En aquest apartat trobareu informaci\u00f3 relacionada amb el proc\u00e9s de preinscripci\u00f3 i matr\u00edcula i sobre les Portes Obertes. Portes Obertes Properament realitzarem un parell de sessions de portes obertes, orientades a les fam\u00edlies de nova matr\u00edcula. Divendres 27 de febrer, a les 9:15h. Farem una sessi\u00f3 dins de l\u2019horari per tal que pugueu veure l\u2019escola [&hellip;]<\/p>\n","protected":false},"author":1,"featured_media":0,"parent":0,"menu_order":5,"comment_status":"closed","ping_status":"closed","template":"","meta":{"_bbp_topic_count":0,"_bbp_reply_count":0,"_bbp_total_topic_count":0,"_bbp_total_reply_count":0,"_bbp_voice_count":0,"_bbp_anonymous_reply_count":0,"_bbp_topic_count_hidden":0,"_bbp_reply_count_hidden":0,"_bbp_forum_subforum_count":0,"site-sidebar-layout":"default","site-content-layout":"","ast-site-content-layout":"default","site-content-style":"default","site-sidebar-style":"default","ast-global-header-display":"","ast-banner-title-visibility":"","ast-main-header-display":"","ast-hfb-above-header-display":"","ast-hfb-below-header-display":"","ast-hfb-mobile-header-display":"","site-post-title":"","ast-breadcrumbs-content":"","ast-featured-img":"","footer-sml-layout":"","theme-transparent-header-meta":"default","adv-header-id-meta":"","stick-header-meta":"","header-above-stick-meta":"","header-main-stick-meta":"","header-below-stick-meta":"","astra-migrate-meta-layouts":"set","ast-page-background-enabled":"default","ast-page-background-meta":{"desktop":{"background-color":"var(--ast-global-color-4)","background-image":"","background-repeat":"repeat","background-position":"center center","background-size":"auto","background-attachment":"scroll","background-type":"","background-media":"","overlay-type":"","overlay-color":"","overlay-opacity":"","overlay-gradient":""},"tablet":{"background-color":"","background-image":"","background-repeat":"repeat","background-position":"center center","background-size":"auto","background-attachment":"scroll","background-type":"","background-media":"","overlay-type":"","overlay-color":"","overlay-opacity":"","overlay-gradient":""},"mobile":{"background-color":"","background-image":"","background-repeat":"repeat","background-position":"center center","background-size":"auto","background-attachment":"scroll","background-type":"","background-media":"","overlay-type":"","overlay-color":"","overlay-opacity":"","overlay-gradient":""}},"ast-content-background-meta":{"desktop":{"background-color":"var(--ast-global-color-5)","background-image":"","background-repeat":"repeat","background-position":"center center","background-size":"auto","background-attachment":"scroll","background-type":"","background-media":"","overlay-type":"","overlay-color":"","overlay-opacity":"","overlay-gradient":""},"tablet":{"background-color":"var(--ast-global-color-5)","background-image":"","background-repeat":"repeat","background-position":"center center","background-size":"auto","background-attachment":"scroll","background-type":"","background-media":"","overlay-type":"","overlay-color":"","overlay-opacity":"","overlay-gradient":""},"mobile":{"background-color":"var(--ast-global-color-5)","background-image":"","background-repeat":"repeat","background-position":"center center","background-size":"auto","background-attachment":"scroll","background-type":"","background-media":"","overlay-type":"","overlay-color":"","overlay-opacity":"","overlay-gradient":""}},"footnotes":""},"class_list":["post-5321","page","type-page","status-publish","hentry"],"post_mailing_queue_ids":[],"_links":{"self":[{"href":"https:\/\/agora.xtec.cat\/ceipescolamarina\/wp-json\/wp\/v2\/pages\/5321","targetHints":{"allow":["GET"]}}],"collection":[{"href":"https:\/\/agora.xtec.cat\/ceipescolamarina\/wp-json\/wp\/v2\/pages"}],"about":[{"href":"https:\/\/agora.xtec.cat\/ceipescolamarina\/wp-json\/wp\/v2\/types\/page"}],"author":[{"embeddable":true,"href":"https:\/\/agora.xtec.cat\/ceipescolamarina\/wp-json\/wp\/v2\/users\/1"}],"replies":[{"embeddable":true,"href":"https:\/\/agora.xtec.cat\/ceipescolamarina\/wp-json\/wp\/v2\/comments?post=5321"}],"version-history":[{"count":6,"href":"https:\/\/agora.xtec.cat\/ceipescolamarina\/wp-json\/wp\/v2\/pages\/5321\/revisions"}],"predecessor-version":[{"id":7541,"href":"https:\/\/agora.xtec.cat\/ceipescolamarina\/wp-json\/wp\/v2\/pages\/5321\/revisions\/7541"}],"wp:attachment":[{"href":"https:\/\/agora.xtec.cat\/ceipescolamarina\/wp-json\/wp\/v2\/media?parent=5321"}],"curies":[{"name":"wp","href":"https:\/\/api.w.org\/{rel}","templated":true}]}}