{"id":5315,"date":"2023-01-17T13:48:44","date_gmt":"2023-01-17T12:48:44","guid":{"rendered":"https:\/\/agora.xtec.cat\/ceipescolamarina\/?page_id=5315"},"modified":"2025-11-06T16:32:21","modified_gmt":"2025-11-06T15:32:21","slug":"taller-destudi-assistit","status":"publish","type":"page","link":"https:\/\/agora.xtec.cat\/ceipescolamarina\/serveis\/taller-destudi-assistit\/","title":{"rendered":"Taller d&#8217;Estudi Assistit"},"content":{"rendered":"<p><span style=\"font-weight: 400;\">El <\/span>taller d\u2019estudi assistit<span style=\"font-weight: 400;\"> (TEA) \u00e9s un refor\u00e7 escolar que ofereix l\u2019Ajuntament de Montgat als centres d\u2019educaci\u00f3 de prim\u00e0ria i secund\u00e0ria.\u00a0<\/span><\/p>\n<p><span style=\"font-weight: 400;\">Dona suport a nens i nenes que presenten necessitats educatives, i aix\u00ed els ajuda a millorar els seus resultats acad\u00e8mics.<\/span><\/p>\n<p><span style=\"font-weight: 400;\">Aquest suport es fa en el nostre centre, els dilluns a l\u2019alumnat de 5\u00e8 i els dimecres a l\u2019alumnat de 6\u00e8, en horari de 16.30h a 18.30h.<\/span><\/p>\n","protected":false},"excerpt":{"rendered":"<p>El taller d\u2019estudi assistit (TEA) \u00e9s un refor\u00e7 escolar que ofereix l\u2019Ajuntament de Montgat als centres d\u2019educaci\u00f3 de prim\u00e0ria i secund\u00e0ria.\u00a0 Dona suport a nens i nenes que presenten necessitats educatives, i aix\u00ed els ajuda a millorar els seus resultats acad\u00e8mics. Aquest suport es fa en el nostre centre, els dilluns a l\u2019alumnat de 5\u00e8 [&hellip;]<\/p>\n","protected":false},"author":1,"featured_media":0,"parent":66,"menu_order":40,"comment_status":"closed","ping_status":"closed","template":"","meta":{"_bbp_topic_count":0,"_bbp_reply_count":0,"_bbp_total_topic_count":0,"_bbp_total_reply_count":0,"_bbp_voice_count":0,"_bbp_anonymous_reply_count":0,"_bbp_topic_count_hidden":0,"_bbp_reply_count_hidden":0,"_bbp_forum_subforum_count":0,"site-sidebar-layout":"default","site-content-layout":"","ast-site-content-layout":"default","site-content-style":"default","site-sidebar-style":"default","ast-global-header-display":"","ast-banner-title-visibility":"","ast-main-header-display":"","ast-hfb-above-header-display":"","ast-hfb-below-header-display":"","ast-hfb-mobile-header-display":"","site-post-title":"","ast-breadcrumbs-content":"","ast-featured-img":"","footer-sml-layout":"","theme-transparent-header-meta":"default","adv-header-id-meta":"","stick-header-meta":"","header-above-stick-meta":"","header-main-stick-meta":"","header-below-stick-meta":"","astra-migrate-meta-layouts":"set","ast-page-background-enabled":"default","ast-page-background-meta":{"desktop":{"background-color":"var(--ast-global-color-4)","background-image":"","background-repeat":"repeat","background-position":"center center","background-size":"auto","background-attachment":"scroll","background-type":"","background-media":"","overlay-type":"","overlay-color":"","overlay-opacity":"","overlay-gradient":""},"tablet":{"background-color":"","background-image":"","background-repeat":"repeat","background-position":"center center","background-size":"auto","background-attachment":"scroll","background-type":"","background-media":"","overlay-type":"","overlay-color":"","overlay-opacity":"","overlay-gradient":""},"mobile":{"background-color":"","background-image":"","background-repeat":"repeat","background-position":"center center","background-size":"auto","background-attachment":"scroll","background-type":"","background-media":"","overlay-type":"","overlay-color":"","overlay-opacity":"","overlay-gradient":""}},"ast-content-background-meta":{"desktop":{"background-color":"var(--ast-global-color-5)","background-image":"","background-repeat":"repeat","background-position":"center center","background-size":"auto","background-attachment":"scroll","background-type":"","background-media":"","overlay-type":"","overlay-color":"","overlay-opacity":"","overlay-gradient":""},"tablet":{"background-color":"var(--ast-global-color-5)","background-image":"","background-repeat":"repeat","background-position":"center center","background-size":"auto","background-attachment":"scroll","background-type":"","background-media":"","overlay-type":"","overlay-color":"","overlay-opacity":"","overlay-gradient":""},"mobile":{"background-color":"var(--ast-global-color-5)","background-image":"","background-repeat":"repeat","background-position":"center center","background-size":"auto","background-attachment":"scroll","background-type":"","background-media":"","overlay-type":"","overlay-color":"","overlay-opacity":"","overlay-gradient":""}},"footnotes":""},"class_list":["post-5315","page","type-page","status-publish","hentry"],"post_mailing_queue_ids":[],"_links":{"self":[{"href":"https:\/\/agora.xtec.cat\/ceipescolamarina\/wp-json\/wp\/v2\/pages\/5315","targetHints":{"allow":["GET"]}}],"collection":[{"href":"https:\/\/agora.xtec.cat\/ceipescolamarina\/wp-json\/wp\/v2\/pages"}],"about":[{"href":"https:\/\/agora.xtec.cat\/ceipescolamarina\/wp-json\/wp\/v2\/types\/page"}],"author":[{"embeddable":true,"href":"https:\/\/agora.xtec.cat\/ceipescolamarina\/wp-json\/wp\/v2\/users\/1"}],"replies":[{"embeddable":true,"href":"https:\/\/agora.xtec.cat\/ceipescolamarina\/wp-json\/wp\/v2\/comments?post=5315"}],"version-history":[{"count":4,"href":"https:\/\/agora.xtec.cat\/ceipescolamarina\/wp-json\/wp\/v2\/pages\/5315\/revisions"}],"predecessor-version":[{"id":7321,"href":"https:\/\/agora.xtec.cat\/ceipescolamarina\/wp-json\/wp\/v2\/pages\/5315\/revisions\/7321"}],"up":[{"embeddable":true,"href":"https:\/\/agora.xtec.cat\/ceipescolamarina\/wp-json\/wp\/v2\/pages\/66"}],"wp:attachment":[{"href":"https:\/\/agora.xtec.cat\/ceipescolamarina\/wp-json\/wp\/v2\/media?parent=5315"}],"curies":[{"name":"wp","href":"https:\/\/api.w.org\/{rel}","templated":true}]}}