{"id":481,"date":"2016-07-21T17:13:24","date_gmt":"2016-07-21T15:13:24","guid":{"rendered":"http:\/\/agora.xtec.cat\/ceipescolamarina\/?page_id=481"},"modified":"2023-01-17T20:17:48","modified_gmt":"2023-01-17T19:17:48","slug":"projecte-educatiu","status":"publish","type":"page","link":"https:\/\/agora.xtec.cat\/ceipescolamarina\/lescola\/projecte-educatiu\/","title":{"rendered":"Projecte educatiu"},"content":{"rendered":"<p>L\u2019escola, com a comunitat educativa, persegueix uns objectius institucionals:<\/p>\n<ul>\n<li>Volem ser un referent de qualitat educativa, obert a la innovaci\u00f3 i el canvi.<\/li>\n<li>Volem construir una escola que formi persones solid\u00e0ries, cooperatives i responsables.<\/li>\n<li>Volem que el nostre alumnat desenvolupi les seves capacitats creatives i de pensament i assoleixi les compet\u00e8ncies b\u00e0siques que el permeti afrontar amb \u00e8xit el seu futur acad\u00e8mic i social.<\/li>\n<li>Volem crear un equip de mestres il\u00b7lusionats i formats professionalment que es comprometin amb el projecte d\u2019escola.<\/li>\n<li>Volem una comunitat participativa i activa, compromesa amb un projecte com\u00fa.<\/li>\n<\/ul>\n<p>Per aix\u00f2, definim la nostra escola d&#8217;aquesta forma:<\/p>\n<table style=\"height: 559px;\" width=\"808\">\n<tbody>\n<tr>\n<td>Una escola fonamentada en la confian\u00e7a<\/td>\n<\/tr>\n<tr>\n<td>Que busca la complicitat de les fam\u00edlies i els mestres en la tasca d&#8217;educar<\/p>\n<p>Que fomenta l&#8217;autoestima i la creaci\u00f3 d&#8217;expectatives d&#8217;aprenentatge<\/p>\n<p>Que educa en la compet\u00e8ncia social<\/td>\n<\/tr>\n<tr>\n<td>Una escola en evoluci\u00f3<\/td>\n<\/tr>\n<tr>\n<td>Acollidora i oberta a tothom<\/p>\n<p>En constant revisi\u00f3 i avaluaci\u00f3<\/p>\n<p>Vinculada al territori, municipi i a la comarca<\/td>\n<\/tr>\n<tr>\n<td>Una escola on els principals protagonistes s\u00f3n els nens i les nenes<\/td>\n<\/tr>\n<tr>\n<td>Que estimula les capacitats dels alumnes<\/p>\n<p>Que desenvolupa les habilitats de pensament i de creaci\u00f3<\/p>\n<p>Que respecta les individualitats i els diferents ritmes d&#8217;aprenentatge<\/td>\n<\/tr>\n<\/tbody>\n<\/table>\n<p>Si voleu fer una lectura acurada del nostre Projecte educatiu de centre, cliqueu a <a href=\"https:\/\/agora.xtec.cat\/ceipescolamarina\/wp-content\/uploads\/usu1421\/2020\/12\/PEC-2020-amb-resoluci\u00f3-signada.pdf\" target=\"_blank\" rel=\"noopener noreferrer\">Projecte Educatiu de Centre 2020<\/a><\/p>\n","protected":false},"excerpt":{"rendered":"<p>L\u2019escola, com a comunitat educativa, persegueix uns objectius institucionals: Volem ser un referent de qualitat educativa, obert a la innovaci\u00f3 i el canvi. Volem construir una escola que formi persones solid\u00e0ries, cooperatives i responsables. Volem que el nostre alumnat desenvolupi les seves capacitats creatives i de pensament i assoleixi les compet\u00e8ncies b\u00e0siques que el permeti [&hellip;]<\/p>\n","protected":false},"author":1,"featured_media":0,"parent":22,"menu_order":30,"comment_status":"closed","ping_status":"closed","template":"page-templates\/side-menu.php","meta":{"_bbp_topic_count":0,"_bbp_reply_count":0,"_bbp_total_topic_count":0,"_bbp_total_reply_count":0,"_bbp_voice_count":0,"_bbp_anonymous_reply_count":0,"_bbp_topic_count_hidden":0,"_bbp_reply_count_hidden":0,"_bbp_forum_subforum_count":0,"site-sidebar-layout":"default","site-content-layout":"","ast-site-content-layout":"","site-content-style":"default","site-sidebar-style":"default","ast-global-header-display":"","ast-banner-title-visibility":"","ast-main-header-display":"","ast-hfb-above-header-display":"","ast-hfb-below-header-display":"","ast-hfb-mobile-header-display":"","site-post-title":"","ast-breadcrumbs-content":"","ast-featured-img":"","footer-sml-layout":"","theme-transparent-header-meta":"","adv-header-id-meta":"","stick-header-meta":"","header-above-stick-meta":"","header-main-stick-meta":"","header-below-stick-meta":"","astra-migrate-meta-layouts":"default","ast-page-background-enabled":"default","ast-page-background-meta":{"desktop":{"background-color":"var(--ast-global-color-4)","background-image":"","background-repeat":"repeat","background-position":"center center","background-size":"auto","background-attachment":"scroll","background-type":"","background-media":"","overlay-type":"","overlay-color":"","overlay-opacity":"","overlay-gradient":""},"tablet":{"background-color":"","background-image":"","background-repeat":"repeat","background-position":"center center","background-size":"auto","background-attachment":"scroll","background-type":"","background-media":"","overlay-type":"","overlay-color":"","overlay-opacity":"","overlay-gradient":""},"mobile":{"background-color":"","background-image":"","background-repeat":"repeat","background-position":"center center","background-size":"auto","background-attachment":"scroll","background-type":"","background-media":"","overlay-type":"","overlay-color":"","overlay-opacity":"","overlay-gradient":""}},"ast-content-background-meta":{"desktop":{"background-color":"var(--ast-global-color-5)","background-image":"","background-repeat":"repeat","background-position":"center center","background-size":"auto","background-attachment":"scroll","background-type":"","background-media":"","overlay-type":"","overlay-color":"","overlay-opacity":"","overlay-gradient":""},"tablet":{"background-color":"var(--ast-global-color-5)","background-image":"","background-repeat":"repeat","background-position":"center center","background-size":"auto","background-attachment":"scroll","background-type":"","background-media":"","overlay-type":"","overlay-color":"","overlay-opacity":"","overlay-gradient":""},"mobile":{"background-color":"var(--ast-global-color-5)","background-image":"","background-repeat":"repeat","background-position":"center center","background-size":"auto","background-attachment":"scroll","background-type":"","background-media":"","overlay-type":"","overlay-color":"","overlay-opacity":"","overlay-gradient":""}},"footnotes":""},"class_list":["post-481","page","type-page","status-publish","hentry"],"post_mailing_queue_ids":[],"_links":{"self":[{"href":"https:\/\/agora.xtec.cat\/ceipescolamarina\/wp-json\/wp\/v2\/pages\/481","targetHints":{"allow":["GET"]}}],"collection":[{"href":"https:\/\/agora.xtec.cat\/ceipescolamarina\/wp-json\/wp\/v2\/pages"}],"about":[{"href":"https:\/\/agora.xtec.cat\/ceipescolamarina\/wp-json\/wp\/v2\/types\/page"}],"author":[{"embeddable":true,"href":"https:\/\/agora.xtec.cat\/ceipescolamarina\/wp-json\/wp\/v2\/users\/1"}],"replies":[{"embeddable":true,"href":"https:\/\/agora.xtec.cat\/ceipescolamarina\/wp-json\/wp\/v2\/comments?post=481"}],"version-history":[{"count":3,"href":"https:\/\/agora.xtec.cat\/ceipescolamarina\/wp-json\/wp\/v2\/pages\/481\/revisions"}],"predecessor-version":[{"id":5330,"href":"https:\/\/agora.xtec.cat\/ceipescolamarina\/wp-json\/wp\/v2\/pages\/481\/revisions\/5330"}],"up":[{"embeddable":true,"href":"https:\/\/agora.xtec.cat\/ceipescolamarina\/wp-json\/wp\/v2\/pages\/22"}],"wp:attachment":[{"href":"https:\/\/agora.xtec.cat\/ceipescolamarina\/wp-json\/wp\/v2\/media?parent=481"}],"curies":[{"name":"wp","href":"https:\/\/api.w.org\/{rel}","templated":true}]}}