{"id":3614,"date":"2019-10-07T23:13:34","date_gmt":"2019-10-07T21:13:34","guid":{"rendered":"http:\/\/agora.xtec.cat\/ceipescolamarina\/?page_id=3614"},"modified":"2023-01-17T20:20:23","modified_gmt":"2023-01-17T19:20:23","slug":"propostes-daprenentatge-a-5e-i-6e","status":"publish","type":"page","link":"https:\/\/agora.xtec.cat\/ceipescolamarina\/plantejaments-educatius\/propostes-daprenentatge-a-5e-i-6e\/","title":{"rendered":"Propostes d&#8217;aprenentatge a 5\u00e8 i 6\u00e8"},"content":{"rendered":"<p>El treball per propostes d\u2019aprenentatge \u00e9s una pr\u00e0ctica metodol\u00f2gica que permet el desenvolupament del <strong>curr\u00edculum<\/strong> al cicle superior.<br \/>\nEs busca posar en pr\u00e0ctica de manera integrada <strong>coneixements<\/strong>, <strong>habilitats<\/strong> i <strong>actituds<\/strong> que faci els nens i les nenes competents en l\u2019aprenentatge.<br \/>\nPartint del respecte a la individualitat, i tenint en compte els diferents ritmes d\u2019aprenentatge, seguim amb la revisi\u00f3 dels processos d\u2019aula que ens permetin assolir els objectius plantejats.<br \/>\nEn definitiva, les Propostes d\u2019aprenentatge han de permetre el <strong>desenvolupament competencial<\/strong> de l\u2019infant, amb una mirada <strong>globalitzadora<\/strong> del curr\u00edculum.<\/p>\n<p>L&#8217;infant ha de:<\/p>\n<ul>\n<li>tenir clars els <strong>objectius<\/strong> que ha d\u2019assolir<\/li>\n<li>ser conscient del <strong>proc\u00e9s<\/strong> que ha de seguir<\/li>\n<li>ser capa\u00e7 de transferir el que ha <strong>apr\u00e8s<\/strong> a altres situacions<\/li>\n<li><span style=\"font-family: inherit; font-size: 1em;\"><strong>avaluar<\/strong> el seu treball<\/span><\/li>\n<\/ul>\n<p>Per aix\u00f2 les propostes s\u00f3n obertes i no tenen una \u00fanica soluci\u00f3 i es poden dur a terme segons els diferents ritmes o caracter\u00edstiques dels infants.<\/p>\n","protected":false},"excerpt":{"rendered":"<p>El treball per propostes d\u2019aprenentatge \u00e9s una pr\u00e0ctica metodol\u00f2gica que permet el desenvolupament del curr\u00edculum al cicle superior. Es busca posar en pr\u00e0ctica de manera integrada coneixements, habilitats i actituds que faci els nens i les nenes competents en l\u2019aprenentatge. Partint del respecte a la individualitat, i tenint en compte els diferents ritmes d\u2019aprenentatge, seguim [&hellip;]<\/p>\n","protected":false},"author":1,"featured_media":0,"parent":492,"menu_order":50,"comment_status":"closed","ping_status":"closed","template":"page-templates\/side-menu.php","meta":{"_bbp_topic_count":0,"_bbp_reply_count":0,"_bbp_total_topic_count":0,"_bbp_total_reply_count":0,"_bbp_voice_count":0,"_bbp_anonymous_reply_count":0,"_bbp_topic_count_hidden":0,"_bbp_reply_count_hidden":0,"_bbp_forum_subforum_count":0,"site-sidebar-layout":"default","site-content-layout":"","ast-site-content-layout":"","site-content-style":"default","site-sidebar-style":"default","ast-global-header-display":"","ast-banner-title-visibility":"","ast-main-header-display":"","ast-hfb-above-header-display":"","ast-hfb-below-header-display":"","ast-hfb-mobile-header-display":"","site-post-title":"","ast-breadcrumbs-content":"","ast-featured-img":"","footer-sml-layout":"","theme-transparent-header-meta":"","adv-header-id-meta":"","stick-header-meta":"","header-above-stick-meta":"","header-main-stick-meta":"","header-below-stick-meta":"","astra-migrate-meta-layouts":"default","ast-page-background-enabled":"default","ast-page-background-meta":{"desktop":{"background-color":"var(--ast-global-color-4)","background-image":"","background-repeat":"repeat","background-position":"center center","background-size":"auto","background-attachment":"scroll","background-type":"","background-media":"","overlay-type":"","overlay-color":"","overlay-opacity":"","overlay-gradient":""},"tablet":{"background-color":"","background-image":"","background-repeat":"repeat","background-position":"center center","background-size":"auto","background-attachment":"scroll","background-type":"","background-media":"","overlay-type":"","overlay-color":"","overlay-opacity":"","overlay-gradient":""},"mobile":{"background-color":"","background-image":"","background-repeat":"repeat","background-position":"center center","background-size":"auto","background-attachment":"scroll","background-type":"","background-media":"","overlay-type":"","overlay-color":"","overlay-opacity":"","overlay-gradient":""}},"ast-content-background-meta":{"desktop":{"background-color":"var(--ast-global-color-5)","background-image":"","background-repeat":"repeat","background-position":"center center","background-size":"auto","background-attachment":"scroll","background-type":"","background-media":"","overlay-type":"","overlay-color":"","overlay-opacity":"","overlay-gradient":""},"tablet":{"background-color":"var(--ast-global-color-5)","background-image":"","background-repeat":"repeat","background-position":"center center","background-size":"auto","background-attachment":"scroll","background-type":"","background-media":"","overlay-type":"","overlay-color":"","overlay-opacity":"","overlay-gradient":""},"mobile":{"background-color":"var(--ast-global-color-5)","background-image":"","background-repeat":"repeat","background-position":"center center","background-size":"auto","background-attachment":"scroll","background-type":"","background-media":"","overlay-type":"","overlay-color":"","overlay-opacity":"","overlay-gradient":""}},"footnotes":""},"class_list":["post-3614","page","type-page","status-publish","hentry"],"post_mailing_queue_ids":[],"_links":{"self":[{"href":"https:\/\/agora.xtec.cat\/ceipescolamarina\/wp-json\/wp\/v2\/pages\/3614","targetHints":{"allow":["GET"]}}],"collection":[{"href":"https:\/\/agora.xtec.cat\/ceipescolamarina\/wp-json\/wp\/v2\/pages"}],"about":[{"href":"https:\/\/agora.xtec.cat\/ceipescolamarina\/wp-json\/wp\/v2\/types\/page"}],"author":[{"embeddable":true,"href":"https:\/\/agora.xtec.cat\/ceipescolamarina\/wp-json\/wp\/v2\/users\/1"}],"replies":[{"embeddable":true,"href":"https:\/\/agora.xtec.cat\/ceipescolamarina\/wp-json\/wp\/v2\/comments?post=3614"}],"version-history":[{"count":1,"href":"https:\/\/agora.xtec.cat\/ceipescolamarina\/wp-json\/wp\/v2\/pages\/3614\/revisions"}],"predecessor-version":[{"id":3616,"href":"https:\/\/agora.xtec.cat\/ceipescolamarina\/wp-json\/wp\/v2\/pages\/3614\/revisions\/3616"}],"up":[{"embeddable":true,"href":"https:\/\/agora.xtec.cat\/ceipescolamarina\/wp-json\/wp\/v2\/pages\/492"}],"wp:attachment":[{"href":"https:\/\/agora.xtec.cat\/ceipescolamarina\/wp-json\/wp\/v2\/media?parent=3614"}],"curies":[{"name":"wp","href":"https:\/\/api.w.org\/{rel}","templated":true}]}}

Propostes d&#8217;aprenentatge a 5è i 6è

<p>El treball per propostes d’aprenentatge és una pràctica metodològica que permet el desenvolupament del <strong>currículum</strong> al cicle superior.<br />
Es busca posar en pràctica de manera integrada <strong>coneixements</strong>, <strong>habilitats</strong> i <strong>actituds</strong> que faci els nens i les nenes competents en l’aprenentatge.<br />
Partint del respecte a la individualitat, i tenint en compte els diferents ritmes d’aprenentatge, seguim amb la revisió dels processos d’aula que ens permetin assolir els objectius plantejats.<br />
En definitiva, les Propostes d’aprenentatge han de permetre el <strong>desenvolupament competencial</strong> de l’infant, amb una mirada <strong>globalitzadora</strong> del currículum.</p>
<p>L&#8217;infant ha de:</p>
<ul>
<li>tenir clars els <strong>objectius</strong> que ha d’assolir</li>
<li>ser conscient del <strong>procés</strong> que ha de seguir</li>
<li>ser capaç de transferir el que ha <strong>après</strong> a altres situacions</li>
<li><span style="font-family: inherit; font-size: 1em;"><strong>avaluar</strong> el seu treball</span></li>
</ul>
<p>Per això les propostes són obertes i no tenen una única solució i es poden dur a terme segons els diferents ritmes o característiques dels infants.</p>

<p>El treball per propostes d’aprenentatge és una pràctica metodològica que permet el desenvolupament del currículum al cicle superior. Es busca posar en pràctica de manera integrada coneixements, habilitats i actituds que faci els nens i les nenes competents en l’aprenentatge. Partint del respecte a la individualitat, i tenint en compte els diferents ritmes d’aprenentatge, seguim [&hellip;]</p>
