{"id":80,"date":"2014-09-18T14:09:48","date_gmt":"2014-09-18T14:09:48","guid":{"rendered":"http:\/\/agora.xtec.cat\/ceipenricfarreny\/?page_id=80"},"modified":"2017-02-27T15:49:26","modified_gmt":"2017-02-27T14:49:26","slug":"transport-escolar","status":"publish","type":"page","link":"https:\/\/agora.xtec.cat\/ceipenricfarreny\/serveis\/transport-escolar\/","title":{"rendered":"Transport Escolar"},"content":{"rendered":"<p><a href=\"http:\/\/agora.xtec.cat\/ceipenricfarreny\/wp-content\/uploads\/usu137\/2014\/09\/autocars-salvia.jpg\"><img loading=\"lazy\" decoding=\"async\" class=\"alignnone size-large wp-image-196\" src=\"http:\/\/agora.xtec.cat\/ceipenricfarreny\/wp-content\/uploads\/usu137\/2014\/09\/autocars-salvia.jpg\" alt=\"autocars salvia\" width=\"349\" height=\"144\" srcset=\"https:\/\/agora.xtec.cat\/ceipenricfarreny\/wp-content\/uploads\/usu137\/2014\/09\/autocars-salvia.jpg 349w, https:\/\/agora.xtec.cat\/ceipenricfarreny\/wp-content\/uploads\/usu137\/2014\/09\/autocars-salvia-300x124.jpg 300w\" sizes=\"auto, (max-width: 349px) 100vw, 349px\" \/><\/a><\/p>\n<p>Servei discrecional de transport en:<\/p>\n<ul>\n<li>Despla\u00e7aments urbans amb alumnes d&#8217;infantil i amb m\u00e9s d&#8217;un grup-classe de prim\u00e0ria<\/li>\n<li>Despla\u00e7aments interurbans<\/li>\n<\/ul>\n","protected":false},"excerpt":{"rendered":"<p><a href=\"http:\/\/agora.xtec.cat\/ceipenricfarreny\/wp-content\/uploads\/usu137\/2014\/09\/autocars-salvia.jpg\"><\/a><br \/>\nServei discrecional de transport en:<\/p>\n<ul>\n<li>Despla\u00e7aments urbans amb alumnes d&#8217;infantil i amb m\u00e9s d&#8217;un grup-classe de prim\u00e0ria<\/li>\n<li>Despla\u00e7aments interurbans<\/li>\n<\/ul>\n","protected":false},"author":2,"featured_media":0,"parent":66,"menu_order":40,"comment_status":"closed","ping_status":"closed","template":"page-templates\/side-menu.php","meta":{"_bbp_topic_count":0,"_bbp_reply_count":0,"_bbp_total_topic_count":0,"_bbp_total_reply_count":0,"_bbp_voice_count":0,"_bbp_anonymous_reply_count":0,"_bbp_topic_count_hidden":0,"_bbp_reply_count_hidden":0,"_bbp_forum_subforum_count":0,"footnotes":""},"class_list":["post-80","page","type-page","status-publish","hentry"],"post_mailing_queue_ids":[],"_links":{"self":[{"href":"https:\/\/agora.xtec.cat\/ceipenricfarreny\/wp-json\/wp\/v2\/pages\/80","targetHints":{"allow":["GET"]}}],"collection":[{"href":"https:\/\/agora.xtec.cat\/ceipenricfarreny\/wp-json\/wp\/v2\/pages"}],"about":[{"href":"https:\/\/agora.xtec.cat\/ceipenricfarreny\/wp-json\/wp\/v2\/types\/page"}],"author":[{"embeddable":true,"href":"https:\/\/agora.xtec.cat\/ceipenricfarreny\/wp-json\/wp\/v2\/users\/2"}],"replies":[{"embeddable":true,"href":"https:\/\/agora.xtec.cat\/ceipenricfarreny\/wp-json\/wp\/v2\/comments?post=80"}],"version-history":[{"count":3,"href":"https:\/\/agora.xtec.cat\/ceipenricfarreny\/wp-json\/wp\/v2\/pages\/80\/revisions"}],"predecessor-version":[{"id":795,"href":"https:\/\/agora.xtec.cat\/ceipenricfarreny\/wp-json\/wp\/v2\/pages\/80\/revisions\/795"}],"up":[{"embeddable":true,"href":"https:\/\/agora.xtec.cat\/ceipenricfarreny\/wp-json\/wp\/v2\/pages\/66"}],"wp:attachment":[{"href":"https:\/\/agora.xtec.cat\/ceipenricfarreny\/wp-json\/wp\/v2\/media?parent=80"}],"curies":[{"name":"wp","href":"https:\/\/api.w.org\/{rel}","templated":true}]}}