{"id":2,"date":"2014-09-12T11:10:47","date_gmt":"2014-09-12T09:10:47","guid":{"rendered":"http:\/\/agora.xtec.cat\/ceipenricfarreny\/?page_id=2"},"modified":"2019-11-12T19:01:17","modified_gmt":"2019-11-12T18:01:17","slug":"pagina-exemple","status":"publish","type":"page","link":"https:\/\/agora.xtec.cat\/ceipenricfarreny\/projecte-educatiu\/pagina-exemple\/","title":{"rendered":"Projecte Ling\u00fc\u00edstic"},"content":{"rendered":"<p>El nostre Projecte Ling\u00fc\u00edstic <a href=\"https:\/\/agora.xtec.cat\/ceipenricfarreny\/wp-content\/uploads\/usu137\/2019\/03\/Projecte-Linguistic-2019.pdf\">MERIDIO<\/a> \u00e9s el resultat d\u2019un proc\u00e9s de reflexi\u00f3 sobre el tractament de les diverses lleng\u00fces que\u00a0 hi ha en el nostre centre educatiu.<\/p>\n<p>T\u00e9 com a eixos vertebradors el PLURILING\u00dcISME i la INTERCOMPRENSI\u00d3 i promou entre tot l\u2019alumnat :<\/p>\n<ol>\n<li>El Catal\u00e0 com a llengua vehicular i de cohesi\u00f3 social<\/li>\n<li>El respecte cap a totes les lleng\u00fces.<\/li>\n<li>La valoraci\u00f3 positiva de la diversitat ling\u00fc\u00edstica.<\/li>\n<li>La desaparici\u00f3 dels prejudicis ling\u00fc\u00edstics.<\/li>\n<li>La import\u00e0ncia de l\u2019aprenentatge de noves lleng\u00fces.<\/li>\n<\/ol>\n","protected":false},"excerpt":{"rendered":"<p>El nostre Projecte Ling\u00fc\u00edstic <a href=\"https:\/\/agora.xtec.cat\/ceipenricfarreny\/wp-content\/uploads\/usu137\/2019\/03\/Projecte-Linguistic-2019.pdf\">MERIDIO<\/a> \u00e9s el resultat d\u2019un proc\u00e9s de reflexi\u00f3 sobre el tractament de les diverses lleng\u00fces que\u00a0 hi ha en el nostre centre educatiu.<br \/>\nT\u00e9 com a eixos vertebradors el PLURILING\u00dcISME i la INTERCOMPRENSI\u00d3 i promou entre tot l\u2019alumnat :<\/p>\n<ol>\n<li>El Catal\u00e0 com&hellip;  <a href=\"https:\/\/agora.xtec.cat\/ceipenricfarreny\/projecte-educatiu\/pagina-exemple\/\" title=\"Read Projecte Ling\u00fc\u00edstic\">Llegeix m\u00e9s\u00bb<\/a><br \/>\n","protected":false},"author":1,"featured_media":0,"parent":64,"menu_order":0,"comment_status":"closed","ping_status":"closed","template":"page-templates\/side-menu.php","meta":{"_bbp_topic_count":0,"_bbp_reply_count":0,"_bbp_total_topic_count":0,"_bbp_total_reply_count":0,"_bbp_voice_count":0,"_bbp_anonymous_reply_count":0,"_bbp_topic_count_hidden":0,"_bbp_reply_count_hidden":0,"_bbp_forum_subforum_count":0,"footnotes":""},"class_list":["post-2","page","type-page","status-publish","hentry"],"post_mailing_queue_ids":[],"_links":{"self":[{"href":"https:\/\/agora.xtec.cat\/ceipenricfarreny\/wp-json\/wp\/v2\/pages\/2","targetHints":{"allow":["GET"]}}],"collection":[{"href":"https:\/\/agora.xtec.cat\/ceipenricfarreny\/wp-json\/wp\/v2\/pages"}],"about":[{"href":"https:\/\/agora.xtec.cat\/ceipenricfarreny\/wp-json\/wp\/v2\/types\/page"}],"author":[{"embeddable":true,"href":"https:\/\/agora.xtec.cat\/ceipenricfarreny\/wp-json\/wp\/v2\/users\/1"}],"replies":[{"embeddable":true,"href":"https:\/\/agora.xtec.cat\/ceipenricfarreny\/wp-json\/wp\/v2\/comments?post=2"}],"version-history":[{"count":4,"href":"https:\/\/agora.xtec.cat\/ceipenricfarreny\/wp-json\/wp\/v2\/pages\/2\/revisions"}],"predecessor-version":[{"id":17470,"href":"https:\/\/agora.xtec.cat\/ceipenricfarreny\/wp-json\/wp\/v2\/pages\/2\/revisions\/17470"}],"up":[{"embeddable":true,"href":"https:\/\/agora.xtec.cat\/ceipenricfarreny\/wp-json\/wp\/v2\/pages\/64"}],"wp:attachment":[{"href":"https:\/\/agora.xtec.cat\/ceipenricfarreny\/wp-json\/wp\/v2\/media?parent=2"}],"curies":[{"name":"wp","href":"https:\/\/api.w.org\/{rel}","templated":true}]}}