{"id":15487,"date":"2019-03-22T10:14:27","date_gmt":"2019-03-22T09:14:27","guid":{"rendered":"http:\/\/agora.xtec.cat\/ceipenricfarreny\/?page_id=15487"},"modified":"2023-03-17T13:12:47","modified_gmt":"2023-03-17T12:12:47","slug":"us-pot-interessar","status":"publish","type":"page","link":"https:\/\/agora.xtec.cat\/ceipenricfarreny\/us-pot-interessar\/","title":{"rendered":"Us pot interessar&#8230;"},"content":{"rendered":"<p>En aquesta p\u00e0gina podreu trobar informaci\u00f3 que creiem ens pot ser d&#8217;utilitat i inter\u00e8s p\u00fablic.<\/p>\n<h2><a href=\"https:\/\/triaeducativa.gencat.cat\/ca\/inici\">Tria educativa:<\/a><\/h2>\n<p>\u00c9s un projecte que incorpora l\u2019oferta dels estudis obligatoris a Catalunya. Aix\u00ed, alumnes, fam\u00edlies i professionals ja poden consultar el cat\u00e0leg actualitzat i especialitzat dels estudis obligatoris i postobligatoris que ofereix el nostre sistema educatiu.<\/p>\n<p><a href=\"https:\/\/agora.xtec.cat\/ceipenricfarreny\/wp-content\/uploads\/usu137\/2023\/03\/tria.png\"><img loading=\"lazy\" decoding=\"async\" class=\"aligncenter size-large wp-image-23653\" src=\"https:\/\/agora.xtec.cat\/ceipenricfarreny\/wp-content\/uploads\/usu137\/2023\/03\/tria-1024x200.png\" alt=\"\" width=\"1024\" height=\"200\" srcset=\"https:\/\/agora.xtec.cat\/ceipenricfarreny\/wp-content\/uploads\/usu137\/2023\/03\/tria-1024x200.png 1024w, https:\/\/agora.xtec.cat\/ceipenricfarreny\/wp-content\/uploads\/usu137\/2023\/03\/tria-300x59.png 300w, https:\/\/agora.xtec.cat\/ceipenricfarreny\/wp-content\/uploads\/usu137\/2023\/03\/tria-768x150.png 768w, https:\/\/agora.xtec.cat\/ceipenricfarreny\/wp-content\/uploads\/usu137\/2023\/03\/tria-1536x301.png 1536w, https:\/\/agora.xtec.cat\/ceipenricfarreny\/wp-content\/uploads\/usu137\/2023\/03\/tria.png 1900w\" sizes=\"auto, (max-width: 1024px) 100vw, 1024px\" \/><\/a><\/p>\n<h2><a href=\"http:\/\/ensenyament.gencat.cat\/ca\/departament\/publicacions\/butlletins\/infoescola\/\">Infoescola<\/a>:<\/h2>\n<p><strong>Butllet\u00ed <\/strong>amb\u00a0 la voluntat d&#8217;informar els alumnes, les fam\u00edlies i la ciutadania, en general, dels aspectes relacionats amb l&#8217;educaci\u00f3.<\/p>\n<p><a href=\"http:\/\/familiaiescola.gencat.cat\/ca\"><img loading=\"lazy\" decoding=\"async\" class=\"alignnone size-large wp-image-15489\" src=\"https:\/\/agora.xtec.cat\/ceipenricfarreny\/wp-content\/uploads\/usu137\/2019\/03\/baner-familia.png_1459700458-1024x85.png\" alt=\"\" width=\"1024\" height=\"85\" srcset=\"https:\/\/agora.xtec.cat\/ceipenricfarreny\/wp-content\/uploads\/usu137\/2019\/03\/baner-familia.png_1459700458-1024x85.png 1024w, https:\/\/agora.xtec.cat\/ceipenricfarreny\/wp-content\/uploads\/usu137\/2019\/03\/baner-familia.png_1459700458-300x25.png 300w, https:\/\/agora.xtec.cat\/ceipenricfarreny\/wp-content\/uploads\/usu137\/2019\/03\/baner-familia.png_1459700458-768x64.png 768w, https:\/\/agora.xtec.cat\/ceipenricfarreny\/wp-content\/uploads\/usu137\/2019\/03\/baner-familia.png_1459700458.png 1435w\" sizes=\"auto, (max-width: 1024px) 100vw, 1024px\" \/><\/a><\/p>\n","protected":false},"excerpt":{"rendered":"<p>En aquesta p\u00e0gina podreu trobar informaci\u00f3 que creiem ens pot ser d&#8217;utilitat i inter\u00e8s p\u00fablic.<br \/>\n<a href=\"https:\/\/triaeducativa.gencat.cat\/ca\/inici\">Tria educativa:<\/a><br \/>\n\u00c9s un projecte que incorpora l\u2019oferta dels estudis obligatoris a Catalunya. Aix\u00ed, alumnes, fam\u00edlies i professionals ja poden consultar el cat\u00e0leg actualitzat i especialitzat dels estudis obligatoris i postobligatoris&hellip;  <a href=\"https:\/\/agora.xtec.cat\/ceipenricfarreny\/us-pot-interessar\/\" title=\"Read Us pot interessar&#8230;\">Llegeix m\u00e9s\u00bb<\/a><\/p>\n","protected":false},"author":1,"featured_media":0,"parent":0,"menu_order":0,"comment_status":"closed","ping_status":"closed","template":"","meta":{"_bbp_topic_count":0,"_bbp_reply_count":0,"_bbp_total_topic_count":0,"_bbp_total_reply_count":0,"_bbp_voice_count":0,"_bbp_anonymous_reply_count":0,"_bbp_topic_count_hidden":0,"_bbp_reply_count_hidden":0,"_bbp_forum_subforum_count":0,"footnotes":""},"class_list":["post-15487","page","type-page","status-publish","hentry"],"post_mailing_queue_ids":[],"_links":{"self":[{"href":"https:\/\/agora.xtec.cat\/ceipenricfarreny\/wp-json\/wp\/v2\/pages\/15487","targetHints":{"allow":["GET"]}}],"collection":[{"href":"https:\/\/agora.xtec.cat\/ceipenricfarreny\/wp-json\/wp\/v2\/pages"}],"about":[{"href":"https:\/\/agora.xtec.cat\/ceipenricfarreny\/wp-json\/wp\/v2\/types\/page"}],"author":[{"embeddable":true,"href":"https:\/\/agora.xtec.cat\/ceipenricfarreny\/wp-json\/wp\/v2\/users\/1"}],"replies":[{"embeddable":true,"href":"https:\/\/agora.xtec.cat\/ceipenricfarreny\/wp-json\/wp\/v2\/comments?post=15487"}],"version-history":[{"count":3,"href":"https:\/\/agora.xtec.cat\/ceipenricfarreny\/wp-json\/wp\/v2\/pages\/15487\/revisions"}],"predecessor-version":[{"id":23654,"href":"https:\/\/agora.xtec.cat\/ceipenricfarreny\/wp-json\/wp\/v2\/pages\/15487\/revisions\/23654"}],"wp:attachment":[{"href":"https:\/\/agora.xtec.cat\/ceipenricfarreny\/wp-json\/wp\/v2\/media?parent=15487"}],"curies":[{"name":"wp","href":"https:\/\/api.w.org\/{rel}","templated":true}]}}