{"id":8972,"date":"2024-02-05T14:11:27","date_gmt":"2024-02-05T13:11:27","guid":{"rendered":"https:\/\/agora.xtec.cat\/ceipelvinyet\/?page_id=8972"},"modified":"2024-02-06T16:10:09","modified_gmt":"2024-02-06T15:10:09","slug":"la-familia","status":"publish","type":"page","link":"https:\/\/agora.xtec.cat\/ceipelvinyet\/la-familia\/","title":{"rendered":"La fam\u00edlia"},"content":{"rendered":"<p class=\"cvGsUA direction-ltr align-justify para-style-body\"><span class=\"OYPEnA text-decoration-none text-strikethrough-none\">La import\u00e0ncia i la influ\u00e8ncia que t\u00e9 el <\/span><strong><span class=\"OYPEnA text-decoration-none text-strikethrough-none\">sistema familiar<\/span><\/strong><span class=\"OYPEnA text-decoration-none text-strikethrough-none\"> en la vida de l\u2019infant convida l\u2019escola a mirar-la i a tenir-la present, cosa que resulta indispensable a l&#8217;hora d&#8217;acompanyar en el seu desenvolupament integral.<\/span><\/p>\n<p class=\"cvGsUA direction-ltr align-justify para-style-body\"><strong><span class=\"OYPEnA text-decoration-none text-strikethrough-none\">Comptem amb el suport de<\/span> <\/strong><span class=\"OYPEnA text-decoration-none text-strikethrough-none\"><strong>l&#8217;associaci\u00f3 de fam\u00edlies<\/strong>,<\/span><span class=\"OYPEnA text-decoration-none text-strikethrough-none\"> compromesa i<\/span> <span class=\"OYPEnA text-decoration-none text-strikethrough-none\">activa en tots els \u00e0mbits de la comunitat educativa.<\/span><\/p>\n<p><img loading=\"lazy\" decoding=\"async\" class=\"alignnone size-full wp-image-9052 aligncenter\" src=\"https:\/\/agora.xtec.cat\/ceipelvinyet\/wp-content\/uploads\/usu1255\/2024\/02\/familia.png\" alt=\"\" width=\"539\" height=\"452\" srcset=\"https:\/\/agora.xtec.cat\/ceipelvinyet\/wp-content\/uploads\/usu1255\/2024\/02\/familia.png 539w, https:\/\/agora.xtec.cat\/ceipelvinyet\/wp-content\/uploads\/usu1255\/2024\/02\/familia-300x252.png 300w\" sizes=\"auto, (max-width: 539px) 100vw, 539px\" \/><\/p>\n","protected":false},"excerpt":{"rendered":"<p>La import\u00e0ncia i la influ\u00e8ncia que t\u00e9 el sistema familiar en la vida de l\u2019infant convida l\u2019escola a mirar-la i a tenir-la present, cosa que resulta indispensable a l&#8217;hora d&#8217;acompanyar en el seu desenvolupament integral.<br \/>\nComptem amb el suport de l&#8217;associaci\u00f3 de fam\u00edlies, compromesa i activa&hellip;  <a href=\"https:\/\/agora.xtec.cat\/ceipelvinyet\/la-familia\/\" title=\"Read La fam\u00edlia\">Llegeix m\u00e9s\u00bb<\/a><\/p>\n","protected":false},"author":1,"featured_media":0,"parent":0,"menu_order":0,"comment_status":"closed","ping_status":"closed","template":"","meta":{"_bbp_topic_count":0,"_bbp_reply_count":0,"_bbp_total_topic_count":0,"_bbp_total_reply_count":0,"_bbp_voice_count":0,"_bbp_anonymous_reply_count":0,"_bbp_topic_count_hidden":0,"_bbp_reply_count_hidden":0,"_bbp_forum_subforum_count":0,"footnotes":""},"class_list":["post-8972","page","type-page","status-publish","hentry"],"post_mailing_queue_ids":[],"_links":{"self":[{"href":"https:\/\/agora.xtec.cat\/ceipelvinyet\/wp-json\/wp\/v2\/pages\/8972","targetHints":{"allow":["GET"]}}],"collection":[{"href":"https:\/\/agora.xtec.cat\/ceipelvinyet\/wp-json\/wp\/v2\/pages"}],"about":[{"href":"https:\/\/agora.xtec.cat\/ceipelvinyet\/wp-json\/wp\/v2\/types\/page"}],"author":[{"embeddable":true,"href":"https:\/\/agora.xtec.cat\/ceipelvinyet\/wp-json\/wp\/v2\/users\/1"}],"replies":[{"embeddable":true,"href":"https:\/\/agora.xtec.cat\/ceipelvinyet\/wp-json\/wp\/v2\/comments?post=8972"}],"version-history":[{"count":3,"href":"https:\/\/agora.xtec.cat\/ceipelvinyet\/wp-json\/wp\/v2\/pages\/8972\/revisions"}],"predecessor-version":[{"id":9053,"href":"https:\/\/agora.xtec.cat\/ceipelvinyet\/wp-json\/wp\/v2\/pages\/8972\/revisions\/9053"}],"wp:attachment":[{"href":"https:\/\/agora.xtec.cat\/ceipelvinyet\/wp-json\/wp\/v2\/media?parent=8972"}],"curies":[{"name":"wp","href":"https:\/\/api.w.org\/{rel}","templated":true}]}}