{"id":11786,"date":"2022-02-07T22:35:11","date_gmt":"2022-02-07T21:35:11","guid":{"rendered":"https:\/\/agora.xtec.cat\/ceipelturonet\/?page_id=11786"},"modified":"2022-03-04T19:31:40","modified_gmt":"2022-03-04T18:31:40","slug":"gent-gran","status":"publish","type":"page","link":"https:\/\/agora.xtec.cat\/ceipelturonet\/projectes\/gent-gran\/","title":{"rendered":"ELS NOSTRES AVIS"},"content":{"rendered":"<p><span style=\"font-weight: 400;\">Des de l\u2019escola creiem que \u00e9s important la relaci\u00f3, el contacte i l&#8217;establiment de vincles afectius amb les persones m\u00e9s grans del nostre poble. Per aquest motiu fem visites espor\u00e0diques al casal i a les llars d\u2019avis. Els nostres alumnes preparen can\u00e7ons i col\u00b7laboren amb diferents activitats que proposen al casal.\u00a0<\/span><\/p>\n<p><span style=\"font-weight: 400;\">Pels infants \u00e9s una experi\u00e8ncia enriquidora i pels m\u00e9s grans \u00e9s una estona especial on poden gaudir d\u2019una bona companyia.<\/span><\/p>\n<p><img loading=\"lazy\" decoding=\"async\" class=\"aligncenter\" src=\"https:\/\/lh3.googleusercontent.com\/pw\/AM-JKLWIQeLU9v46weJGxsD73Hq0TzC3D8V1tWoe2tBb6K9Vf5yC2MW3vdIN_fw1K8XLKMQ6U-__wljkZDyaeFS5JW6glRienDI6SonT1p9aYOCtEEHKQzvaDjvbUo8u0pBDXZrdTPf3hkUi9iGpfkddjesPnQ=w1156-h867-no?authuser=0\" width=\"409\" height=\"307\" \/><\/p>\n<p style=\"text-align: center;\"><img loading=\"lazy\" decoding=\"async\" class=\"alignnone \" src=\"https:\/\/lh3.googleusercontent.com\/pw\/AM-JKLUoKJAlIGgulmoZoJCCrsQXO3DRBBxXuGrnuPCwYQA_5rQNQlRArnDC4QXEi6euV_IJgMJQglrQznZGHOuFPc8la9zwC2DpoioZlS9QU8BryX_0u8fhQm0ep1UuBlxMfm4Sk4LvlttKXrzGn6Z9FHQgRw=w1156-h867-no?authuser=0\" width=\"406\" height=\"304\" \/><\/p>\n","protected":false},"excerpt":{"rendered":"<p>Des de l\u2019escola creiem que \u00e9s important la relaci\u00f3, el contacte i l&#8217;establiment de vincles afectius amb les persones m\u00e9s grans del nostre poble. Per aquest motiu fem visites espor\u00e0diques al casal i a les llars d\u2019avis. Els nostres alumnes preparen can\u00e7ons i col\u00b7laboren amb diferents activitats que proposen al casal.\u00a0 Pels infants \u00e9s una [&hellip;]<\/p>\n","protected":false},"author":1,"featured_media":0,"parent":11704,"menu_order":0,"comment_status":"closed","ping_status":"closed","template":"page-templates\/side-menu.php","meta":{"_bbp_topic_count":0,"_bbp_reply_count":0,"_bbp_total_topic_count":0,"_bbp_total_reply_count":0,"_bbp_voice_count":0,"_bbp_anonymous_reply_count":0,"_bbp_topic_count_hidden":0,"_bbp_reply_count_hidden":0,"_bbp_forum_subforum_count":0,"site-sidebar-layout":"default","site-content-layout":"","ast-site-content-layout":"","site-content-style":"default","site-sidebar-style":"default","ast-global-header-display":"","ast-banner-title-visibility":"","ast-main-header-display":"","ast-hfb-above-header-display":"","ast-hfb-below-header-display":"","ast-hfb-mobile-header-display":"","site-post-title":"","ast-breadcrumbs-content":"","ast-featured-img":"","footer-sml-layout":"","theme-transparent-header-meta":"","adv-header-id-meta":"","stick-header-meta":"","header-above-stick-meta":"","header-main-stick-meta":"","header-below-stick-meta":"","astra-migrate-meta-layouts":"default","ast-page-background-enabled":"default","ast-page-background-meta":{"desktop":{"background-color":"var(--ast-global-color-4)","background-image":"","background-repeat":"repeat","background-position":"center center","background-size":"auto","background-attachment":"scroll","background-type":"","background-media":"","overlay-type":"","overlay-color":"","overlay-opacity":"","overlay-gradient":""},"tablet":{"background-color":"","background-image":"","background-repeat":"repeat","background-position":"center center","background-size":"auto","background-attachment":"scroll","background-type":"","background-media":"","overlay-type":"","overlay-color":"","overlay-opacity":"","overlay-gradient":""},"mobile":{"background-color":"","background-image":"","background-repeat":"repeat","background-position":"center center","background-size":"auto","background-attachment":"scroll","background-type":"","background-media":"","overlay-type":"","overlay-color":"","overlay-opacity":"","overlay-gradient":""}},"ast-content-background-meta":{"desktop":{"background-color":"var(--ast-global-color-5)","background-image":"","background-repeat":"repeat","background-position":"center center","background-size":"auto","background-attachment":"scroll","background-type":"","background-media":"","overlay-type":"","overlay-color":"","overlay-opacity":"","overlay-gradient":""},"tablet":{"background-color":"var(--ast-global-color-5)","background-image":"","background-repeat":"repeat","background-position":"center center","background-size":"auto","background-attachment":"scroll","background-type":"","background-media":"","overlay-type":"","overlay-color":"","overlay-opacity":"","overlay-gradient":""},"mobile":{"background-color":"var(--ast-global-color-5)","background-image":"","background-repeat":"repeat","background-position":"center center","background-size":"auto","background-attachment":"scroll","background-type":"","background-media":"","overlay-type":"","overlay-color":"","overlay-opacity":"","overlay-gradient":""}},"footnotes":""},"class_list":["post-11786","page","type-page","status-publish","hentry"],"post_mailing_queue_ids":[],"_links":{"self":[{"href":"https:\/\/agora.xtec.cat\/ceipelturonet\/wp-json\/wp\/v2\/pages\/11786","targetHints":{"allow":["GET"]}}],"collection":[{"href":"https:\/\/agora.xtec.cat\/ceipelturonet\/wp-json\/wp\/v2\/pages"}],"about":[{"href":"https:\/\/agora.xtec.cat\/ceipelturonet\/wp-json\/wp\/v2\/types\/page"}],"author":[{"embeddable":true,"href":"https:\/\/agora.xtec.cat\/ceipelturonet\/wp-json\/wp\/v2\/users\/1"}],"replies":[{"embeddable":true,"href":"https:\/\/agora.xtec.cat\/ceipelturonet\/wp-json\/wp\/v2\/comments?post=11786"}],"version-history":[{"count":3,"href":"https:\/\/agora.xtec.cat\/ceipelturonet\/wp-json\/wp\/v2\/pages\/11786\/revisions"}],"predecessor-version":[{"id":11951,"href":"https:\/\/agora.xtec.cat\/ceipelturonet\/wp-json\/wp\/v2\/pages\/11786\/revisions\/11951"}],"up":[{"embeddable":true,"href":"https:\/\/agora.xtec.cat\/ceipelturonet\/wp-json\/wp\/v2\/pages\/11704"}],"wp:attachment":[{"href":"https:\/\/agora.xtec.cat\/ceipelturonet\/wp-json\/wp\/v2\/media?parent=11786"}],"curies":[{"name":"wp","href":"https:\/\/api.w.org\/{rel}","templated":true}]}}