{"id":18431,"date":"2024-03-25T10:02:27","date_gmt":"2024-03-25T09:02:27","guid":{"rendered":"https:\/\/agora.xtec.cat\/ceipelturomontcada\/?page_id=18431"},"modified":"2024-03-25T10:57:31","modified_gmt":"2024-03-25T09:57:31","slug":"formacio-de-families","status":"publish","type":"page","link":"https:\/\/agora.xtec.cat\/ceipelturomontcada\/comunitat-daprenentatge\/formacio-de-families\/","title":{"rendered":"Formaci\u00f3 de fam\u00edlies"},"content":{"rendered":"<p><b>La formaci\u00f3 per a fam\u00edlies inclou sessions de catal\u00e0, explicacions detallades dels projectes escolars&#8230; Aquesta iniciativa busca fomentar la participaci\u00f3 de les fam\u00edlies proporcionant-los recursos ling\u00fc\u00edstics i informaci\u00f3 integral per entendre i poder donar millor suport al desenvolupament educatiu dels seus fills i filles a l\u2019escola. \u00c9s una transpar\u00e8ncia per ajudar a mantenir una comunicaci\u00f3 efectiva i una participaci\u00f3 activa de tots els membres de la comunitat educativa.<\/b><\/p>\n","protected":false},"excerpt":{"rendered":"<p>La formaci\u00f3 per a fam\u00edlies inclou sessions de catal\u00e0, explicacions detallades dels projectes escolars&#8230; Aquesta iniciativa busca fomentar la participaci\u00f3 de les fam\u00edlies proporcionant-los recursos ling\u00fc\u00edstics i informaci\u00f3 integral per entendre i poder donar millor suport al desenvolupament educatiu dels seus fills i filles a&hellip;  <a href=\"https:\/\/agora.xtec.cat\/ceipelturomontcada\/comunitat-daprenentatge\/formacio-de-families\/\" title=\"Read Formaci\u00f3 de fam\u00edlies\">Llegeix m\u00e9s\u00bb<\/a><\/p>\n","protected":false},"author":1,"featured_media":0,"parent":18410,"menu_order":0,"comment_status":"closed","ping_status":"closed","template":"","meta":{"_bbp_topic_count":0,"_bbp_reply_count":0,"_bbp_total_topic_count":0,"_bbp_total_reply_count":0,"_bbp_voice_count":0,"_bbp_anonymous_reply_count":0,"_bbp_topic_count_hidden":0,"_bbp_reply_count_hidden":0,"_bbp_forum_subforum_count":0,"footnotes":""},"class_list":["post-18431","page","type-page","status-publish","hentry"],"post_mailing_queue_ids":[],"_links":{"self":[{"href":"https:\/\/agora.xtec.cat\/ceipelturomontcada\/wp-json\/wp\/v2\/pages\/18431","targetHints":{"allow":["GET"]}}],"collection":[{"href":"https:\/\/agora.xtec.cat\/ceipelturomontcada\/wp-json\/wp\/v2\/pages"}],"about":[{"href":"https:\/\/agora.xtec.cat\/ceipelturomontcada\/wp-json\/wp\/v2\/types\/page"}],"author":[{"embeddable":true,"href":"https:\/\/agora.xtec.cat\/ceipelturomontcada\/wp-json\/wp\/v2\/users\/1"}],"replies":[{"embeddable":true,"href":"https:\/\/agora.xtec.cat\/ceipelturomontcada\/wp-json\/wp\/v2\/comments?post=18431"}],"version-history":[{"count":2,"href":"https:\/\/agora.xtec.cat\/ceipelturomontcada\/wp-json\/wp\/v2\/pages\/18431\/revisions"}],"predecessor-version":[{"id":18442,"href":"https:\/\/agora.xtec.cat\/ceipelturomontcada\/wp-json\/wp\/v2\/pages\/18431\/revisions\/18442"}],"up":[{"embeddable":true,"href":"https:\/\/agora.xtec.cat\/ceipelturomontcada\/wp-json\/wp\/v2\/pages\/18410"}],"wp:attachment":[{"href":"https:\/\/agora.xtec.cat\/ceipelturomontcada\/wp-json\/wp\/v2\/media?parent=18431"}],"curies":[{"name":"wp","href":"https:\/\/api.w.org\/{rel}","templated":true}]}}