{"id":18423,"date":"2024-03-25T09:59:41","date_gmt":"2024-03-25T08:59:41","guid":{"rendered":"https:\/\/agora.xtec.cat\/ceipelturomontcada\/?page_id=18423"},"modified":"2024-05-07T09:42:37","modified_gmt":"2024-05-07T07:42:37","slug":"club-dels-valents","status":"publish","type":"page","link":"https:\/\/agora.xtec.cat\/ceipelturomontcada\/comunitat-daprenentatge\/club-dels-valents\/","title":{"rendered":"Club dels Valents"},"content":{"rendered":"<p><b>CLUB DELS VALENTS<\/b><\/p>\n<p>A l\u2019escola li donem molta import\u00e0ncia a l\u2019educaci\u00f3 en valors. Treballem la resoluci\u00f3 de conflictes mitjan\u00e7ant del di\u00e0leg a trav\u00e9s del conte: \u201cEL CLUB DELS VALENTS\u201d.<\/p>\n<p>El relat fomenta la comprensi\u00f3 m\u00fatua, el perd\u00f3 i la col\u00b7laboraci\u00f3 com a mitjans per superar els reptes, oferint lli\u00e7ons valuoses sobre la import\u00e0ncia d\u2019abordar els conflictes de manera positiva i constructiva, sempre a trav\u00e9s del di\u00e0leg.<\/p>\n<p>Fes click a la imatge i podr\u00e0s visualitzar el conte.<\/p>\n<p><a href=\"https:\/\/youtu.be\/VSUy3yw2tH0?feature=shared\"><br \/>\n<img decoding=\"async\" class=\"aligncenter\" src=\"https:\/\/agora.xtec.cat\/escolamestralvilanova\/wp-content\/uploads\/usu729\/2023\/02\/club-valents-300x298.jpg\" \/><\/a><\/p>\n","protected":false},"excerpt":{"rendered":"<p>CLUB DELS VALENTS<br \/>\nA l\u2019escola li donem molta import\u00e0ncia a l\u2019educaci\u00f3 en valors. Treballem la resoluci\u00f3 de conflictes mitjan\u00e7ant del di\u00e0leg a trav\u00e9s del conte: \u201cEL CLUB DELS VALENTS\u201d.<br \/>\nEl relat fomenta la comprensi\u00f3 m\u00fatua, el perd\u00f3 i la col\u00b7laboraci\u00f3 com a mitjans per superar els reptes,&hellip;  <a href=\"https:\/\/agora.xtec.cat\/ceipelturomontcada\/comunitat-daprenentatge\/club-dels-valents\/\" title=\"Read Club dels Valents\">Llegeix m\u00e9s\u00bb<\/a><\/p>\n","protected":false},"author":1,"featured_media":0,"parent":18410,"menu_order":0,"comment_status":"closed","ping_status":"closed","template":"","meta":{"_bbp_topic_count":0,"_bbp_reply_count":0,"_bbp_total_topic_count":0,"_bbp_total_reply_count":0,"_bbp_voice_count":0,"_bbp_anonymous_reply_count":0,"_bbp_topic_count_hidden":0,"_bbp_reply_count_hidden":0,"_bbp_forum_subforum_count":0,"footnotes":""},"class_list":["post-18423","page","type-page","status-publish","hentry"],"post_mailing_queue_ids":[],"_links":{"self":[{"href":"https:\/\/agora.xtec.cat\/ceipelturomontcada\/wp-json\/wp\/v2\/pages\/18423","targetHints":{"allow":["GET"]}}],"collection":[{"href":"https:\/\/agora.xtec.cat\/ceipelturomontcada\/wp-json\/wp\/v2\/pages"}],"about":[{"href":"https:\/\/agora.xtec.cat\/ceipelturomontcada\/wp-json\/wp\/v2\/types\/page"}],"author":[{"embeddable":true,"href":"https:\/\/agora.xtec.cat\/ceipelturomontcada\/wp-json\/wp\/v2\/users\/1"}],"replies":[{"embeddable":true,"href":"https:\/\/agora.xtec.cat\/ceipelturomontcada\/wp-json\/wp\/v2\/comments?post=18423"}],"version-history":[{"count":4,"href":"https:\/\/agora.xtec.cat\/ceipelturomontcada\/wp-json\/wp\/v2\/pages\/18423\/revisions"}],"predecessor-version":[{"id":18625,"href":"https:\/\/agora.xtec.cat\/ceipelturomontcada\/wp-json\/wp\/v2\/pages\/18423\/revisions\/18625"}],"up":[{"embeddable":true,"href":"https:\/\/agora.xtec.cat\/ceipelturomontcada\/wp-json\/wp\/v2\/pages\/18410"}],"wp:attachment":[{"href":"https:\/\/agora.xtec.cat\/ceipelturomontcada\/wp-json\/wp\/v2\/media?parent=18423"}],"curies":[{"name":"wp","href":"https:\/\/api.w.org\/{rel}","templated":true}]}}