{"id":18295,"date":"2024-03-11T12:06:33","date_gmt":"2024-03-11T11:06:33","guid":{"rendered":"https:\/\/agora.xtec.cat\/ceipelturomontcada\/?page_id=18295"},"modified":"2024-05-07T10:43:02","modified_gmt":"2024-05-07T08:43:02","slug":"musica","status":"publish","type":"page","link":"https:\/\/agora.xtec.cat\/ceipelturomontcada\/musica\/","title":{"rendered":"M\u00fasica"},"content":{"rendered":"<p>La m\u00fasica no \u00e9s nom\u00e9s una disciplina art\u00edstica; nombrosos estudis cient\u00edfics avalen la import\u00e0ncia d\u2019aquesta en el desenvolupament cognitiu, psicomotriu i afectiu de l\u2019alumnat.<\/p>\n<p>De tots els beneficis que suposa rebre una bona educaci\u00f3 en l\u2019\u00e0mbit musical, volem destacar els seg\u00fcents:<\/p>\n<ul>\n<li>Des de l\u2019\u00e0rea de m\u00fasica es fomenta <strong>l\u2019escolta activa<\/strong>,<strong> l\u2019atenci\u00f3, la concentraci\u00f3, el treball cooperatiu, l\u2019esfor\u00e7 i la perseveran\u00e7a.<\/strong><\/li>\n<li>La m\u00fasica cohesiona els col\u00b7lectius i connecta les persones. <strong>\u00c9s l\u2019\u00e0rea m\u00e9s integradora, inclusiva i transversal.<\/strong><\/li>\n<li>La m\u00fasica t\u00e9 un paper fonamental en el manteniment de la <strong>llengua, cultura i tradicions pr\u00f2pies.<\/strong><\/li>\n<li>La pr\u00e0ctica musical, a trav\u00e9s del cant, de la dansa i de la pr\u00e0ctica instrumental, <strong>afavoreix el desenvolupament de la capacitat ling\u00fc\u00edstica, expressiva i psicomotriu dels infants.<\/strong><\/li>\n<li>L\u2019educaci\u00f3 musical <strong>millora la conviv\u00e8ncia, desenvolupa l\u2019empatia, l\u2019autonomia i l\u2019autoestima de les persones.<\/strong><\/li>\n<li>L\u2019educaci\u00f3 musical <strong>ajuda a desenvolupar la creativitat i la sensibilitat est\u00e8tica<\/strong> alhora que educa pel bon gust i el sentit cr\u00edtic dels futurs ciutadans.<\/li>\n<li>Segons la neuroci\u00e8ncia,<strong> la m\u00fasica \u00e9s la millor gimn\u00e0stica pel cervell<\/strong>, ja que l\u2019activa de manera global i permet guanyar en plasticitat, creant noves i millors connexions neuronals. A m\u00e9s, <strong>activa la part emocional del cervell, que \u00e9s fonamental per a poder crear aprenentatges significatius.<\/strong><\/li>\n<li>A m\u00e9s a m\u00e9s, diversos estudis han demostrat una <strong>relaci\u00f3 directa entre l&#8217;educaci\u00f3 musical i el rendiment acad\u00e8mic en altres \u00e0rees del coneixement<\/strong>, com les matem\u00e0tiques, la llengua i les ci\u00e8ncies.<strong><a href=\"https:\/\/agora.xtec.cat\/ceipelturomontcada\/wp-content\/uploads\/usu621\/2024\/05\/1664536688608.jpg\"><img loading=\"lazy\" decoding=\"async\" class=\"wp-image-18644 aligncenter\" src=\"https:\/\/agora.xtec.cat\/ceipelturomontcada\/wp-content\/uploads\/usu621\/2024\/05\/1664536688608-150x150.jpg\" alt=\"\" width=\"268\" height=\"268\" \/><\/a><\/strong><\/li>\n<\/ul>\n","protected":false},"excerpt":{"rendered":"<p>La m\u00fasica no \u00e9s nom\u00e9s una disciplina art\u00edstica; nombrosos estudis cient\u00edfics avalen la import\u00e0ncia d\u2019aquesta en el desenvolupament cognitiu, psicomotriu i afectiu de l\u2019alumnat.<br \/>\nDe tots els beneficis que suposa rebre una bona educaci\u00f3 en l\u2019\u00e0mbit musical, volem destacar els seg\u00fcents:<\/p>\n<ul>\n<li>Des de l\u2019\u00e0rea de m\u00fasica es&hellip;  <a href=\"https:\/\/agora.xtec.cat\/ceipelturomontcada\/musica\/\" title=\"Read M\u00fasica\">Llegeix m\u00e9s\u00bb<\/a><br \/>\n","protected":false},"author":47,"featured_media":0,"parent":0,"menu_order":0,"comment_status":"closed","ping_status":"closed","template":"","meta":{"_bbp_topic_count":0,"_bbp_reply_count":0,"_bbp_total_topic_count":0,"_bbp_total_reply_count":0,"_bbp_voice_count":0,"_bbp_anonymous_reply_count":0,"_bbp_topic_count_hidden":0,"_bbp_reply_count_hidden":0,"_bbp_forum_subforum_count":0,"footnotes":""},"class_list":["post-18295","page","type-page","status-publish","hentry"],"post_mailing_queue_ids":[],"_links":{"self":[{"href":"https:\/\/agora.xtec.cat\/ceipelturomontcada\/wp-json\/wp\/v2\/pages\/18295","targetHints":{"allow":["GET"]}}],"collection":[{"href":"https:\/\/agora.xtec.cat\/ceipelturomontcada\/wp-json\/wp\/v2\/pages"}],"about":[{"href":"https:\/\/agora.xtec.cat\/ceipelturomontcada\/wp-json\/wp\/v2\/types\/page"}],"author":[{"embeddable":true,"href":"https:\/\/agora.xtec.cat\/ceipelturomontcada\/wp-json\/wp\/v2\/users\/47"}],"replies":[{"embeddable":true,"href":"https:\/\/agora.xtec.cat\/ceipelturomontcada\/wp-json\/wp\/v2\/comments?post=18295"}],"version-history":[{"count":3,"href":"https:\/\/agora.xtec.cat\/ceipelturomontcada\/wp-json\/wp\/v2\/pages\/18295\/revisions"}],"predecessor-version":[{"id":18645,"href":"https:\/\/agora.xtec.cat\/ceipelturomontcada\/wp-json\/wp\/v2\/pages\/18295\/revisions\/18645"}],"wp:attachment":[{"href":"https:\/\/agora.xtec.cat\/ceipelturomontcada\/wp-json\/wp\/v2\/media?parent=18295"}],"curies":[{"name":"wp","href":"https:\/\/api.w.org\/{rel}","templated":true}]}}