{"id":15255,"date":"2020-02-16T20:00:04","date_gmt":"2020-02-16T19:00:04","guid":{"rendered":"http:\/\/agora.xtec.cat\/ceipelturomontcada\/?page_id=15255"},"modified":"2020-02-21T11:41:12","modified_gmt":"2020-02-21T10:41:12","slug":"les-nostres-olimpiades","status":"publish","type":"page","link":"https:\/\/agora.xtec.cat\/ceipelturomontcada\/enllacos\/les-nostres-olimpiades\/","title":{"rendered":"LES NOSTRES OLIMPIADES"},"content":{"rendered":"<p>Aqu\u00ed podreu seguir les puntuacions dels diferents pa\u00efsos. Recordeu que aquests punts fan refer\u00e8ncia als valors esportius, no als resultats. Els punts s\u00f3n atorgats per la resta de pa\u00efsos i pels \u00e0rbitres.<br \/>\n(premeu control+F5 per actualitzar resultats)<\/p>\n<p><iframe loading=\"lazy\" src=\"https:\/\/docs.google.com\/spreadsheets\/d\/e\/2PACX-1vTm9Doj1fHLgXKFTNrnW_8uTLM4itxeSzQc_OL7T1V8mbnHz_CwECCICg_z_Tgu_jWsHksYbC75n-ep\/pubhtml?widget=true&amp;headers=false\" width=\"1500\" height=\"680\"><\/iframe><\/p>\n<p><img loading=\"lazy\" decoding=\"async\" class=\"alignnone size-large wp-image-15294\" src=\"https:\/\/agora.xtec.cat\/ceipelturomontcada\/wp-content\/uploads\/usu621\/2020\/02\/1-720x1024.png\" alt=\"\" width=\"720\" height=\"1024\" srcset=\"https:\/\/agora.xtec.cat\/ceipelturomontcada\/wp-content\/uploads\/usu621\/2020\/02\/1-720x1024.png 720w, https:\/\/agora.xtec.cat\/ceipelturomontcada\/wp-content\/uploads\/usu621\/2020\/02\/1-211x300.png 211w, https:\/\/agora.xtec.cat\/ceipelturomontcada\/wp-content\/uploads\/usu621\/2020\/02\/1-768x1092.png 768w, https:\/\/agora.xtec.cat\/ceipelturomontcada\/wp-content\/uploads\/usu621\/2020\/02\/1.png 874w\" sizes=\"auto, (max-width: 720px) 100vw, 720px\" \/><\/p>\n<p><img loading=\"lazy\" decoding=\"async\" class=\"alignnone size-large wp-image-15295\" src=\"https:\/\/agora.xtec.cat\/ceipelturomontcada\/wp-content\/uploads\/usu621\/2020\/02\/2-722x1024.png\" alt=\"\" width=\"722\" height=\"1024\" srcset=\"https:\/\/agora.xtec.cat\/ceipelturomontcada\/wp-content\/uploads\/usu621\/2020\/02\/2-722x1024.png 722w, https:\/\/agora.xtec.cat\/ceipelturomontcada\/wp-content\/uploads\/usu621\/2020\/02\/2-212x300.png 212w, https:\/\/agora.xtec.cat\/ceipelturomontcada\/wp-content\/uploads\/usu621\/2020\/02\/2-768x1089.png 768w, https:\/\/agora.xtec.cat\/ceipelturomontcada\/wp-content\/uploads\/usu621\/2020\/02\/2.png 873w\" sizes=\"auto, (max-width: 722px) 100vw, 722px\" \/><iframe loading=\"lazy\" src=\"https:\/\/docs.google.com\/document\/d\/e\/2PACX-1vSvu2glAqwOTt3u8HlEXNKdAAMp97s07m4CUXdFTPOPJjN5eJjzhUdo6DnDuJ8iqqdp1_Rz_BHLLA2k\/pub?embedded=true\" width=\"1300\" height=\"5000\"><span data-mce-type=\"bookmark\" style=\"display: inline-block; width: 0px; overflow: hidden; line-height: 0;\" class=\"mce_SELRES_start\">\ufeff<\/span><span data-mce-type=\"bookmark\" style=\"display: inline-block; width: 0px; overflow: hidden; line-height: 0;\" class=\"mce_SELRES_start\">\ufeff<\/span><span data-mce-type=\"bookmark\" style=\"display: inline-block; width: 0px; overflow: hidden; line-height: 0;\" class=\"mce_SELRES_start\">\ufeff<\/span><\/iframe><\/p>\n","protected":false},"excerpt":{"rendered":"<p>Aqu\u00ed podreu seguir les puntuacions dels diferents pa\u00efsos. Recordeu que aquests punts fan refer\u00e8ncia als valors esportius, no als resultats. Els punts s\u00f3n atorgats per la resta de pa\u00efsos i pels \u00e0rbitres.<br \/>\n(premeu control+F5 per actualitzar resultats)<\/p>\n<p>\ufeff\ufeff\ufeff<\/p>\n","protected":false},"author":3,"featured_media":0,"parent":146,"menu_order":0,"comment_status":"closed","ping_status":"closed","template":"","meta":{"_bbp_topic_count":0,"_bbp_reply_count":0,"_bbp_total_topic_count":0,"_bbp_total_reply_count":0,"_bbp_voice_count":0,"_bbp_anonymous_reply_count":0,"_bbp_topic_count_hidden":0,"_bbp_reply_count_hidden":0,"_bbp_forum_subforum_count":0,"footnotes":""},"class_list":["post-15255","page","type-page","status-publish","hentry"],"post_mailing_queue_ids":[],"_links":{"self":[{"href":"https:\/\/agora.xtec.cat\/ceipelturomontcada\/wp-json\/wp\/v2\/pages\/15255","targetHints":{"allow":["GET"]}}],"collection":[{"href":"https:\/\/agora.xtec.cat\/ceipelturomontcada\/wp-json\/wp\/v2\/pages"}],"about":[{"href":"https:\/\/agora.xtec.cat\/ceipelturomontcada\/wp-json\/wp\/v2\/types\/page"}],"author":[{"embeddable":true,"href":"https:\/\/agora.xtec.cat\/ceipelturomontcada\/wp-json\/wp\/v2\/users\/3"}],"replies":[{"embeddable":true,"href":"https:\/\/agora.xtec.cat\/ceipelturomontcada\/wp-json\/wp\/v2\/comments?post=15255"}],"version-history":[{"count":3,"href":"https:\/\/agora.xtec.cat\/ceipelturomontcada\/wp-json\/wp\/v2\/pages\/15255\/revisions"}],"predecessor-version":[{"id":15265,"href":"https:\/\/agora.xtec.cat\/ceipelturomontcada\/wp-json\/wp\/v2\/pages\/15255\/revisions\/15265"}],"up":[{"embeddable":true,"href":"https:\/\/agora.xtec.cat\/ceipelturomontcada\/wp-json\/wp\/v2\/pages\/146"}],"wp:attachment":[{"href":"https:\/\/agora.xtec.cat\/ceipelturomontcada\/wp-json\/wp\/v2\/media?parent=15255"}],"curies":[{"name":"wp","href":"https:\/\/api.w.org\/{rel}","templated":true}]}}