{"id":5484,"date":"2022-06-28T10:20:28","date_gmt":"2022-06-28T08:20:28","guid":{"rendered":"https:\/\/agora.xtec.cat\/ceipelstilers\/?page_id=5484"},"modified":"2022-06-29T10:38:39","modified_gmt":"2022-06-29T08:38:39","slug":"afa-associacio-de-families-dalumnes","status":"publish","type":"page","link":"https:\/\/agora.xtec.cat\/ceipelstilers\/pagines-dinici\/afa-associacio-de-families-dalumnes\/","title":{"rendered":"AFA ( Associaci\u00f3 de fam\u00edlies d&#8217;alumnes )"},"content":{"rendered":"<p style=\"font-weight: 400;\"><strong>QUI SOM?<\/strong><\/p>\n<p style=\"font-weight: 400;\">L\u2019Associaci\u00f3 de Fam\u00edlies d\u2019Alumnes de l\u2019Escola Els Til\u00b7lers de La Mas\u00f3 \u00e9s la principal via de participaci\u00f3 de les fam\u00edlies en la vida del centre. Som una entitat sense \u00e0nim de lucre que agrupa a <strong>les<\/strong>\u00a0<strong>fam\u00edlies que volem donar suport a l\u2019escola\u00a0<\/strong>en la cura i l\u2019educaci\u00f3 dels nostres fills i filles.<\/p>\n<p style=\"font-weight: 400;\"><strong>QU\u00c8 FEM?<\/strong><\/p>\n<p style=\"font-weight: 400;\"><strong>Vetllem:<\/strong><\/p>\n<ul>\n<li style=\"font-weight: 400;\">Per la qualitat pedag\u00f2gica del centre i pel benestar dels infants que hi conviuen.<\/li>\n<li style=\"font-weight: 400;\">Pel manteniment i la millora d\u2019aspectes relacionats amb l\u2019edifici i altres instal\u00b7lacions on es desenvolupen activitats escolars i extraescolars<\/li>\n<li style=\"font-weight: 400;\">Per afavorir i fomentar la participaci\u00f3 de les fam\u00edlies en la vida de l\u2019escola.<\/li>\n<\/ul>\n<p style=\"font-weight: 400;\"><strong>Financem:<\/strong><\/p>\n<ul>\n<li style=\"font-weight: 400;\">La celebraci\u00f3 de diverses activitats i tradicions (Castanyada, Nadal, Carnaval, Sant Jordi, Festa de final de curs,&#8230;)<\/li>\n<li style=\"font-weight: 400;\">Material escolar o millores de les instal\u00b7lacions segons les demandes de l\u2019equip docent (material pel pati, material pel menjador, llibres, jocs educatius, \u2026).<\/li>\n<\/ul>\n<p style=\"font-weight: 400;\"><strong>Gestionem:<\/strong><\/p>\n<ul>\n<li style=\"font-weight: 400;\">Les activitats extraescolars<\/li>\n<li style=\"font-weight: 400;\">Activitats i xerrades per a fam\u00edlies, per aprendre a acompanyar i educar millor als nostres fills i filles.<\/li>\n<li style=\"font-weight: 400;\">Activitats i xerrades l\u00fadiques per fomentar la cohesi\u00f3 i la coneixen\u00e7a entre els diferents agents de la comunitat educativa.<\/li>\n<li style=\"font-weight: 400;\">Rifes, sortejos o altres activitats encaminades a recollir fons per finan\u00e7ar projectes de millora de l\u2019escola.<\/li>\n<li style=\"font-weight: 400;\">Col\u00b7laboracions i participacions en la revista de la ZER, la p\u00e0gina web aix\u00ed com en altres documents o entorns de comunicaci\u00f3 i difusi\u00f3 de la tasca educativa de l\u2019escola, si aix\u00ed se\u2019ns encomana.<\/li>\n<\/ul>\n<p style=\"font-weight: 400;\"><strong>Participem:<\/strong><\/p>\n<ul>\n<li style=\"font-weight: 400;\">En les activitats i festes organitzades des de l\u2019escola<\/li>\n<li style=\"font-weight: 400;\">Com a representants al Consell Escolar<\/li>\n<li style=\"font-weight: 400;\">Com a socis d\u2019AFFAC-Associacions Federades de Fam\u00edlies d&#8217;Alumnes de Catalunya<\/li>\n<\/ul>\n<p style=\"font-weight: 400;\"><strong>COM HO FEM?<\/strong><\/p>\n<p style=\"font-weight: 400;\">La Junta de l\u2019AFA est\u00e0 formada per\u00a0<strong>fam\u00edlies volunt\u00e0ries que<\/strong>\u00a0<strong>treballem en col\u00b7laboraci\u00f3 amb la direcci\u00f3 i l\u2019equip docent del centre\u00a0<\/strong>per generar din\u00e0miques de funcionament que contribueixin a l\u2019educaci\u00f3 dels nostres fills i filles. Ens reunim peri\u00f2dicament i treballem en comissions. Convoquem assemblees de socis trimestralment i altres reunions espec\u00edfiques quan s\u00f3n necess\u00e0ries.<\/p>\n<p style=\"font-weight: 400;\"><strong>PER A QU\u00c8 FER-VOS SOCIS?<\/strong><\/p>\n<ul>\n<li style=\"font-weight: 400;\"><strong>Per<\/strong>\u00a0<strong>contribuir<\/strong>\u00a0a millorar l\u2019escola i con\u00e8ixer el seu dia a dia de m\u00e9s de prop.<\/li>\n<li style=\"font-weight: 400;\">Perqu\u00e8 la vostra implicaci\u00f3 estimula i satisf\u00e0 als vostres fills\/es,\u00a0<strong>fomentant l\u2019esperit participatiu i solidari<\/strong>.<\/li>\n<\/ul>\n<p style=\"font-weight: 400;\">A m\u00e9s:<\/p>\n<ul>\n<li style=\"font-weight: 400;\">Podreu gaudir de beneficis com a socis en quotes d\u2019inscripci\u00f3 a activitats extraescolars.<\/li>\n<\/ul>\n<p style=\"font-weight: 400;\"><strong>\u00a0<\/strong><strong>QUOTA ANUAL:<\/strong><\/p>\n<p style=\"font-weight: 400;\">La quota anual de soci \u00e9s de\u00a0<strong>25 \u20ac<\/strong>\u00a0<strong>per fam\u00edlia<\/strong>, sigui quin sigui el nombre de fills\/es escolaritzats\/des al centre.<\/p>\n<p><span class=\"JsGRdQ\">Aix\u00ed doncs des de l&#8217;AFA dels Til\u00b7lers convidem a totes les fam\u00edlies a formar-ne part per poder, entre tota la comunitat educativa, fer cr\u00e9ixer l&#8217;escola.<\/span><\/p>\n<p style=\"font-weight: 400; text-align: center;\"><strong>Associa\u2019t i participa!<\/strong><\/p>\n<p><a href=\"mailto:ampaescolaelstil.lers@gmail.com\" target=\"_blank\" rel=\"noopener\">ampaescolaelstil.lers@gmail.<wbr \/>com<\/a><\/p>\n","protected":false},"excerpt":{"rendered":"<p>QUI SOM? L\u2019Associaci\u00f3 de Fam\u00edlies d\u2019Alumnes de l\u2019Escola Els Til\u00b7lers de La Mas\u00f3 \u00e9s la principal via de participaci\u00f3 de les fam\u00edlies en la vida del centre. Som una entitat sense \u00e0nim de lucre que agrupa a les\u00a0fam\u00edlies que volem donar suport a l\u2019escola\u00a0en la cura i l\u2019educaci\u00f3 dels nostres fills i filles. QU\u00c8 FEM? [&hellip;]<\/p>\n","protected":false},"author":1,"featured_media":0,"parent":7,"menu_order":0,"comment_status":"closed","ping_status":"closed","template":"","meta":{"_bbp_topic_count":0,"_bbp_reply_count":0,"_bbp_total_topic_count":0,"_bbp_total_reply_count":0,"_bbp_voice_count":0,"_bbp_anonymous_reply_count":0,"_bbp_topic_count_hidden":0,"_bbp_reply_count_hidden":0,"_bbp_forum_subforum_count":0,"site-sidebar-layout":"default","site-content-layout":"","ast-site-content-layout":"","site-content-style":"default","site-sidebar-style":"default","ast-global-header-display":"","ast-banner-title-visibility":"","ast-main-header-display":"","ast-hfb-above-header-display":"","ast-hfb-below-header-display":"","ast-hfb-mobile-header-display":"","site-post-title":"","ast-breadcrumbs-content":"","ast-featured-img":"","footer-sml-layout":"","theme-transparent-header-meta":"","adv-header-id-meta":"","stick-header-meta":"","header-above-stick-meta":"","header-main-stick-meta":"","header-below-stick-meta":"","astra-migrate-meta-layouts":"default","ast-page-background-enabled":"default","ast-page-background-meta":{"desktop":{"background-color":"var(--ast-global-color-4)","background-image":"","background-repeat":"repeat","background-position":"center center","background-size":"auto","background-attachment":"scroll","background-type":"","background-media":"","overlay-type":"","overlay-color":"","overlay-opacity":"","overlay-gradient":""},"tablet":{"background-color":"","background-image":"","background-repeat":"repeat","background-position":"center center","background-size":"auto","background-attachment":"scroll","background-type":"","background-media":"","overlay-type":"","overlay-color":"","overlay-opacity":"","overlay-gradient":""},"mobile":{"background-color":"","background-image":"","background-repeat":"repeat","background-position":"center center","background-size":"auto","background-attachment":"scroll","background-type":"","background-media":"","overlay-type":"","overlay-color":"","overlay-opacity":"","overlay-gradient":""}},"ast-content-background-meta":{"desktop":{"background-color":"var(--ast-global-color-5)","background-image":"","background-repeat":"repeat","background-position":"center center","background-size":"auto","background-attachment":"scroll","background-type":"","background-media":"","overlay-type":"","overlay-color":"","overlay-opacity":"","overlay-gradient":""},"tablet":{"background-color":"var(--ast-global-color-5)","background-image":"","background-repeat":"repeat","background-position":"center center","background-size":"auto","background-attachment":"scroll","background-type":"","background-media":"","overlay-type":"","overlay-color":"","overlay-opacity":"","overlay-gradient":""},"mobile":{"background-color":"var(--ast-global-color-5)","background-image":"","background-repeat":"repeat","background-position":"center center","background-size":"auto","background-attachment":"scroll","background-type":"","background-media":"","overlay-type":"","overlay-color":"","overlay-opacity":"","overlay-gradient":""}},"footnotes":""},"class_list":["post-5484","page","type-page","status-publish","hentry"],"post_mailing_queue_ids":[],"_links":{"self":[{"href":"https:\/\/agora.xtec.cat\/ceipelstilers\/wp-json\/wp\/v2\/pages\/5484","targetHints":{"allow":["GET"]}}],"collection":[{"href":"https:\/\/agora.xtec.cat\/ceipelstilers\/wp-json\/wp\/v2\/pages"}],"about":[{"href":"https:\/\/agora.xtec.cat\/ceipelstilers\/wp-json\/wp\/v2\/types\/page"}],"author":[{"embeddable":true,"href":"https:\/\/agora.xtec.cat\/ceipelstilers\/wp-json\/wp\/v2\/users\/1"}],"replies":[{"embeddable":true,"href":"https:\/\/agora.xtec.cat\/ceipelstilers\/wp-json\/wp\/v2\/comments?post=5484"}],"version-history":[{"count":3,"href":"https:\/\/agora.xtec.cat\/ceipelstilers\/wp-json\/wp\/v2\/pages\/5484\/revisions"}],"predecessor-version":[{"id":5492,"href":"https:\/\/agora.xtec.cat\/ceipelstilers\/wp-json\/wp\/v2\/pages\/5484\/revisions\/5492"}],"up":[{"embeddable":true,"href":"https:\/\/agora.xtec.cat\/ceipelstilers\/wp-json\/wp\/v2\/pages\/7"}],"wp:attachment":[{"href":"https:\/\/agora.xtec.cat\/ceipelstilers\/wp-json\/wp\/v2\/media?parent=5484"}],"curies":[{"name":"wp","href":"https:\/\/api.w.org\/{rel}","templated":true}]}}