{"id":4486,"date":"2019-07-30T17:47:33","date_gmt":"2019-07-30T15:47:33","guid":{"rendered":"http:\/\/agora.xtec.cat\/ceipelstilers\/?page_id=4486"},"modified":"2019-08-28T01:33:10","modified_gmt":"2019-08-27T23:33:10","slug":"projecte-educatiu","status":"publish","type":"page","link":"https:\/\/agora.xtec.cat\/ceipelstilers\/projecte-educatiu\/","title":{"rendered":"PROJECTE EDUCATIU"},"content":{"rendered":"<p>L&#8217;escola, actualment est\u00e0 formada per 22 alumnes repartits en dos grups, cadasc\u00fa acompanyat per la seva mestra. El grup dels petits, format pels infants de P3, P4, P5 i 1r, amb la Carol i el grup dels grans, format pels infants de 2n, 3r, 4t, 5\u00e8 i 6\u00e8, amb l&#8217;Aurora.<\/p>\n<p>A l&#8217;escola Els Til\u00b7lers, s\u00f3n els infants qui van dissenyant el seu propi cam\u00ed d&#8217;aprenentatge, mitjan\u00e7ant uns objectius que acorden amb la mestra cada dilluns i que s&#8217;han d&#8217;anar assolint al llarg de la setmana. Els infants s&#8217;organitzen el dia a dia segons les seves necessitats del moment, incloent estones de treball en grup, treball individual, joc, investigaci\u00f3, lectura, propostes art\u00edstiques&#8230;, les mestres estem presents en tot moment per acompanyar i fer avan\u00e7ar tots aquests processos dels infants. Els diferents espais de l&#8217;escola estan pensats i dissenyats amb tots els materials necessaris que els cal per a construir els aprenentatges.<\/p>\n<p>Degut a aquesta manera d&#8217;entendre l&#8217;educaci\u00f3 i de treballar amb els infants, l&#8217;atenci\u00f3 a la diversitat, en aquest cas, \u00e9s plenament respectada i atesa en la totalitat dels alumnes, tot permetent que cada alumne pugui anar al seu ritme en els processos d&#8217;aprenentatge.<\/p>\n<p>La intervenci\u00f3 dels mestres especialistes, angl\u00e8s, m\u00fasica, educaci\u00f3 f\u00edsica, tamb\u00e9 va lligada, cada vegada m\u00e9s, a poder respectar la metodologia que estem establint al centre.<\/p>\n<p>&nbsp;<\/p>\n","protected":false},"excerpt":{"rendered":"<p>L&#8217;escola, actualment est\u00e0 formada per 22 alumnes repartits en dos grups, cadasc\u00fa acompanyat per la seva mestra. El grup dels petits, format pels infants de P3, P4, P5 i 1r, amb la Carol i el grup dels grans, format pels infants de 2n, 3r, 4t, 5\u00e8 i 6\u00e8, amb l&#8217;Aurora. A l&#8217;escola Els Til\u00b7lers, s\u00f3n [&hellip;]<\/p>\n","protected":false},"author":1,"featured_media":0,"parent":0,"menu_order":3,"comment_status":"closed","ping_status":"closed","template":"page-templates\/side-menu.php","meta":{"_bbp_topic_count":0,"_bbp_reply_count":0,"_bbp_total_topic_count":0,"_bbp_total_reply_count":0,"_bbp_voice_count":0,"_bbp_anonymous_reply_count":0,"_bbp_topic_count_hidden":0,"_bbp_reply_count_hidden":0,"_bbp_forum_subforum_count":0,"site-sidebar-layout":"default","site-content-layout":"","ast-site-content-layout":"","site-content-style":"default","site-sidebar-style":"default","ast-global-header-display":"","ast-banner-title-visibility":"","ast-main-header-display":"","ast-hfb-above-header-display":"","ast-hfb-below-header-display":"","ast-hfb-mobile-header-display":"","site-post-title":"","ast-breadcrumbs-content":"","ast-featured-img":"","footer-sml-layout":"","theme-transparent-header-meta":"","adv-header-id-meta":"","stick-header-meta":"","header-above-stick-meta":"","header-main-stick-meta":"","header-below-stick-meta":"","astra-migrate-meta-layouts":"default","ast-page-background-enabled":"default","ast-page-background-meta":{"desktop":{"background-color":"var(--ast-global-color-4)","background-image":"","background-repeat":"repeat","background-position":"center center","background-size":"auto","background-attachment":"scroll","background-type":"","background-media":"","overlay-type":"","overlay-color":"","overlay-opacity":"","overlay-gradient":""},"tablet":{"background-color":"","background-image":"","background-repeat":"repeat","background-position":"center center","background-size":"auto","background-attachment":"scroll","background-type":"","background-media":"","overlay-type":"","overlay-color":"","overlay-opacity":"","overlay-gradient":""},"mobile":{"background-color":"","background-image":"","background-repeat":"repeat","background-position":"center center","background-size":"auto","background-attachment":"scroll","background-type":"","background-media":"","overlay-type":"","overlay-color":"","overlay-opacity":"","overlay-gradient":""}},"ast-content-background-meta":{"desktop":{"background-color":"var(--ast-global-color-5)","background-image":"","background-repeat":"repeat","background-position":"center center","background-size":"auto","background-attachment":"scroll","background-type":"","background-media":"","overlay-type":"","overlay-color":"","overlay-opacity":"","overlay-gradient":""},"tablet":{"background-color":"var(--ast-global-color-5)","background-image":"","background-repeat":"repeat","background-position":"center center","background-size":"auto","background-attachment":"scroll","background-type":"","background-media":"","overlay-type":"","overlay-color":"","overlay-opacity":"","overlay-gradient":""},"mobile":{"background-color":"var(--ast-global-color-5)","background-image":"","background-repeat":"repeat","background-position":"center center","background-size":"auto","background-attachment":"scroll","background-type":"","background-media":"","overlay-type":"","overlay-color":"","overlay-opacity":"","overlay-gradient":""}},"footnotes":""},"class_list":["post-4486","page","type-page","status-publish","hentry"],"post_mailing_queue_ids":[],"_links":{"self":[{"href":"https:\/\/agora.xtec.cat\/ceipelstilers\/wp-json\/wp\/v2\/pages\/4486","targetHints":{"allow":["GET"]}}],"collection":[{"href":"https:\/\/agora.xtec.cat\/ceipelstilers\/wp-json\/wp\/v2\/pages"}],"about":[{"href":"https:\/\/agora.xtec.cat\/ceipelstilers\/wp-json\/wp\/v2\/types\/page"}],"author":[{"embeddable":true,"href":"https:\/\/agora.xtec.cat\/ceipelstilers\/wp-json\/wp\/v2\/users\/1"}],"replies":[{"embeddable":true,"href":"https:\/\/agora.xtec.cat\/ceipelstilers\/wp-json\/wp\/v2\/comments?post=4486"}],"version-history":[{"count":3,"href":"https:\/\/agora.xtec.cat\/ceipelstilers\/wp-json\/wp\/v2\/pages\/4486\/revisions"}],"predecessor-version":[{"id":4555,"href":"https:\/\/agora.xtec.cat\/ceipelstilers\/wp-json\/wp\/v2\/pages\/4486\/revisions\/4555"}],"wp:attachment":[{"href":"https:\/\/agora.xtec.cat\/ceipelstilers\/wp-json\/wp\/v2\/media?parent=4486"}],"curies":[{"name":"wp","href":"https:\/\/api.w.org\/{rel}","templated":true}]}}