{"id":362,"date":"2017-09-17T17:23:40","date_gmt":"2017-09-17T15:23:40","guid":{"rendered":"http:\/\/agora.xtec.cat\/ceipelsraiers\/?page_id=362"},"modified":"2025-09-10T19:57:17","modified_gmt":"2025-09-10T17:57:17","slug":"papers","status":"publish","type":"page","link":"https:\/\/agora.xtec.cat\/ceipelsraiers\/lescola\/papers\/","title":{"rendered":"PAPERS"},"content":{"rendered":"<p>Si necessiteu baixar-vos algun document que us sigui \u00fatil, aqu\u00ed el podeu trobar.<\/p>\n<p>Per comen\u00e7ar el curs us fem un resum de l&#8217;organitzaci\u00f3 de l&#8217;escola amb l<a href=\"https:\/\/drive.google.com\/file\/d\/1px4WTBAhnX2hZ8ePSlHTaMVvM02Khw1M\/view?usp=sharing\">a Circular d&#8217;inici de curs<\/a><\/p>\n<p>Tamb\u00e9 podeu trobar <a href=\"https:\/\/agora.xtec.cat\/ceipelsraiers\/lescola\/calendari-del-curs\/\">EL CALENDARI DEL CURS<\/a><\/p>\n<p>A continuaci\u00f3 podeu trobar models de documents que us poden agilitzar la gesti\u00f3 a l&#8217;escola. Si us els descarregueu al vostre ordinador els podeu omplir i reenviar.<\/p>\n<ul style=\"list-style-type: circle;\">\n<li>editable: <a href=\"https:\/\/drive.google.com\/file\/d\/1q0wyBSoFrDUd8UsHvQVa0ReUFnrE8YbB\/view?usp=sharing\">Autoritzaci\u00f3 de sortida en horari lectiu <span style=\"color: #000000;\">(Ed. Infantil i Prim\u00e0ria)<\/span><\/a><\/li>\n<li>editable: <a href=\"https:\/\/drive.google.com\/file\/d\/1Fm_siRoniPBxiEVYSkaKzyU5M4QRNjHX\/view?usp=sharing\">Autoritzaci\u00f3 de sortida per La Pobla <\/a><a href=\"https:\/\/drive.google.com\/file\/d\/1q0wyBSoFrDUd8UsHvQVa0ReUFnrE8YbB\/view?usp=sharing\"><span style=\"color: #000000;\">(Ed. Infantil i Prim\u00e0ria)<\/span><\/a><\/li>\n<li>editable: <a href=\"https:\/\/drive.google.com\/file\/d\/10qaKNqW5tEdcOc2_WSebhEKKOyXdFsbB\/view?usp=sharing\">Recollida dels alumnes de<span style=\"color: #000000;\"> 1r i 2n<\/span> i de la Comunitat dels Xics <span style=\"color: #000000;\">(I3-I4-I5)<\/span><\/a><\/li>\n<li>editable: <a href=\"https:\/\/drive.google.com\/file\/d\/1apH0YhnpgrjIDZkazlUJBLngYu-_FhqF\/view?usp=sharing\">Autoritzaci\u00f3 dels drets d&#8217;imatge i treballs de l&#8217;alumnat <\/a><a href=\"https:\/\/drive.google.com\/file\/d\/1q0wyBSoFrDUd8UsHvQVa0ReUFnrE8YbB\/view?usp=sharing\"><span style=\"color: #000000;\">(Ed. Infantil i Prim\u00e0ria)<\/span><\/a><\/li>\n<li>editable: <a href=\"https:\/\/drive.google.com\/file\/d\/1_j4tVG8gp6ZjiO30UcWLDQK9d_C_uLzP\/view?usp=sharing\">Autoritzaci\u00f3 d&#8217;administraci\u00f3 de medicaments <\/a><a href=\"https:\/\/drive.google.com\/file\/d\/1q0wyBSoFrDUd8UsHvQVa0ReUFnrE8YbB\/view?usp=sharing\"><span style=\"color: #000000;\">(Ed. Infantil i Prim\u00e0ria)<\/span><\/a><\/li>\n<li><a href=\"https:\/\/drive.google.com\/file\/d\/0B2mSa9nnW1gRblpDZmdTY0pPaUk\/view?usp=sharing\">Document d&#8217;adhesi\u00f3 al projecte de reutilitzaci\u00f3<\/a> (a partir de 3r)<\/li>\n<li>editable: <a href=\"https:\/\/drive.google.com\/file\/d\/0B2mSa9nnW1gRMVJQQkxXakNUUGc\/view?usp=sharing\">Opci\u00f3 religiosa<span style=\"color: #000000;\"> (de 1r a 6\u00e8)<\/span><\/a><\/li>\n<li>editable: <a href=\"https:\/\/drive.google.com\/file\/d\/18S11s5QFI_S3FQBw-WL8Y1bFgTvZaneh\/view?usp=sharing\">Opci\u00f3 religiosa a Prim\u00e0ria <span style=\"color: #000000;\">(nom\u00e9s alumnes de I5)<\/span><\/a><\/li>\n<li>editable: <a href=\"https:\/\/drive.google.com\/file\/d\/1QCnTXr5gCLR9LUus55LviH9vG4RQiG9G\/view?usp=sharing\">\u00das de serveis i usos digitals: G-suite i Classdojo de l&#8217;escola<\/a> <a href=\"https:\/\/drive.google.com\/file\/d\/1q0wyBSoFrDUd8UsHvQVa0ReUFnrE8YbB\/view?usp=sharing\"><span style=\"color: #000000;\">(Ed. Infantil i Prim\u00e0ria)<\/span><\/a><\/li>\n<li>editable: <a href=\"https:\/\/drive.google.com\/file\/d\/1xU2kJZ9lCR8qTS55zk3dUI9Qe4d3Or2B\/view?usp=sharing\">Comunicaci\u00f3 d&#8217;al\u00b7l\u00e8rgies <\/a><a href=\"https:\/\/drive.google.com\/file\/d\/1q0wyBSoFrDUd8UsHvQVa0ReUFnrE8YbB\/view?usp=sharing\"><span style=\"color: #000000;\">(Ed. Infantil i Prim\u00e0ria)<\/span><\/a><\/li>\n<li>editable: <a href=\"https:\/\/drive.google.com\/file\/d\/1_j4tVG8gp6ZjiO30UcWLDQK9d_C_uLzP\/view?usp=sharing\">Sol\u00b7licitud de transport <\/a><a href=\"https:\/\/drive.google.com\/file\/d\/1q0wyBSoFrDUd8UsHvQVa0ReUFnrE8YbB\/view?usp=sharing\"><span style=\"color: #000000;\">(Ed. Infantil i Prim\u00e0ria)<\/span><\/a><\/li>\n<li>editable AMPA: <a href=\"https:\/\/drive.google.com\/file\/d\/1eYeKo07MaqN7o8gObT_w9_QOWSuxFUYy\/view?usp=sharing\" target=\"_blank\" rel=\"noopener\">Autoritzaci\u00f3 drets d&#8217;imatge, \u00fas de dades i contactes <\/a><a href=\"https:\/\/drive.google.com\/file\/d\/1q0wyBSoFrDUd8UsHvQVa0ReUFnrE8YbB\/view?usp=sharing\"><span style=\"color: #000000;\">(Ed. Infantil i Prim\u00e0ria)<\/span><\/a><\/li>\n<li>editable: <a href=\"https:\/\/drive.google.com\/file\/d\/1HeOvqE5TacepaaSi6GH5IsMGnWBYh2Xr\/view?usp=sharing\">Carta de comprom\u00eds<\/a> (nom\u00e9s noves matr\u00edcules)<\/li>\n<\/ul>\n<p><strong style=\"font-size: 1.4375em;\">PER A NOUS\/NOVES ALUMNES D&#8217;EDUCACI\u00d3 INFANTIL<\/strong><\/p>\n<ul style=\"list-style-type: circle;\">\n<li><a href=\"https:\/\/drive.google.com\/file\/d\/1STdyI_zNg_v3kMwQTIsqSI6qmLZCxTgA\/view?usp=sharing\" target=\"_blank\" rel=\"noopener noreferrer\">Llistat de material dels infants d&#8217;educaci\u00f3 infantil<\/a> (noves matr\u00edcules)<\/li>\n<\/ul>\n","protected":false},"excerpt":{"rendered":"<p>Si necessiteu baixar-vos algun document que us sigui \u00fatil, aqu\u00ed el podeu trobar. Per comen\u00e7ar el curs us fem un resum de l&#8217;organitzaci\u00f3 de l&#8217;escola amb la Circular d&#8217;inici de curs Tamb\u00e9 podeu trobar EL CALENDARI DEL CURS A continuaci\u00f3 podeu trobar models de documents que us poden agilitzar la gesti\u00f3 a l&#8217;escola. Si us [&hellip;]<\/p>\n","protected":false},"author":4,"featured_media":0,"parent":22,"menu_order":0,"comment_status":"closed","ping_status":"closed","template":"","meta":{"_bbp_topic_count":0,"_bbp_reply_count":0,"_bbp_total_topic_count":0,"_bbp_total_reply_count":0,"_bbp_voice_count":0,"_bbp_anonymous_reply_count":0,"_bbp_topic_count_hidden":0,"_bbp_reply_count_hidden":0,"_bbp_forum_subforum_count":0,"site-sidebar-layout":"default","site-content-layout":"","ast-site-content-layout":"","site-content-style":"default","site-sidebar-style":"default","ast-global-header-display":"","ast-banner-title-visibility":"","ast-main-header-display":"","ast-hfb-above-header-display":"","ast-hfb-below-header-display":"","ast-hfb-mobile-header-display":"","site-post-title":"","ast-breadcrumbs-content":"","ast-featured-img":"","footer-sml-layout":"","theme-transparent-header-meta":"","adv-header-id-meta":"","stick-header-meta":"","header-above-stick-meta":"","header-main-stick-meta":"","header-below-stick-meta":"","astra-migrate-meta-layouts":"default","ast-page-background-enabled":"default","ast-page-background-meta":{"desktop":{"background-color":"var(--ast-global-color-4)","background-image":"","background-repeat":"repeat","background-position":"center center","background-size":"auto","background-attachment":"scroll","background-type":"","background-media":"","overlay-type":"","overlay-color":"","overlay-opacity":"","overlay-gradient":""},"tablet":{"background-color":"","background-image":"","background-repeat":"repeat","background-position":"center center","background-size":"auto","background-attachment":"scroll","background-type":"","background-media":"","overlay-type":"","overlay-color":"","overlay-opacity":"","overlay-gradient":""},"mobile":{"background-color":"","background-image":"","background-repeat":"repeat","background-position":"center center","background-size":"auto","background-attachment":"scroll","background-type":"","background-media":"","overlay-type":"","overlay-color":"","overlay-opacity":"","overlay-gradient":""}},"ast-content-background-meta":{"desktop":{"background-color":"var(--ast-global-color-5)","background-image":"","background-repeat":"repeat","background-position":"center center","background-size":"auto","background-attachment":"scroll","background-type":"","background-media":"","overlay-type":"","overlay-color":"","overlay-opacity":"","overlay-gradient":""},"tablet":{"background-color":"var(--ast-global-color-5)","background-image":"","background-repeat":"repeat","background-position":"center center","background-size":"auto","background-attachment":"scroll","background-type":"","background-media":"","overlay-type":"","overlay-color":"","overlay-opacity":"","overlay-gradient":""},"mobile":{"background-color":"var(--ast-global-color-5)","background-image":"","background-repeat":"repeat","background-position":"center center","background-size":"auto","background-attachment":"scroll","background-type":"","background-media":"","overlay-type":"","overlay-color":"","overlay-opacity":"","overlay-gradient":""}},"footnotes":""},"class_list":["post-362","page","type-page","status-publish","hentry"],"post_mailing_queue_ids":[],"_links":{"self":[{"href":"https:\/\/agora.xtec.cat\/ceipelsraiers\/wp-json\/wp\/v2\/pages\/362","targetHints":{"allow":["GET"]}}],"collection":[{"href":"https:\/\/agora.xtec.cat\/ceipelsraiers\/wp-json\/wp\/v2\/pages"}],"about":[{"href":"https:\/\/agora.xtec.cat\/ceipelsraiers\/wp-json\/wp\/v2\/types\/page"}],"author":[{"embeddable":true,"href":"https:\/\/agora.xtec.cat\/ceipelsraiers\/wp-json\/wp\/v2\/users\/4"}],"replies":[{"embeddable":true,"href":"https:\/\/agora.xtec.cat\/ceipelsraiers\/wp-json\/wp\/v2\/comments?post=362"}],"version-history":[{"count":7,"href":"https:\/\/agora.xtec.cat\/ceipelsraiers\/wp-json\/wp\/v2\/pages\/362\/revisions"}],"predecessor-version":[{"id":5647,"href":"https:\/\/agora.xtec.cat\/ceipelsraiers\/wp-json\/wp\/v2\/pages\/362\/revisions\/5647"}],"up":[{"embeddable":true,"href":"https:\/\/agora.xtec.cat\/ceipelsraiers\/wp-json\/wp\/v2\/pages\/22"}],"wp:attachment":[{"href":"https:\/\/agora.xtec.cat\/ceipelsraiers\/wp-json\/wp\/v2\/media?parent=362"}],"curies":[{"name":"wp","href":"https:\/\/api.w.org\/{rel}","templated":true}]}}