{"id":248,"date":"2016-02-02T13:24:23","date_gmt":"2016-02-02T12:24:23","guid":{"rendered":"http:\/\/agora.xtec.cat\/ceipelsraiers\/?page_id=248"},"modified":"2019-03-13T17:33:48","modified_gmt":"2019-03-13T16:33:48","slug":"pla-lector-de-lescola","status":"publish","type":"page","link":"https:\/\/agora.xtec.cat\/ceipelsraiers\/pla-lector-de-lescola\/","title":{"rendered":"PLA LECTOR DE L&#8217;ESCOLA"},"content":{"rendered":"<h3 id=\"sites-page-title-header\" align=\"left\"><span id=\"sites-page-title\" dir=\"ltr\" tabindex=\"-1\">La lectura<\/span><\/h3>\n<div>\n<ul>\n<li>EL GUST DE LLEGIR<\/li>\n<\/ul>\n<p>A fi de motivar els alumnes envers la lectura com a font de plaer , a tota l&#8217;escola s&#8217;organitzen activitats diverses, adaptades al grau de desenvolupament dels nens i les nenes i als seus interessos.<\/p>\n<ol>\n<li>Tots dediquem els 10 primers minuts diaris a llegir llibres, c\u00f2mics, contes, reportatges, revistes, diaris, etc.<\/li>\n<li>Es fan pr\u00e9stecs de llibres per dur a casa<\/li>\n<li>Es fan recomanacions de lectures entre els alumnes<\/li>\n<li>S&#8217;organitzen expositors tem\u00e0tics als passadissos<\/li>\n<li>Es deixen les Maletes Viatgeres ( al Parvulari )<\/li>\n<li>Es comparteixen capses de contes<\/li>\n<li>Es fa difusi\u00f3 de les activitats de lectura i sobre contes que tenen lloc a l&#8217;entorn: Concurs Anton Navarro, Concurs Pilar\u00edn Bay\u00e9s, els contes al Chalamanch, etc<\/li>\n<li>Els alumnes d&#8217;Educaci\u00f3 Infantil gaudeixen d&#8217;una estona setmanal de l&#8217;espai de la Biblioteca Municipal on s&#8217;hi miren i els llegeixen\u00a0 contes i en alguns ja els desperta la inquietud per la lectura.<\/li>\n<li>Alumnes de prim\u00e0ria visiten la biblioteca municipal<\/li>\n<li>La biblioteca escolar esdev\u00e9 un nou espai per a gaudir de la lectura, , fer recerca d&#8217;informaci\u00f3, fons de coneixements i espai per a aprendre.\u00a0El curs 2017-2018 comen\u00e7a l&#8217;activitat: <a href=\"http:\/\/agora.xtec.cat\/ceipelsraiers\/general\/un-sofa-a-la-biblioteca-cicle-inicial-2018\/\">UN SOF\u00c0 A LA BIBLIOTECA\u00a0<\/a><\/li>\n<\/ol>\n<ul>\n<li>ELS AMICS DE LECTURA<\/li>\n<\/ul>\n<p>Els alumnes del Cicle Superior ajuden a fer lectors experts als seus amics del Cicle Inicial. A 1r es fan les parelles que es mantenen a 2n.<\/p>\n<p>Les nenes i nens m\u00e9s grans de l&#8217;escola col.laboren en el proc\u00e9s lector dels m\u00e9s petits.<\/p>\n<p>Els alumnes de 4t llegeixen contes petits als Elefants i les Girafes (de P5)<\/p>\n<p>Els alumnes de 3r del Cicle Mitj\u00e0 fan una lectura a les fosques als Esquirols i a les Granotes (de P4)<\/p>\n<\/div>\n<div>\n<ul>\n<li>AUTORS A LES AULES<\/li>\n<\/ul>\n<\/div>\n<p>El Departament de Cultura de la Generalitat obre anualment la convocat\u00f2ria de sol.licituds d&#8217;autors a les aules. Cada any hi participem i ja ens han visitat el Ricard Bonmat\u00ed, el Pep Coll , <a href=\"https:\/\/sites.google.com\/a\/xtec.cat\/escolaraiers\/com-treballem\/la-lectura\/visita-de-l-enric-larreula\">l&#8217;Enric Larreula\u00a0 <\/a>i el <a href=\"https:\/\/sites.google.com\/a\/xtec.cat\/escolaraiers\/com-treballem\/la-lectura\/visita-del-pep-albanell\">Pep Albanell <\/a>( de pseud\u00f2nim Joles Senell)<\/p>\n<div dir=\"ltr\">\n<div>\n<div>El 16 d&#8217;abril de 2013 ens va visitar a l&#8217;escola l&#8217;Enric Larreula, autor de molts llibres per a infants i joves. Tots els alumnes del centre el vam con\u00e8ixer i ens va fer una sessi\u00f3 , que va variar segons l&#8217;edat. Vam estar molts atents i ens va agradar molt. Alguns port\u00e0vem un llibre seu que ens va dedicar.<\/div>\n<div><\/div>\n<div><\/div>\n<div>El dimarts 18 de febrer de 2014 ens va visitar el Pep Albanell. Nascut a Vic el 1945, va cr\u00e9ixer a La Seu d&#8217;Urgell. Escriu llibres per a nens i nenes signant amb el pseud\u00f2nim de Joles Sennell. El van con\u00e8ixer tots els alumnes de prim\u00e0ria i va signar els llibres d&#8217;aquells que en portaven i estaven preparats per llegir. A cada cicle va sortejar dos llibres que els alumnes afortunats s&#8217;enduran a final de curs, despr\u00e9s que els seus companys en puguin haver gaudit a la classe. La visita va ser una experi\u00e8ncia molt enriquidora per a tots: alumnes i mestres.<\/div>\n<\/div>\n<div><\/div>\n<div><\/div>\n<div>Els Serveis Educatius dels Pallars organitzen itineraris de lectures mitjan\u00e7ant Maletes, promouen la visita d&#8217;algun escriptor a les escoles i gestionen els pr\u00e9stecs<\/div>\n<\/div>\n<div>Els alumnes de 2n han llegit &#8220;L&#8217;ESQUIROL RIC-RIC &#8221; i els ha visitat el J.M. Roy.<\/div>\n<div>Els alumnes del Cicle Superior han llegit &#8220;\u00a1ESFUMA&#8217;T GAUDENCI!&#8221; i els ha visitat la Maite Carranza.<\/div>\n<div>Curs 14-15 ens ha visitat la Lola Casas<\/div>\n<div>Curs 15-16 hem tingut la visita del Jaume Cela i de la il.lustradora S\u00f2nia Alins.<\/div>\n","protected":false},"excerpt":{"rendered":"<p>La lectura EL GUST DE LLEGIR A fi de motivar els alumnes envers la lectura com a font de plaer , a tota l&#8217;escola s&#8217;organitzen activitats diverses, adaptades al grau de desenvolupament dels nens i les nenes i als seus interessos. Tots dediquem els 10 primers minuts diaris a llegir llibres, c\u00f2mics, contes, reportatges, revistes, [&hellip;]<\/p>\n","protected":false},"author":1,"featured_media":0,"parent":0,"menu_order":1,"comment_status":"closed","ping_status":"closed","template":"","meta":{"_bbp_topic_count":0,"_bbp_reply_count":0,"_bbp_total_topic_count":0,"_bbp_total_reply_count":0,"_bbp_voice_count":0,"_bbp_anonymous_reply_count":0,"_bbp_topic_count_hidden":0,"_bbp_reply_count_hidden":0,"_bbp_forum_subforum_count":0,"site-sidebar-layout":"default","site-content-layout":"","ast-site-content-layout":"","site-content-style":"default","site-sidebar-style":"default","ast-global-header-display":"","ast-banner-title-visibility":"","ast-main-header-display":"","ast-hfb-above-header-display":"","ast-hfb-below-header-display":"","ast-hfb-mobile-header-display":"","site-post-title":"","ast-breadcrumbs-content":"","ast-featured-img":"","footer-sml-layout":"","theme-transparent-header-meta":"","adv-header-id-meta":"","stick-header-meta":"","header-above-stick-meta":"","header-main-stick-meta":"","header-below-stick-meta":"","astra-migrate-meta-layouts":"default","ast-page-background-enabled":"default","ast-page-background-meta":{"desktop":{"background-color":"var(--ast-global-color-4)","background-image":"","background-repeat":"repeat","background-position":"center center","background-size":"auto","background-attachment":"scroll","background-type":"","background-media":"","overlay-type":"","overlay-color":"","overlay-opacity":"","overlay-gradient":""},"tablet":{"background-color":"","background-image":"","background-repeat":"repeat","background-position":"center center","background-size":"auto","background-attachment":"scroll","background-type":"","background-media":"","overlay-type":"","overlay-color":"","overlay-opacity":"","overlay-gradient":""},"mobile":{"background-color":"","background-image":"","background-repeat":"repeat","background-position":"center center","background-size":"auto","background-attachment":"scroll","background-type":"","background-media":"","overlay-type":"","overlay-color":"","overlay-opacity":"","overlay-gradient":""}},"ast-content-background-meta":{"desktop":{"background-color":"var(--ast-global-color-5)","background-image":"","background-repeat":"repeat","background-position":"center center","background-size":"auto","background-attachment":"scroll","background-type":"","background-media":"","overlay-type":"","overlay-color":"","overlay-opacity":"","overlay-gradient":""},"tablet":{"background-color":"var(--ast-global-color-5)","background-image":"","background-repeat":"repeat","background-position":"center center","background-size":"auto","background-attachment":"scroll","background-type":"","background-media":"","overlay-type":"","overlay-color":"","overlay-opacity":"","overlay-gradient":""},"mobile":{"background-color":"var(--ast-global-color-5)","background-image":"","background-repeat":"repeat","background-position":"center center","background-size":"auto","background-attachment":"scroll","background-type":"","background-media":"","overlay-type":"","overlay-color":"","overlay-opacity":"","overlay-gradient":""}},"footnotes":""},"class_list":["post-248","page","type-page","status-publish","hentry"],"post_mailing_queue_ids":[],"_links":{"self":[{"href":"https:\/\/agora.xtec.cat\/ceipelsraiers\/wp-json\/wp\/v2\/pages\/248","targetHints":{"allow":["GET"]}}],"collection":[{"href":"https:\/\/agora.xtec.cat\/ceipelsraiers\/wp-json\/wp\/v2\/pages"}],"about":[{"href":"https:\/\/agora.xtec.cat\/ceipelsraiers\/wp-json\/wp\/v2\/types\/page"}],"author":[{"embeddable":true,"href":"https:\/\/agora.xtec.cat\/ceipelsraiers\/wp-json\/wp\/v2\/users\/1"}],"replies":[{"embeddable":true,"href":"https:\/\/agora.xtec.cat\/ceipelsraiers\/wp-json\/wp\/v2\/comments?post=248"}],"version-history":[{"count":4,"href":"https:\/\/agora.xtec.cat\/ceipelsraiers\/wp-json\/wp\/v2\/pages\/248\/revisions"}],"predecessor-version":[{"id":2676,"href":"https:\/\/agora.xtec.cat\/ceipelsraiers\/wp-json\/wp\/v2\/pages\/248\/revisions\/2676"}],"wp:attachment":[{"href":"https:\/\/agora.xtec.cat\/ceipelsraiers\/wp-json\/wp\/v2\/media?parent=248"}],"curies":[{"name":"wp","href":"https:\/\/api.w.org\/{rel}","templated":true}]}}