{"id":4680,"date":"2020-02-10T14:18:39","date_gmt":"2020-02-10T13:18:39","guid":{"rendered":"http:\/\/agora.xtec.cat\/ceipelsquatrevents\/?page_id=4680"},"modified":"2026-03-05T16:30:01","modified_gmt":"2026-03-05T15:30:01","slug":"professionals-del-centre","status":"publish","type":"page","link":"https:\/\/agora.xtec.cat\/ceipelsquatrevents\/professionals-del-centre\/","title":{"rendered":"Professionals del centre"},"content":{"rendered":"<p><strong>EQUIP DIRECTIU<\/strong><\/p>\n<p>Directora: Anna Vidal Palau (<a href=\"https:\/\/agora.xtec.cat\/ceipelsquatrevents\/wp-content\/uploads\/usu1091\/2025\/01\/S36C-6e25012714550.pdf\">Perfil Professional<\/a>).<\/p>\n<p>Cap d&#8217;Estudis: N\u00faria Font Farr\u00e9 (<a href=\"https:\/\/agora.xtec.cat\/ceipelsquatrevents\/wp-content\/uploads\/usu1091\/2025\/01\/S36C-6e25012714551.pdf\">Perfil Professional<\/a>). Tutora 1rB<\/p>\n<p>Secret\u00e0ria: N\u00faria Su\u00e0rez Coronas (<a href=\"https:\/\/agora.xtec.cat\/ceipelsquatrevents\/wp-content\/uploads\/usu1091\/2025\/01\/S36C-6e25012714552.pdf\">Perfil Professional<\/a>). Tutora I5<\/p>\n<p><strong>EQUIP DE MESTRES<\/strong><\/p>\n<p>L\u00eddia Acosta. Tutora I3. Coordinadora educaci\u00f3 infantil<\/p>\n<p>Tere Rovira. Tutora I4<\/p>\n<p>N\u00faria Su\u00e1rez-Coronas. Tutora I5<\/p>\n<p>Ariadna Juanpere. Yasmina G\u00f3mez. Suport infantil<\/p>\n<p>Ester Batlle. Tutora 1rA<\/p>\n<p>N\u00faria Font. Tutora 1rB<\/p>\n<p>Roser Cat\u00e0. Tutora 2n. Coordinadora cicle inicial<\/p>\n<p>Cristina Morera. Tutora 3rA<\/p>\n<p>Marta Palau. Tutora 3rB<\/p>\n<p>Vanesa Narv\u00e1ez + Noem\u00ed Cobo. Tutores 4t. (Noem\u00ed coordinadora cicle mitj\u00e0)<\/p>\n<p>Mar\u00eda Atanes + Alai Descarrega. Tutors 5\u00e8A.<\/p>\n<p>Vicky Palau. Tutora 5\u00e8B<\/p>\n<p>Lorena S\u00e1nchez. Tutora 6\u00e8A<\/p>\n<p>Alan Fern\u00e1ndez. Tutor 6\u00e8B. Coordinador cicle superior<\/p>\n<p>N\u00faria Aragon\u00e8s. Mestra de m\u00fasica<\/p>\n<p>Marga Carol. Mestra d&#8217;Educaci\u00f3 Especial<\/p>\n<p>Dami\u00e0 L\u00f3pez. Mestre d&#8217;inform\u00e0tica, rob\u00f2tica i suports. Coordinador d&#8217;inform\u00e0tica<\/p>\n<p>Ana Maria Fern\u00e1ndez. Mestra de religi\u00f3<\/p>\n<p>Ana M. Aguirre. Cristina Morera. Alai Descarrega. Mestres d&#8217;angl\u00e8s<\/p>\n<p>&nbsp;<\/p>\n<p><strong>ALTRES PROFESSIONALS<\/strong><\/p>\n<p>Neus Angl\u00e8s. Psicopedagoga EAP<\/p>\n<p>Vero Ghia. Vetlladora<\/p>\n<p>Magda Manzanares. Conserge<\/p>\n<p>&nbsp;<\/p>\n<p>&nbsp;<\/p>\n<p>&nbsp;<\/p>\n<p>&nbsp;<\/p>\n<p>&nbsp;<\/p>\n","protected":false},"excerpt":{"rendered":"<p>EQUIP DIRECTIU Directora: Anna Vidal Palau (Perfil Professional). Cap d&#8217;Estudis: N\u00faria Font Farr\u00e9 (Perfil Professional). Tutora 1rB Secret\u00e0ria: N\u00faria Su\u00e0rez Coronas (Perfil Professional). Tutora I5 EQUIP DE MESTRES L\u00eddia Acosta. Tutora I3. Coordinadora educaci\u00f3 infantil Tere Rovira. Tutora I4 N\u00faria Su\u00e1rez-Coronas. Tutora I5 Ariadna Juanpere. Yasmina G\u00f3mez. Suport infantil Ester Batlle. Tutora 1rA N\u00faria Font. [&hellip;]<\/p>\n","protected":false},"author":1,"featured_media":0,"parent":0,"menu_order":0,"comment_status":"closed","ping_status":"closed","template":"","meta":{"_bbp_topic_count":0,"_bbp_reply_count":0,"_bbp_total_topic_count":0,"_bbp_total_reply_count":0,"_bbp_voice_count":0,"_bbp_anonymous_reply_count":0,"_bbp_topic_count_hidden":0,"_bbp_reply_count_hidden":0,"_bbp_forum_subforum_count":0,"site-sidebar-layout":"default","site-content-layout":"","ast-site-content-layout":"default","site-content-style":"default","site-sidebar-style":"default","ast-global-header-display":"","ast-banner-title-visibility":"","ast-main-header-display":"","ast-hfb-above-header-display":"","ast-hfb-below-header-display":"","ast-hfb-mobile-header-display":"","site-post-title":"","ast-breadcrumbs-content":"","ast-featured-img":"","footer-sml-layout":"","theme-transparent-header-meta":"default","adv-header-id-meta":"","stick-header-meta":"","header-above-stick-meta":"","header-main-stick-meta":"","header-below-stick-meta":"","astra-migrate-meta-layouts":"set","ast-page-background-enabled":"default","ast-page-background-meta":{"desktop":{"background-color":"var(--ast-global-color-4)","background-image":"","background-repeat":"repeat","background-position":"center center","background-size":"auto","background-attachment":"scroll","background-type":"","background-media":"","overlay-type":"","overlay-color":"","overlay-opacity":"","overlay-gradient":""},"tablet":{"background-color":"","background-image":"","background-repeat":"repeat","background-position":"center center","background-size":"auto","background-attachment":"scroll","background-type":"","background-media":"","overlay-type":"","overlay-color":"","overlay-opacity":"","overlay-gradient":""},"mobile":{"background-color":"","background-image":"","background-repeat":"repeat","background-position":"center center","background-size":"auto","background-attachment":"scroll","background-type":"","background-media":"","overlay-type":"","overlay-color":"","overlay-opacity":"","overlay-gradient":""}},"ast-content-background-meta":{"desktop":{"background-color":"var(--ast-global-color-5)","background-image":"","background-repeat":"repeat","background-position":"center center","background-size":"auto","background-attachment":"scroll","background-type":"","background-media":"","overlay-type":"","overlay-color":"","overlay-opacity":"","overlay-gradient":""},"tablet":{"background-color":"var(--ast-global-color-5)","background-image":"","background-repeat":"repeat","background-position":"center center","background-size":"auto","background-attachment":"scroll","background-type":"","background-media":"","overlay-type":"","overlay-color":"","overlay-opacity":"","overlay-gradient":""},"mobile":{"background-color":"var(--ast-global-color-5)","background-image":"","background-repeat":"repeat","background-position":"center center","background-size":"auto","background-attachment":"scroll","background-type":"","background-media":"","overlay-type":"","overlay-color":"","overlay-opacity":"","overlay-gradient":""}},"footnotes":""},"class_list":["post-4680","page","type-page","status-publish","hentry"],"post_mailing_queue_ids":[],"_links":{"self":[{"href":"https:\/\/agora.xtec.cat\/ceipelsquatrevents\/wp-json\/wp\/v2\/pages\/4680","targetHints":{"allow":["GET"]}}],"collection":[{"href":"https:\/\/agora.xtec.cat\/ceipelsquatrevents\/wp-json\/wp\/v2\/pages"}],"about":[{"href":"https:\/\/agora.xtec.cat\/ceipelsquatrevents\/wp-json\/wp\/v2\/types\/page"}],"author":[{"embeddable":true,"href":"https:\/\/agora.xtec.cat\/ceipelsquatrevents\/wp-json\/wp\/v2\/users\/1"}],"replies":[{"embeddable":true,"href":"https:\/\/agora.xtec.cat\/ceipelsquatrevents\/wp-json\/wp\/v2\/comments?post=4680"}],"version-history":[{"count":6,"href":"https:\/\/agora.xtec.cat\/ceipelsquatrevents\/wp-json\/wp\/v2\/pages\/4680\/revisions"}],"predecessor-version":[{"id":11810,"href":"https:\/\/agora.xtec.cat\/ceipelsquatrevents\/wp-json\/wp\/v2\/pages\/4680\/revisions\/11810"}],"wp:attachment":[{"href":"https:\/\/agora.xtec.cat\/ceipelsquatrevents\/wp-json\/wp\/v2\/media?parent=4680"}],"curies":[{"name":"wp","href":"https:\/\/api.w.org\/{rel}","templated":true}]}}