{"id":966,"date":"2017-10-24T12:39:27","date_gmt":"2017-10-24T10:39:27","guid":{"rendered":"http:\/\/agora.xtec.cat\/ceipelspins\/?page_id=966"},"modified":"2024-01-26T13:28:42","modified_gmt":"2024-01-26T12:28:42","slug":"cantania","status":"publish","type":"page","link":"https:\/\/agora.xtec.cat\/ceipelspins\/projectes\/cantania\/","title":{"rendered":"CANT\u00c0NIA"},"content":{"rendered":"<p><span style=\"font-weight: 400;\">Cant\u00e0nia \u00e9s un projecte musical participatiu que engresca tantes escoles de tot Catalunya que el sol fet de poder-hi participar \u00e9s tot un luxe! I aquest curs els i les alumnes de 5\u00e8 de l\u2019Escola Els Pins tenen la sort de poder formar part d\u2019aquest projecte tan emocionant.<\/span><\/p>\n<p><span style=\"font-weight: 400;\">Cada any s\u2019estrena una obra encarregada especialment per a aquesta activitat i \u00e9s <\/span><span style=\"font-weight: 400;\">interpretada per 50.000 nenes i nens de 4t, 5\u00e8 i 6\u00e8 d\u2019Educaci\u00f3 Prim\u00e0ria de tot Catalunya.<\/span><\/p>\n<p style=\"text-align: center;\"><a href=\"https:\/\/www.auditori.cat\/ca\/esdeveniment\/cantania-les-portes-del-mon\/\" target=\"_blank\" rel=\"noopener noreferrer\"><img loading=\"lazy\" decoding=\"async\" class=\"alignnone wp-image-975\" src=\"http:\/\/agora.xtec.cat\/ceipelspins\/wp-content\/uploads\/usu319\/2017\/10\/xCANTANIA113.1.jpg.pagespeed.ic_.b6kWILQQTg.jpg\" alt=\"\" width=\"418\" height=\"268\" srcset=\"https:\/\/agora.xtec.cat\/ceipelspins\/wp-content\/uploads\/usu319\/2017\/10\/xCANTANIA113.1.jpg.pagespeed.ic_.b6kWILQQTg.jpg 630w, https:\/\/agora.xtec.cat\/ceipelspins\/wp-content\/uploads\/usu319\/2017\/10\/xCANTANIA113.1.jpg.pagespeed.ic_.b6kWILQQTg-300x192.jpg 300w\" sizes=\"auto, (max-width: 418px) 100vw, 418px\" \/><\/a><\/p>\n<p>&nbsp;<\/p>\n<p>&nbsp;<\/p>\n<p>&nbsp;<\/p>\n<p>&nbsp;<\/p>\n<p>&nbsp;<\/p>\n<p>&nbsp;<\/p>\n<p>&nbsp;<\/p>\n<p>&nbsp;<\/p>\n<p>&nbsp;<\/p>\n<p>&nbsp;<\/p>\n<p>&nbsp;<\/p>\n","protected":false},"excerpt":{"rendered":"<p>Cant\u00e0nia \u00e9s un projecte musical participatiu que engresca tantes escoles de tot Catalunya que el sol fet de poder-hi participar \u00e9s tot un luxe! I aquest curs els i les alumnes de 5\u00e8 de l\u2019Escola Els Pins tenen la sort de poder formar part d\u2019aquest&hellip;  <a href=\"https:\/\/agora.xtec.cat\/ceipelspins\/projectes\/cantania\/\" title=\"Read CANT\u00c0NIA\">Llegeix m\u00e9s\u00bb<\/a><\/p>\n","protected":false},"author":1,"featured_media":0,"parent":2879,"menu_order":9,"comment_status":"closed","ping_status":"closed","template":"page-templates\/side-menu.php","meta":{"_bbp_topic_count":0,"_bbp_reply_count":0,"_bbp_total_topic_count":0,"_bbp_total_reply_count":0,"_bbp_voice_count":0,"_bbp_anonymous_reply_count":0,"_bbp_topic_count_hidden":0,"_bbp_reply_count_hidden":0,"_bbp_forum_subforum_count":0,"footnotes":""},"class_list":["post-966","page","type-page","status-publish","hentry"],"post_mailing_queue_ids":[],"_links":{"self":[{"href":"https:\/\/agora.xtec.cat\/ceipelspins\/wp-json\/wp\/v2\/pages\/966","targetHints":{"allow":["GET"]}}],"collection":[{"href":"https:\/\/agora.xtec.cat\/ceipelspins\/wp-json\/wp\/v2\/pages"}],"about":[{"href":"https:\/\/agora.xtec.cat\/ceipelspins\/wp-json\/wp\/v2\/types\/page"}],"author":[{"embeddable":true,"href":"https:\/\/agora.xtec.cat\/ceipelspins\/wp-json\/wp\/v2\/users\/1"}],"replies":[{"embeddable":true,"href":"https:\/\/agora.xtec.cat\/ceipelspins\/wp-json\/wp\/v2\/comments?post=966"}],"version-history":[{"count":3,"href":"https:\/\/agora.xtec.cat\/ceipelspins\/wp-json\/wp\/v2\/pages\/966\/revisions"}],"predecessor-version":[{"id":19877,"href":"https:\/\/agora.xtec.cat\/ceipelspins\/wp-json\/wp\/v2\/pages\/966\/revisions\/19877"}],"up":[{"embeddable":true,"href":"https:\/\/agora.xtec.cat\/ceipelspins\/wp-json\/wp\/v2\/pages\/2879"}],"wp:attachment":[{"href":"https:\/\/agora.xtec.cat\/ceipelspins\/wp-json\/wp\/v2\/media?parent=966"}],"curies":[{"name":"wp","href":"https:\/\/api.w.org\/{rel}","templated":true}]}}