{"id":6836,"date":"2019-11-25T12:22:06","date_gmt":"2019-11-25T11:22:06","guid":{"rendered":"https:\/\/agora.xtec.cat\/ceipelspins\/?page_id=6836"},"modified":"2026-04-13T12:51:15","modified_gmt":"2026-04-13T10:51:15","slug":"aportacions-economiques-activitats-complementaries-sortides-2","status":"publish","type":"page","link":"https:\/\/agora.xtec.cat\/ceipelspins\/documentacio\/aportacions-economiques-activitats-complementaries-sortides-2\/","title":{"rendered":"APORTACIONS ECON\u00d2MIQUES: Activitats complement\u00e0ries, sortides escolars, col\u00f2nies i viatge final de curs 6\u00e8"},"content":{"rendered":"<p><a href=\"https:\/\/drive.google.com\/file\/d\/18YTuE8mMnhciVA44UHYkx2M7DP2nH5Zz\/view?usp=drive_link\">APORTACIONS ECON\u00d2MIQUES D&#8217;ACTIVITATS COMPLEMENT\u00c0RIES I SORTIDES ESCOLARS 2025-2026 <strong>CURS I3<\/strong><\/a><\/p>\n<p><a href=\"https:\/\/drive.google.com\/file\/d\/1-JkuFUi5e2SXfv2ack2vFNdguFf86H72\/view?usp=drive_link\">APORTACIONS ECON\u00d2MIQUES D&#8217;ACTIVITATS COMPLEMENT\u00c0RIES I SORTIDES ESCOLARS 2025-2026 <strong>CURS I4<\/strong><\/a><\/p>\n<p><a href=\"https:\/\/drive.google.com\/file\/d\/1W7jJ460JaOzVIiXwTXtUmDfE4KwQi9j5\/view?usp=drive_link\">APORTACIONS ECON\u00d2MIQUES D&#8217;ACTIVITATS COMPLEMENT\u00c0RIES I SORTIDES ESCOLARS 2025-2026 <strong>CURS I5<\/strong><\/a><\/p>\n<p><a href=\"https:\/\/drive.google.com\/file\/d\/1kj90bmKNfynFv9v7CvHulH_8rrxzjcOj\/view?usp=drive_link\">APORTACIONS ECON\u00d2MIQUES D&#8217;ACTIVITATS COMPLEMENT\u00c0RIES I SORTIDES ESCOLARS 2025-2026 <strong>CURS 1r<\/strong><\/a><\/p>\n<p><a href=\"https:\/\/drive.google.com\/file\/d\/1V7ZX6FQ1AKhVWwEJvqtb3bS9aq0iWPej\/view?usp=drive_link\">APORTACIONS ECON\u00d2MIQUES D&#8217;ACTIVITATS COMPLEMENT\u00c0RIES I SORTIDES ESCOLARS 2025-2026 <strong>CURS 2n<\/strong><\/a><\/p>\n<p><a href=\"https:\/\/drive.google.com\/file\/d\/1pSnlgWB8YzaMWUdxPF9XqOkQl0ZXLI_J\/view?usp=drive_link\">APORTACIONS ECON\u00d2MIQUES D&#8217;ACTIVITATS COMPLEMENT\u00c0RIES I SORTIDES ESCOLARS 2025-2026 <strong>CURS 3r<\/strong><\/a><\/p>\n<p><a href=\"https:\/\/drive.google.com\/file\/d\/1b16a3vC7z1qjNQTwqsyaE-XL7eIXBcZI\/view?usp=drive_link\">APORTACIONS ECON\u00d2MIQUES D&#8217;ACTIVITATS COMPLEMENT\u00c0RIES I SORTIDES ESCOLARS 2025-2026 <strong>CURS 4t<\/strong><\/a><\/p>\n<p><a href=\"https:\/\/drive.google.com\/file\/d\/1Ds2bO0DvsK31j0JFqyKhetvBj8FusyrX\/view?usp=drive_link\">APORTACIONS ECON\u00d2MIQUES D&#8217;ACTIVITATS COMPLEMENT\u00c0RIES I SORTIDES ESCOLARS 2025-2026 <strong>CURS 5\u00e8<\/strong><\/a><\/p>\n<p><a href=\"https:\/\/drive.google.com\/file\/d\/1E1l_b83-wUfA7ZsV8A_mafdt4SK2oVoy\/view?usp=drive_link\">APORTACIONS ECON\u00d2MIQUES D&#8217;ACTIVITATS COMPLEMENT\u00c0RIES I SORTIDES ESCOLARS 2025-2026 <strong>CURS 6\u00e8<\/strong><\/a><\/p>\n<p><a href=\"https:\/\/agora.xtec.cat\/ceipelspins\/wp-content\/uploads\/usu319\/2025\/10\/QUOTES-COLONIES-I-VIATGE-FINAL-DE-CURS-6e-CURS-2025-26.pdf\">COL\u00d2NIES I VIATGE DE FINAL DE CURS 6\u00e8 2025-2026<\/a><\/p>\n<p>&nbsp;<\/p>\n","protected":false},"excerpt":{"rendered":"<p><a href=\"https:\/\/drive.google.com\/file\/d\/18YTuE8mMnhciVA44UHYkx2M7DP2nH5Zz\/view?usp=drive_link\">APORTACIONS ECON\u00d2MIQUES D&#8217;ACTIVITATS COMPLEMENT\u00c0RIES I SORTIDES ESCOLARS 2025-2026 CURS I3<\/a><br \/>\n<a href=\"https:\/\/drive.google.com\/file\/d\/1-JkuFUi5e2SXfv2ack2vFNdguFf86H72\/view?usp=drive_link\">APORTACIONS ECON\u00d2MIQUES D&#8217;ACTIVITATS COMPLEMENT\u00c0RIES I SORTIDES ESCOLARS 2025-2026 CURS I4<\/a><br \/>\n<a href=\"https:\/\/drive.google.com\/file\/d\/1W7jJ460JaOzVIiXwTXtUmDfE4KwQi9j5\/view?usp=drive_link\">APORTACIONS ECON\u00d2MIQUES D&#8217;ACTIVITATS COMPLEMENT\u00c0RIES I SORTIDES ESCOLARS 2025-2026 CURS I5<\/a><br \/>\n<a href=\"https:\/\/drive.google.com\/file\/d\/1kj90bmKNfynFv9v7CvHulH_8rrxzjcOj\/view?usp=drive_link\">APORTACIONS ECON\u00d2MIQUES D&#8217;ACTIVITATS COMPLEMENT\u00c0RIES I SORTIDES ESCOLARS 2025-2026 CURS 1r<\/a><br \/>\n<a href=\"https:\/\/drive.google.com\/file\/d\/1V7ZX6FQ1AKhVWwEJvqtb3bS9aq0iWPej\/view?usp=drive_link\">APORTACIONS ECON\u00d2MIQUES D&#8217;ACTIVITATS COMPLEMENT\u00c0RIES&hellip;  <a href=\"https:\/\/agora.xtec.cat\/ceipelspins\/documentacio\/aportacions-economiques-activitats-complementaries-sortides-2\/\" title=\"Read APORTACIONS ECON\u00d2MIQUES: Activitats complement\u00e0ries, sortides escolars, col\u00f2nies i viatge final de curs 6\u00e8\">Llegeix m\u00e9s\u00bb<\/a><\/p>\n","protected":false},"author":1,"featured_media":0,"parent":64,"menu_order":60,"comment_status":"closed","ping_status":"closed","template":"page-templates\/side-menu.php","meta":{"_bbp_topic_count":0,"_bbp_reply_count":0,"_bbp_total_topic_count":0,"_bbp_total_reply_count":0,"_bbp_voice_count":0,"_bbp_anonymous_reply_count":0,"_bbp_topic_count_hidden":0,"_bbp_reply_count_hidden":0,"_bbp_forum_subforum_count":0,"footnotes":""},"class_list":["post-6836","page","type-page","status-publish","hentry"],"post_mailing_queue_ids":[],"_links":{"self":[{"href":"https:\/\/agora.xtec.cat\/ceipelspins\/wp-json\/wp\/v2\/pages\/6836","targetHints":{"allow":["GET"]}}],"collection":[{"href":"https:\/\/agora.xtec.cat\/ceipelspins\/wp-json\/wp\/v2\/pages"}],"about":[{"href":"https:\/\/agora.xtec.cat\/ceipelspins\/wp-json\/wp\/v2\/types\/page"}],"author":[{"embeddable":true,"href":"https:\/\/agora.xtec.cat\/ceipelspins\/wp-json\/wp\/v2\/users\/1"}],"replies":[{"embeddable":true,"href":"https:\/\/agora.xtec.cat\/ceipelspins\/wp-json\/wp\/v2\/comments?post=6836"}],"version-history":[{"count":6,"href":"https:\/\/agora.xtec.cat\/ceipelspins\/wp-json\/wp\/v2\/pages\/6836\/revisions"}],"predecessor-version":[{"id":25107,"href":"https:\/\/agora.xtec.cat\/ceipelspins\/wp-json\/wp\/v2\/pages\/6836\/revisions\/25107"}],"up":[{"embeddable":true,"href":"https:\/\/agora.xtec.cat\/ceipelspins\/wp-json\/wp\/v2\/pages\/64"}],"wp:attachment":[{"href":"https:\/\/agora.xtec.cat\/ceipelspins\/wp-json\/wp\/v2\/media?parent=6836"}],"curies":[{"name":"wp","href":"https:\/\/api.w.org\/{rel}","templated":true}]}}