{"id":64,"date":"2014-09-18T12:39:08","date_gmt":"2014-09-18T11:39:08","guid":{"rendered":"http:\/\/agora.xtec.cat\/ceipelspins\/?page_id=64"},"modified":"2025-10-22T13:30:00","modified_gmt":"2025-10-22T11:30:00","slug":"documentacio","status":"publish","type":"page","link":"https:\/\/agora.xtec.cat\/ceipelspins\/documentacio\/","title":{"rendered":"DOCUMENTACI\u00d3 DE CENTRE"},"content":{"rendered":"<p><span style=\"text-decoration: underline;\"><span style=\"color: #000000; text-decoration: underline;\">Documents i informacions que hem de publicar<\/span><\/span>, segons la Llei 19\/2014, del 29 de desembre, de transpar\u00e8ncia, acc\u00e9s a la informaci\u00f3 p\u00fablica i bon govern (en endavant, LTAIPBG) i la Instrucci\u00f3 2\/2019, de 25 de febrer, per a la tramitaci\u00f3 de les sol\u00b7licituds de dret d&#8217;acc\u00e9s a la informaci\u00f3 p\u00fablica i al compliment de les obligacions de publicitat activa, obertura de dades p\u00fabliques, bon govern i participaci\u00f3 ciutadana:<\/p>\n<p><span style=\"color: #800080;\"><strong><strong>1. P<\/strong>ROJECTE EDUCATIU DE CENTRE (PEC), on haur\u00e0 d&#8217;estar incl\u00f2s el PROJECTE LING\u00dc\u00cdSTIC (PL).\u00a0<\/strong><\/span><\/p>\n<p><strong><span style=\"color: #800080;\">2. NORMES D&#8217;ORGANITZACI\u00d3 I FUNCIONAMENT DE CENTRE (NOFC). <\/span><\/strong><\/p>\n<p><span style=\"color: #800080;\"><strong>3. PROJECTE DE CONVIV\u00c8NCIA.\u00a0<\/strong><span style=\"color: #000000;\">Aquest <strong>Projecte de Conviv\u00e8ncia<\/strong> es troba recollit \u00edntegrament a les NOFC del nostre centre, en el cap\u00edtol V, de la p\u00e0gina 53 a la p\u00e0gina 61.<\/span><\/span><\/p>\n<p><span style=\"color: #800080;\"><strong>4. CARTA DE COMPROM\u00cdS EDUCATIU<\/strong><\/span><\/p>\n<p><span style=\"color: #800080;\"><strong>5. ACORDS DEL CONSELL ESCOLAR\u00a0<\/strong><\/span><\/p>\n<p><span style=\"color: #800080;\"><strong>6. APORTACIONS ECON\u00d2MIQUES DE LES FAM\u00cdLIES: <\/strong><\/span><\/p>\n<p><span style=\"color: #800080;\"><strong>a) APORTACIONS ECON\u00d2MIQUES PER\u00a0 LLIBRES I MATERIAL ESCOLAR<\/strong><\/span><\/p>\n<p><span style=\"color: #800080;\"><strong>b) APORTACIONS ECON\u00d2MIQUES PER ACTIVITATS COMPLEMENT\u00c0RIES-SORTIDES ESCOLARS.<\/strong><\/span><\/p>\n<p><span style=\"color: #800080;\"><strong style=\"color: #800080;\">7. ESTRUCTURA ORGANITZATIVA INTERNA<\/strong><\/span><\/p>\n<p><span style=\"color: #800080;\"><strong>8. PERFIL I TRAJECT\u00d2RIA PROFESSIONAL EQUIP DIRECTIU<\/strong><\/span><\/p>\n<p><span style=\"color: #800080;\"><strong>9. DADES DEL PRESSUPOST I PARTIDES PRESSUPOST\u00c0RIES EXERCICI 2025<\/strong><\/span><\/p>\n<p><span style=\"color: #800080;\"><strong>10. LIQUIDACI\u00d3 DEL PRESSUPOST EXERCICI 2024<\/strong><\/span><\/p>\n<p><span style=\"color: #800080;\"><strong>11. ESTRAT\u00c8GIA DIGITAL DE CENTRE<\/strong><\/span><\/p>\n<p><span style=\"text-decoration: underline;\"><span style=\"color: #000000; text-decoration: underline;\">Altres documents que es publiquen des del centre:<\/span><\/span><\/p>\n<p><span style=\"color: #800080;\"><strong>1. PLA D&#8217;EMERG\u00c8NCIA<\/strong><\/span><\/p>\n<p><span style=\"color: #800080;\"><b>2. AUTORITZACIONS<\/b><\/span><\/p>\n<p><span style=\"text-decoration: underline;\">Documents que es publiquen restringits als membres de la comunitat educativa (amb contrasenya):<\/span><\/p>\n<p><strong><span style=\"color: #800080;\">1. PROJECTE DE DIRECCI\u00d3 2023-2027<\/span>.<\/strong><\/p>\n<p><span style=\"color: #800080;\"><strong>2. PROGRAMACI\u00d3 GENERAL ANUAL 2025-2026 (PGA)<\/strong><\/span><\/p>\n<p><strong><span style=\"color: #800080;\">3. COMPOSICI\u00d3 I ACTES CONSELL ESCOLAR<\/span><\/strong><\/p>\n<p>&nbsp;<\/p>\n<p>&nbsp;<\/p>\n<p>&nbsp;<\/p>\n<p>&nbsp;<\/p>\n","protected":false},"excerpt":{"rendered":"<p>Documents i informacions que hem de publicar, segons la Llei 19\/2014, del 29 de desembre, de transpar\u00e8ncia, acc\u00e9s a la informaci\u00f3 p\u00fablica i bon govern (en endavant, LTAIPBG) i la Instrucci\u00f3 2\/2019, de 25 de febrer, per a la tramitaci\u00f3 de les sol\u00b7licituds de dret&hellip;  <a href=\"https:\/\/agora.xtec.cat\/ceipelspins\/documentacio\/\" title=\"Read DOCUMENTACI\u00d3 DE CENTRE\">Llegeix m\u00e9s\u00bb<\/a><\/p>\n","protected":false},"author":1,"featured_media":0,"parent":0,"menu_order":0,"comment_status":"closed","ping_status":"closed","template":"page-templates\/side-menu.php","meta":{"_bbp_topic_count":0,"_bbp_reply_count":0,"_bbp_total_topic_count":0,"_bbp_total_reply_count":0,"_bbp_voice_count":0,"_bbp_anonymous_reply_count":0,"_bbp_topic_count_hidden":0,"_bbp_reply_count_hidden":0,"_bbp_forum_subforum_count":0,"footnotes":""},"class_list":["post-64","page","type-page","status-publish","hentry"],"post_mailing_queue_ids":[],"_links":{"self":[{"href":"https:\/\/agora.xtec.cat\/ceipelspins\/wp-json\/wp\/v2\/pages\/64","targetHints":{"allow":["GET"]}}],"collection":[{"href":"https:\/\/agora.xtec.cat\/ceipelspins\/wp-json\/wp\/v2\/pages"}],"about":[{"href":"https:\/\/agora.xtec.cat\/ceipelspins\/wp-json\/wp\/v2\/types\/page"}],"author":[{"embeddable":true,"href":"https:\/\/agora.xtec.cat\/ceipelspins\/wp-json\/wp\/v2\/users\/1"}],"replies":[{"embeddable":true,"href":"https:\/\/agora.xtec.cat\/ceipelspins\/wp-json\/wp\/v2\/comments?post=64"}],"version-history":[{"count":6,"href":"https:\/\/agora.xtec.cat\/ceipelspins\/wp-json\/wp\/v2\/pages\/64\/revisions"}],"predecessor-version":[{"id":24525,"href":"https:\/\/agora.xtec.cat\/ceipelspins\/wp-json\/wp\/v2\/pages\/64\/revisions\/24525"}],"wp:attachment":[{"href":"https:\/\/agora.xtec.cat\/ceipelspins\/wp-json\/wp\/v2\/media?parent=64"}],"curies":[{"name":"wp","href":"https:\/\/api.w.org\/{rel}","templated":true}]}}