{"id":639,"date":"2017-02-23T12:40:07","date_gmt":"2017-02-23T11:40:07","guid":{"rendered":"http:\/\/agora.xtec.cat\/ceipelspins\/?page_id=639"},"modified":"2025-05-29T17:02:45","modified_gmt":"2025-05-29T15:02:45","slug":"autoritzacions-2","status":"publish","type":"page","link":"https:\/\/agora.xtec.cat\/ceipelspins\/documentacio\/autoritzacions-2\/","title":{"rendered":"AUTORITZACIONS"},"content":{"rendered":"<p>&nbsp;<\/p>\n<ul>\n<li><a href=\"https:\/\/agora.xtec.cat\/ceipelspins\/wp-content\/uploads\/usu319\/2025\/05\/Autorizacio-dus-dimatge-del-centre-Escola-Els-Pins.pdf\">AUTORITZACI\u00d3 \u00daS D&#8217;IMATGE DEL CENTRE<\/a><\/li>\n<li><a href=\"https:\/\/agora.xtec.cat\/ceipelspins\/wp-content\/uploads\/usu319\/2024\/02\/AUTORITZACIO-DADMINISTRACIO-DE-MEDICACIO.pdf\">AUTORITZACI\u00d3 D&#8217;ADMINISTRACI\u00d3 DE MEDICACI\u00d3<\/a><\/li>\n<li><a href=\"https:\/\/agora.xtec.cat\/ceipelspins\/wp-content\/uploads\/usu319\/2024\/02\/AUTORITZACIO-PER-A-LADMINSITRACIO-DE-PARACETAMOL.pdf\">AUTORITZACI\u00d3 PER A L&#8217;ADMINISTRACI\u00d3 DE PARACETAMOL<\/a><\/li>\n<li><a href=\"https:\/\/agora.xtec.cat\/ceipelspins\/wp-content\/uploads\/usu319\/2024\/02\/AUTORITZACIO-PER-A-LA-RECOLLIDA-DE-NENS-I-NENES.pdf\">AUTORITZACI\u00d3 PER A LA RECOLLIDA DE NENS I NENES<\/a><\/li>\n<li><a href=\"https:\/\/agora.xtec.cat\/ceipelspins\/wp-content\/uploads\/usu319\/2024\/02\/AUTORITZACIO-DE-SORTIDES-DALUMNAT-MENOR-DEDAT.pdf\">AUTORITZACI\u00d3 DE SORTIDES D&#8217;ALUMNAT MENOR D&#8217;EDAT (MARXAR SOL A CASA)<\/a><\/li>\n<li><a href=\"https:\/\/agora.xtec.cat\/ceipelspins\/wp-content\/uploads\/usu319\/2024\/02\/AUTORITZACIO-DE-SORTIDES-I-ACTIVITATS-COMPLEMENTARIES.pdf\">AUTORITZACI\u00d3 DE SORTIDES ESCOLARS I ACTIVITATS COMPLEMENT\u00c0RIES<\/a><\/li>\n<li><a href=\"https:\/\/agora.xtec.cat\/ceipelspins\/wp-content\/uploads\/usu319\/2023\/09\/AUTORITZACIO-WORKSPACE-ALUMNES.pdf\">AUTORITZACI\u00d3 \u00daS DE SERVEIS I RECURSOS DIGITALS PER TREBALLAR A L&#8217;AULA\u00a0<\/a><\/li>\n<li><a href=\"https:\/\/agora.xtec.cat\/ceipelspins\/wp-content\/uploads\/usu319\/2024\/02\/SOL\u00b7LICITUD-PORTAR-MOBIL-APAGAT-A-LESCOLA.pdf\">AUTORITZACI\u00d3 PER PORTAR EL M\u00d2BIL APAGAT A L&#8217;ESCOLA<\/a><\/li>\n<li><a href=\"https:\/\/agora.xtec.cat\/ceipelspins\/wp-content\/uploads\/usu319\/2024\/02\/AUTORITZACIO-DE-PUBLICACIO-DE-DADES-DE-SALUT-DE-LALUMNAT.pdf\">AUTORITZACI\u00d3 DE PUBLICACI\u00d3 DE DADES DE SALUT DE L&#8217;ALUMNAT (VISIBLE A LA CLASSE)<\/a><\/li>\n<li><a href=\"https:\/\/agora.xtec.cat\/ceipelspins\/wp-content\/uploads\/usu319\/2025\/05\/AUTORITZACIO-PER-COMPARTIR-DIAGNOSTICS-AMB-LAFA-I-COORDINACIONS-MENJADOR-I_O-ACTIVITATS-EXTRAESCOLARS.pdf\">AUTORITZACI\u00d3 PER COMPARTIR DIAGN\u00d2STICS AMB L&#8217;AFA I COORDINACIONS ACTIVITATS MENJADOR I\/O EXTRAESCOLARS<\/a><\/li>\n<li><a href=\"https:\/\/agora.xtec.cat\/ceipelspins\/wp-content\/uploads\/usu319\/2024\/02\/AUTORITZACIO-DE-SORTIDES-DALUMNAT-MENOR-DEDAT-AMB-EL-SEU-GERMA_NA-GRAN.pdf\">AUTORITZACI\u00d3 DE SORTIDES D&#8217;ALUMNAT MENOR D&#8217;EDAT (ACOMPANYAMENT PER GERMANS O GERMANES MENORS D&#8217;EDAT)<\/a><\/li>\n<li><a href=\"https:\/\/agora.xtec.cat\/ceipelspins\/wp-content\/uploads\/usu319\/2024\/02\/AUTORITZACIO-DE-DOMICIALIACIO-BANCARIA.pdf\">AUTORITZACI\u00d3 DADES BANC\u00c0RIES<\/a><\/li>\n<li><a href=\"https:\/\/agora.xtec.cat\/ceipelspins\/wp-content\/uploads\/usu319\/2024\/10\/DECLARACIO-RESPONSABLE-ACOMPANYAMENT-SORTIDES-ESCOLARS.pdf\">DECLARACI\u00d3 RESPONSABLE ACOMPANYAMENT FAM\u00cdLIES SORTIDES ESCOLARS<\/a><\/li>\n<\/ul>\n","protected":false},"excerpt":{"rendered":"<p>&nbsp;<\/p>\n<ul>\n<li><a href=\"https:\/\/agora.xtec.cat\/ceipelspins\/wp-content\/uploads\/usu319\/2025\/05\/Autorizacio-dus-dimatge-del-centre-Escola-Els-Pins.pdf\">AUTORITZACI\u00d3 \u00daS D&#8217;IMATGE DEL CENTRE<\/a><\/li>\n<li><a href=\"https:\/\/agora.xtec.cat\/ceipelspins\/wp-content\/uploads\/usu319\/2024\/02\/AUTORITZACIO-DADMINISTRACIO-DE-MEDICACIO.pdf\">AUTORITZACI\u00d3 D&#8217;ADMINISTRACI\u00d3 DE MEDICACI\u00d3<\/a><\/li>\n<li><a href=\"https:\/\/agora.xtec.cat\/ceipelspins\/wp-content\/uploads\/usu319\/2024\/02\/AUTORITZACIO-PER-A-LADMINSITRACIO-DE-PARACETAMOL.pdf\">AUTORITZACI\u00d3 PER A L&#8217;ADMINISTRACI\u00d3 DE PARACETAMOL<\/a><\/li>\n<li><a href=\"https:\/\/agora.xtec.cat\/ceipelspins\/wp-content\/uploads\/usu319\/2024\/02\/AUTORITZACIO-PER-A-LA-RECOLLIDA-DE-NENS-I-NENES.pdf\">AUTORITZACI\u00d3 PER A LA RECOLLIDA DE NENS I NENES<\/a><\/li>\n<li><a href=\"https:\/\/agora.xtec.cat\/ceipelspins\/wp-content\/uploads\/usu319\/2024\/02\/AUTORITZACIO-DE-SORTIDES-DALUMNAT-MENOR-DEDAT.pdf\">AUTORITZACI\u00d3 DE SORTIDES D&#8217;ALUMNAT MENOR D&#8217;EDAT (MARXAR SOL A CASA)<\/a><\/li>\n<li><a href=\"https:\/\/agora.xtec.cat\/ceipelspins\/wp-content\/uploads\/usu319\/2024\/02\/AUTORITZACIO-DE-SORTIDES-I-ACTIVITATS-COMPLEMENTARIES.pdf\">AUTORITZACI\u00d3 DE SORTIDES ESCOLARS I ACTIVITATS COMPLEMENT\u00c0RIES<\/a><\/li>\n<li><a href=\"https:\/\/agora.xtec.cat\/ceipelspins\/wp-content\/uploads\/usu319\/2023\/09\/AUTORITZACIO-WORKSPACE-ALUMNES.pdf\">AUTORITZACI\u00d3 \u00daS DE&hellip;  <a href=\"https:\/\/agora.xtec.cat\/ceipelspins\/documentacio\/autoritzacions-2\/\" title=\"Read AUTORITZACIONS\">Llegeix m\u00e9s\u00bb<\/a><br \/>\n","protected":false},"author":1,"featured_media":0,"parent":64,"menu_order":120,"comment_status":"closed","ping_status":"closed","template":"page-templates\/side-menu.php","meta":{"_bbp_topic_count":0,"_bbp_reply_count":0,"_bbp_total_topic_count":0,"_bbp_total_reply_count":0,"_bbp_voice_count":0,"_bbp_anonymous_reply_count":0,"_bbp_topic_count_hidden":0,"_bbp_reply_count_hidden":0,"_bbp_forum_subforum_count":0,"footnotes":""},"class_list":["post-639","page","type-page","status-publish","hentry"],"post_mailing_queue_ids":[],"_links":{"self":[{"href":"https:\/\/agora.xtec.cat\/ceipelspins\/wp-json\/wp\/v2\/pages\/639","targetHints":{"allow":["GET"]}}],"collection":[{"href":"https:\/\/agora.xtec.cat\/ceipelspins\/wp-json\/wp\/v2\/pages"}],"about":[{"href":"https:\/\/agora.xtec.cat\/ceipelspins\/wp-json\/wp\/v2\/types\/page"}],"author":[{"embeddable":true,"href":"https:\/\/agora.xtec.cat\/ceipelspins\/wp-json\/wp\/v2\/users\/1"}],"replies":[{"embeddable":true,"href":"https:\/\/agora.xtec.cat\/ceipelspins\/wp-json\/wp\/v2\/comments?post=639"}],"version-history":[{"count":6,"href":"https:\/\/agora.xtec.cat\/ceipelspins\/wp-json\/wp\/v2\/pages\/639\/revisions"}],"predecessor-version":[{"id":23944,"href":"https:\/\/agora.xtec.cat\/ceipelspins\/wp-json\/wp\/v2\/pages\/639\/revisions\/23944"}],"up":[{"embeddable":true,"href":"https:\/\/agora.xtec.cat\/ceipelspins\/wp-json\/wp\/v2\/pages\/64"}],"wp:attachment":[{"href":"https:\/\/agora.xtec.cat\/ceipelspins\/wp-json\/wp\/v2\/media?parent=639"}],"curies":[{"name":"wp","href":"https:\/\/api.w.org\/{rel}","templated":true}]}}