{"id":28,"date":"2014-09-18T12:29:35","date_gmt":"2014-09-18T12:29:35","guid":{"rendered":"http:\/\/agora.xtec.cat\/ceipelspins-castelldefels\/?page_id=28"},"modified":"2026-01-08T15:39:31","modified_gmt":"2026-01-08T14:39:31","slug":"consell-escolar","status":"publish","type":"page","link":"https:\/\/agora.xtec.cat\/ceipelspins-castelldefels\/consell-escolar\/","title":{"rendered":"Consell Escolar 2025-26"},"content":{"rendered":"<h4 style=\"text-align: left;\"><span style=\"color: #008000;\">Equip Directiu<\/span><\/h4>\n<p style=\"text-align: left;\"><strong>Presidenta:<\/strong>\u00a0 M\u00f2nica Rom\u00e1n<\/p>\n<p style=\"text-align: left;\"><strong>Secretaria:<\/strong> Rosanna Cabau.<\/p>\n<p style=\"text-align: left;\"><strong>Cap d&#8217;Estudis:<\/strong> Susanna Vil\u00e0<\/p>\n<h4 style=\"text-align: left;\"><span style=\"color: #008000;\">Sector Mestres<\/span><\/h4>\n<p style=\"text-align: left;\">M\u00aa Jos\u00e9 Garc\u00eda<\/p>\n<p style=\"text-align: left;\">Asun Palomares (Comissi\u00f3 Econ\u00f2mica)<\/p>\n<p style=\"text-align: left;\">Maria Sequera (Referent de Coeducaci\u00f3)<\/p>\n<p style=\"text-align: left;\">Marian Artigot<\/p>\n<p style=\"text-align: left;\">Annabel Ballester<\/p>\n<h4 style=\"text-align: left;\"><span style=\"color: #008000;\">Sector\u00a0Pares<\/span><\/h4>\n<p style=\"text-align: left;\">Marina Garrido<\/p>\n<p style=\"text-align: left;\">V\u00edctor Montaner<\/p>\n<p style=\"text-align: left;\">Gemma Torquero (Comissi\u00f3 Econ\u00f2mica)<\/p>\n<p style=\"text-align: left;\">Cristian Guillamon<\/p>\n<p style=\"text-align: left;\">Selva Gonz\u00e1lez<\/p>\n<h4 style=\"text-align: left;\"><span style=\"color: #008000;\">Representant Ajuntament<\/span><\/h4>\n<p style=\"text-align: left;\">M\u00aa Cristina Corona\/Ram\u00f3n Amador<\/p>\n<h4 style=\"text-align: left;\"><span style=\"color: #008000;\">Representant\u00a0\u00a0PAS<\/span><\/h4>\n<p style=\"text-align: left;\">Sara Ferrer<\/p>\n<h4 style=\"text-align: left;\"><span style=\"color: #008000;\">Representant AMPA<\/span><\/h4>\n<p style=\"text-align: left;\">Selva Gonz\u00e1lez<\/p>\n","protected":false},"excerpt":{"rendered":"<p>Equip Directiu Presidenta:\u00a0 M\u00f2nica Rom\u00e1n Secretaria: Rosanna Cabau. Cap d&#8217;Estudis: Susanna Vil\u00e0 Sector Mestres M\u00aa Jos\u00e9 Garc\u00eda Asun Palomares (Comissi\u00f3 Econ\u00f2mica) Maria Sequera (Referent de Coeducaci\u00f3) Marian Artigot Annabel Ballester Sector\u00a0Pares Marina Garrido V\u00edctor Montaner Gemma Torquero (Comissi\u00f3 Econ\u00f2mica) Cristian Guillamon Selva Gonz\u00e1lez Representant Ajuntament M\u00aa Cristina Corona\/Ram\u00f3n Amador Representant\u00a0\u00a0PAS Sara Ferrer Representant AMPA Selva [&hellip;]<\/p>\n","protected":false},"author":2,"featured_media":0,"parent":0,"menu_order":30,"comment_status":"closed","ping_status":"closed","template":"","meta":{"_bbp_topic_count":0,"_bbp_reply_count":0,"_bbp_total_topic_count":0,"_bbp_total_reply_count":0,"_bbp_voice_count":0,"_bbp_anonymous_reply_count":0,"_bbp_topic_count_hidden":0,"_bbp_reply_count_hidden":0,"_bbp_forum_subforum_count":0,"site-sidebar-layout":"default","site-content-layout":"","ast-site-content-layout":"default","site-content-style":"default","site-sidebar-style":"default","ast-global-header-display":"","ast-banner-title-visibility":"","ast-main-header-display":"","ast-hfb-above-header-display":"","ast-hfb-below-header-display":"","ast-hfb-mobile-header-display":"","site-post-title":"","ast-breadcrumbs-content":"","ast-featured-img":"","footer-sml-layout":"","theme-transparent-header-meta":"default","adv-header-id-meta":"","stick-header-meta":"","header-above-stick-meta":"","header-main-stick-meta":"","header-below-stick-meta":"","astra-migrate-meta-layouts":"set","ast-page-background-enabled":"default","ast-page-background-meta":{"desktop":{"background-color":"var(--ast-global-color-4)","background-image":"","background-repeat":"repeat","background-position":"center center","background-size":"auto","background-attachment":"scroll","background-type":"","background-media":"","overlay-type":"","overlay-color":"","overlay-opacity":"","overlay-gradient":""},"tablet":{"background-color":"","background-image":"","background-repeat":"repeat","background-position":"center center","background-size":"auto","background-attachment":"scroll","background-type":"","background-media":"","overlay-type":"","overlay-color":"","overlay-opacity":"","overlay-gradient":""},"mobile":{"background-color":"","background-image":"","background-repeat":"repeat","background-position":"center center","background-size":"auto","background-attachment":"scroll","background-type":"","background-media":"","overlay-type":"","overlay-color":"","overlay-opacity":"","overlay-gradient":""}},"ast-content-background-meta":{"desktop":{"background-color":"var(--ast-global-color-5)","background-image":"","background-repeat":"repeat","background-position":"center center","background-size":"auto","background-attachment":"scroll","background-type":"","background-media":"","overlay-type":"","overlay-color":"","overlay-opacity":"","overlay-gradient":""},"tablet":{"background-color":"var(--ast-global-color-5)","background-image":"","background-repeat":"repeat","background-position":"center center","background-size":"auto","background-attachment":"scroll","background-type":"","background-media":"","overlay-type":"","overlay-color":"","overlay-opacity":"","overlay-gradient":""},"mobile":{"background-color":"var(--ast-global-color-5)","background-image":"","background-repeat":"repeat","background-position":"center center","background-size":"auto","background-attachment":"scroll","background-type":"","background-media":"","overlay-type":"","overlay-color":"","overlay-opacity":"","overlay-gradient":""}},"footnotes":""},"class_list":["post-28","page","type-page","status-publish","hentry"],"post_mailing_queue_ids":[],"_links":{"self":[{"href":"https:\/\/agora.xtec.cat\/ceipelspins-castelldefels\/wp-json\/wp\/v2\/pages\/28","targetHints":{"allow":["GET"]}}],"collection":[{"href":"https:\/\/agora.xtec.cat\/ceipelspins-castelldefels\/wp-json\/wp\/v2\/pages"}],"about":[{"href":"https:\/\/agora.xtec.cat\/ceipelspins-castelldefels\/wp-json\/wp\/v2\/types\/page"}],"author":[{"embeddable":true,"href":"https:\/\/agora.xtec.cat\/ceipelspins-castelldefels\/wp-json\/wp\/v2\/users\/2"}],"replies":[{"embeddable":true,"href":"https:\/\/agora.xtec.cat\/ceipelspins-castelldefels\/wp-json\/wp\/v2\/comments?post=28"}],"version-history":[{"count":5,"href":"https:\/\/agora.xtec.cat\/ceipelspins-castelldefels\/wp-json\/wp\/v2\/pages\/28\/revisions"}],"predecessor-version":[{"id":8792,"href":"https:\/\/agora.xtec.cat\/ceipelspins-castelldefels\/wp-json\/wp\/v2\/pages\/28\/revisions\/8792"}],"wp:attachment":[{"href":"https:\/\/agora.xtec.cat\/ceipelspins-castelldefels\/wp-json\/wp\/v2\/media?parent=28"}],"curies":[{"name":"wp","href":"https:\/\/api.w.org\/{rel}","templated":true}]}}