{"id":240,"date":"2013-02-19T11:49:24","date_gmt":"2013-02-19T11:49:24","guid":{"rendered":"http:\/\/phobos.xtec.cat\/ceipelsolell\/?page_id=240"},"modified":"2025-05-08T16:25:52","modified_gmt":"2025-05-08T14:25:52","slug":"documents-de-secretaria","status":"publish","type":"page","link":"https:\/\/agora.xtec.cat\/ceipelsolell\/documents-de-secretaria\/","title":{"rendered":"Documents Generals"},"content":{"rendered":"\n<div class=\"wp-block-getwid-toggle has-icon-left\">\n<div class=\"wp-block-getwid-toggle__row\"><div class=\"wp-block-getwid-toggle__header-wrapper\"><span class=\"wp-block-getwid-toggle__header\"><a href=\"#\"><span class=\"wp-block-getwid-toggle__header-title\">Autoritzaci\u00f3 addministraci\u00f3 antit\u00e8rmics<\/span><span class=\"wp-block-getwid-toggle__icon is-active\"><i class=\"fas fa-caret-square-down\"><\/i><\/span><span class=\"wp-block-getwid-toggle__icon is-passive\"><i class=\"fas fa-caret-square-up\"><\/i><\/span><\/a><\/span><\/div><div class=\"wp-block-getwid-toggle__content-wrapper\"><div class=\"wp-block-getwid-toggle__content\">\n<p><\/p>\n\n\n\n<div data-wp-interactive=\"core\/file\" class=\"wp-block-file\"><object data-wp-bind--hidden=\"!state.hasPdfPreview\" hidden class=\"wp-block-file__embed\" data=\"https:\/\/agora.xtec.cat\/ceipelsolell\/wp-content\/uploads\/usu1368\/2025\/05\/11-_-Autoritzacio-Antitermics-1.pdf\" type=\"application\/pdf\" style=\"width:100%;height:600px\" aria-label=\"Incrustaci\u00f3 del fitxer 11-_-Autoritzacio-Antitermics-1.\"><\/object><a id=\"wp-block-file--media-c512c627-0649-44b3-8657-b6b7b9c6341d\" href=\"https:\/\/agora.xtec.cat\/ceipelsolell\/wp-content\/uploads\/usu1368\/2025\/05\/11-_-Autoritzacio-Antitermics-1.pdf\" target=\"_blank\" rel=\"noreferrer noopener\">11-_-Autoritzacio-Antitermics-1<\/a><\/div>\n<\/div><\/div><\/div>\n\n\n\n<div class=\"wp-block-getwid-toggle__row\"><div class=\"wp-block-getwid-toggle__header-wrapper\"><span class=\"wp-block-getwid-toggle__header\"><a href=\"#\"><span class=\"wp-block-getwid-toggle__header-title\">Autoritzaci\u00f3 anual recollida d&#8217;alumnes<\/span><span class=\"wp-block-getwid-toggle__icon is-active\"><i class=\"fas fa-caret-square-down\"><\/i><\/span><span class=\"wp-block-getwid-toggle__icon is-passive\"><i class=\"fas fa-caret-square-up\"><\/i><\/span><\/a><\/span><\/div><div class=\"wp-block-getwid-toggle__content-wrapper\"><div class=\"wp-block-getwid-toggle__content\">\n<p><\/p>\n\n\n\n<div data-wp-interactive=\"core\/file\" class=\"wp-block-file\"><object data-wp-bind--hidden=\"!state.hasPdfPreview\" hidden class=\"wp-block-file__embed\" data=\"https:\/\/agora.xtec.cat\/ceipelsolell\/wp-content\/uploads\/usu1368\/2025\/05\/9-_-Autoritzacio-Delegacio-Recollida-Alumnes-Anual.pdf\" type=\"application\/pdf\" style=\"width:100%;height:600px\" aria-label=\"Incrustaci\u00f3 del fitxer 9-_-Autoritzacio-Delegacio-Recollida-Alumnes-Anual.\"><\/object><a id=\"wp-block-file--media-7401b223-481f-4893-bdc7-95f7d697e2c9\" href=\"https:\/\/agora.xtec.cat\/ceipelsolell\/wp-content\/uploads\/usu1368\/2025\/05\/9-_-Autoritzacio-Delegacio-Recollida-Alumnes-Anual.pdf\" target=\"_blank\" rel=\"noreferrer noopener\">9-_-Autoritzacio-Delegacio-Recollida-Alumnes-Anual<\/a><\/div>\n<\/div><\/div><\/div>\n\n\n\n<div class=\"wp-block-getwid-toggle__row\"><div class=\"wp-block-getwid-toggle__header-wrapper\"><span class=\"wp-block-getwid-toggle__header\"><a href=\"#\"><span class=\"wp-block-getwid-toggle__header-title\">Autoritzaci\u00f3 recollida puntual d&#8217;alumnes <\/span><span class=\"wp-block-getwid-toggle__icon is-active\"><i class=\"fas fa-caret-square-down\"><\/i><\/span><span class=\"wp-block-getwid-toggle__icon is-passive\"><i class=\"fas fa-caret-square-up\"><\/i><\/span><\/a><\/span><\/div><div class=\"wp-block-getwid-toggle__content-wrapper\"><div class=\"wp-block-getwid-toggle__content\">\n<p><\/p>\n\n\n\n<div data-wp-interactive=\"core\/file\" class=\"wp-block-file\"><object data-wp-bind--hidden=\"!state.hasPdfPreview\" hidden class=\"wp-block-file__embed\" data=\"https:\/\/agora.xtec.cat\/ceipelsolell\/wp-content\/uploads\/usu1368\/2025\/05\/9-_-Autoritzacio-Delegacio-Recollida-Alumnes-Anual-1.pdf\" type=\"application\/pdf\" style=\"width:100%;height:600px\" aria-label=\"Incrustaci\u00f3 del fitxer 9-_-Autoritzacio-Delegacio-Recollida-Alumnes-Anual-1.\"><\/object><a id=\"wp-block-file--media-a55bde21-d309-45c1-9bdf-bc3dcd65559f\" href=\"https:\/\/agora.xtec.cat\/ceipelsolell\/wp-content\/uploads\/usu1368\/2025\/05\/9-_-Autoritzacio-Delegacio-Recollida-Alumnes-Anual-1.pdf\" target=\"_blank\" rel=\"noreferrer noopener\">9-_-Autoritzacio-Delegacio-Recollida-Alumnes-Anual-1<\/a><\/div>\n<\/div><\/div><\/div>\n\n\n\n<div class=\"wp-block-getwid-toggle__row\"><div class=\"wp-block-getwid-toggle__header-wrapper\"><span class=\"wp-block-getwid-toggle__header\"><a href=\"#\"><span class=\"wp-block-getwid-toggle__header-title\">Autoritzaci\u00f3 general de sortides<\/span><span class=\"wp-block-getwid-toggle__icon is-active\"><i class=\"fas fa-caret-square-down\"><\/i><\/span><span class=\"wp-block-getwid-toggle__icon is-passive\"><i class=\"fas fa-caret-square-up\"><\/i><\/span><\/a><\/span><\/div><div class=\"wp-block-getwid-toggle__content-wrapper\"><div class=\"wp-block-getwid-toggle__content\">\n<p><\/p>\n\n\n\n<div data-wp-interactive=\"core\/file\" class=\"wp-block-file\"><object data-wp-bind--hidden=\"!state.hasPdfPreview\" hidden class=\"wp-block-file__embed\" data=\"https:\/\/agora.xtec.cat\/ceipelsolell\/wp-content\/uploads\/usu1368\/2025\/05\/8-_-Autoritzacio-General-Sortides.pdf\" type=\"application\/pdf\" style=\"width:100%;height:600px\" aria-label=\"Incrustaci\u00f3 del fitxer 8-_-Autoritzacio-General-Sortides.\"><\/object><a id=\"wp-block-file--media-5afa2dd5-e496-42b6-9247-bf7953ce668a\" href=\"https:\/\/agora.xtec.cat\/ceipelsolell\/wp-content\/uploads\/usu1368\/2025\/05\/8-_-Autoritzacio-General-Sortides.pdf\" target=\"_blank\" rel=\"noreferrer noopener\">8-_-Autoritzacio-General-Sortides<\/a><\/div>\n<\/div><\/div><\/div>\n\n\n\n<div class=\"wp-block-getwid-toggle__row\"><div class=\"wp-block-getwid-toggle__header-wrapper\"><span class=\"wp-block-getwid-toggle__header\"><a href=\"#\"><span class=\"wp-block-getwid-toggle__header-title\">Full Domiciliaci\u00f3 Bancaria<\/span><span class=\"wp-block-getwid-toggle__icon is-active\"><i class=\"fas fa-caret-square-down\"><\/i><\/span><span class=\"wp-block-getwid-toggle__icon is-passive\"><i class=\"fas fa-caret-square-up\"><\/i><\/span><\/a><\/span><\/div><div class=\"wp-block-getwid-toggle__content-wrapper\"><div class=\"wp-block-getwid-toggle__content\">\n<p><\/p>\n\n\n\n<div data-wp-interactive=\"core\/file\" class=\"wp-block-file\"><object data-wp-bind--hidden=\"!state.hasPdfPreview\" hidden class=\"wp-block-file__embed\" data=\"https:\/\/agora.xtec.cat\/ceipelsolell\/wp-content\/uploads\/usu1368\/2025\/05\/Full-Domiciliacio-Bancaria.pdf\" type=\"application\/pdf\" style=\"width:100%;height:600px\" aria-label=\"Incrustaci\u00f3 del fitxer Full-Domiciliacio-Bancaria.\"><\/object><a id=\"wp-block-file--media-f45e0c28-9a8a-46c5-9508-924fe528cf93\" href=\"https:\/\/agora.xtec.cat\/ceipelsolell\/wp-content\/uploads\/usu1368\/2025\/05\/Full-Domiciliacio-Bancaria.pdf\" target=\"_blank\" rel=\"noreferrer noopener\">Full-Domiciliacio-Bancaria<\/a><\/div>\n<\/div><\/div><\/div>\n\n\n\n<div class=\"wp-block-getwid-toggle__row\"><div class=\"wp-block-getwid-toggle__header-wrapper\"><span class=\"wp-block-getwid-toggle__header\"><a href=\"#\"><span class=\"wp-block-getwid-toggle__header-title\">PPUC Opci\u00f3 Religi\u00f3<\/span><span class=\"wp-block-getwid-toggle__icon is-active\"><i class=\"fas fa-caret-square-down\"><\/i><\/span><span class=\"wp-block-getwid-toggle__icon is-passive\"><i class=\"fas fa-caret-square-up\"><\/i><\/span><\/a><\/span><\/div><div class=\"wp-block-getwid-toggle__content-wrapper\"><div class=\"wp-block-getwid-toggle__content\">\n<p><\/p>\n\n\n\n<div data-wp-interactive=\"core\/file\" class=\"wp-block-file\"><object data-wp-bind--hidden=\"!state.hasPdfPreview\" hidden class=\"wp-block-file__embed\" data=\"https:\/\/agora.xtec.cat\/ceipelsolell\/wp-content\/uploads\/usu1368\/2025\/05\/Declaracio_Opcio_Religio_Ed_Valors.pdf\" type=\"application\/pdf\" style=\"width:100%;height:600px\" aria-label=\"Incrustaci\u00f3 del fitxer Declaracio_Opcio_Religio_Ed_Valors.\"><\/object><a id=\"wp-block-file--media-cff62275-403e-4619-83ee-9eefaa0a2ee2\" href=\"https:\/\/agora.xtec.cat\/ceipelsolell\/wp-content\/uploads\/usu1368\/2025\/05\/Declaracio_Opcio_Religio_Ed_Valors.pdf\" target=\"_blank\" rel=\"noreferrer noopener\">Declaracio_Opcio_Religio_Ed_Valors<\/a><\/div>\n<\/div><\/div><\/div>\n\n\n\n<div class=\"wp-block-getwid-toggle__row\"><div class=\"wp-block-getwid-toggle__header-wrapper\"><span class=\"wp-block-getwid-toggle__header\"><a href=\"#\"><span class=\"wp-block-getwid-toggle__header-title\">Autoritzaci\u00f3 Imatges Menors<\/span><span class=\"wp-block-getwid-toggle__icon is-active\"><i class=\"fas fa-caret-square-down\"><\/i><\/span><span class=\"wp-block-getwid-toggle__icon is-passive\"><i class=\"fas fa-caret-square-up\"><\/i><\/span><\/a><\/span><\/div><div class=\"wp-block-getwid-toggle__content-wrapper\"><div class=\"wp-block-getwid-toggle__content\">\n<p><\/p>\n\n\n\n<div data-wp-interactive=\"core\/file\" class=\"wp-block-file\"><object data-wp-bind--hidden=\"!state.hasPdfPreview\" hidden class=\"wp-block-file__embed\" data=\"https:\/\/agora.xtec.cat\/ceipelsolell\/wp-content\/uploads\/usu1368\/2025\/05\/Autoritzacio_Us_Imatges_Menors14anys.pdf\" type=\"application\/pdf\" style=\"width:100%;height:600px\" aria-label=\"Incrustaci\u00f3 del fitxer Autoritzacio_Us_Imatges_Menors14anys.\"><\/object><a id=\"wp-block-file--media-40adff41-1601-4430-b02c-4120fa29ff85\" href=\"https:\/\/agora.xtec.cat\/ceipelsolell\/wp-content\/uploads\/usu1368\/2025\/05\/Autoritzacio_Us_Imatges_Menors14anys.pdf\" target=\"_blank\" rel=\"noreferrer noopener\">Autoritzacio_Us_Imatges_Menors14anys<\/a><\/div>\n<\/div><\/div><\/div>\n\n\n\n<div class=\"wp-block-getwid-toggle__row\"><div class=\"wp-block-getwid-toggle__header-wrapper\"><span class=\"wp-block-getwid-toggle__header\"><a href=\"#\"><span class=\"wp-block-getwid-toggle__header-title\">Autoritzaci\u00f3 Recursos Digitals menors<\/span><span class=\"wp-block-getwid-toggle__icon is-active\"><i class=\"fas fa-caret-square-down\"><\/i><\/span><span class=\"wp-block-getwid-toggle__icon is-passive\"><i class=\"fas fa-caret-square-up\"><\/i><\/span><\/a><\/span><\/div><div class=\"wp-block-getwid-toggle__content-wrapper\"><div class=\"wp-block-getwid-toggle__content\">\n<p><\/p>\n\n\n\n<div data-wp-interactive=\"core\/file\" class=\"wp-block-file\"><object data-wp-bind--hidden=\"!state.hasPdfPreview\" hidden class=\"wp-block-file__embed\" data=\"https:\/\/agora.xtec.cat\/ceipelsolell\/wp-content\/uploads\/usu1368\/2025\/05\/Autoritzacio_Us_RecursosDigitals_Menors14anys.pdf\" type=\"application\/pdf\" style=\"width:100%;height:600px\" aria-label=\"Incrustaci\u00f3 del fitxer Autoritzacio_Us_RecursosDigitals_Menors14anys.\"><\/object><a id=\"wp-block-file--media-93b691bd-bdbc-4079-afeb-e225fb01e56c\" href=\"https:\/\/agora.xtec.cat\/ceipelsolell\/wp-content\/uploads\/usu1368\/2025\/05\/Autoritzacio_Us_RecursosDigitals_Menors14anys.pdf\" target=\"_blank\" rel=\"noreferrer noopener\">Autoritzacio_Us_RecursosDigitals_Menors14anys<\/a><\/div>\n<\/div><\/div><\/div>\n<\/div>\n\n\n\n<p><strong style=\"font: inherit; text-align: center;\"><strong style=\"font: inherit;\"><strong style=\"font: inherit;\"><strong style=\"font: inherit;\">&nbsp;<\/strong><\/strong><\/strong><\/strong><\/p>\n\n\n\n<p><strong style=\"font: inherit; text-align: center;\"><strong style=\"font: inherit;\"><strong style=\"font: inherit;\"><strong style=\"font: inherit;\">&nbsp;<\/strong><\/strong><\/strong><\/strong><\/p>\n\n\n\n<p><strong style=\"font: inherit; text-align: center;\"><strong style=\"font: inherit;\"><strong style=\"font: inherit;\"><strong style=\"font: inherit;\">&nbsp;<\/strong><\/strong><\/strong><\/strong><\/p>\n\n\n\n<p><strong style=\"font: inherit; text-align: center;\"><strong style=\"font: inherit;\"><strong style=\"font: inherit;\"><strong style=\"font: inherit;\"><strong style=\"font: inherit;\"><strong style=\"font: inherit;\"><strong style=\"font: inherit;\"><strong style=\"font: inherit;\"><strong style=\"font: inherit;\"><strong style=\"font: inherit;\"><strong style=\"font: inherit;\"><strong style=\"font: inherit;\"><strong style=\"font: inherit;\">&nbsp;<\/strong><\/strong><\/strong><\/strong><\/strong><\/strong><\/strong><\/strong><\/strong><\/strong><\/strong><\/strong><\/strong><\/p>\n\n\n\n<p><strong style=\"font: inherit; text-align: center;\"><strong style=\"font: inherit;\"><strong style=\"font: inherit;\"><strong style=\"font: inherit;\"><strong style=\"font: inherit;\"><strong style=\"font: inherit;\"><strong style=\"font: inherit;\">&nbsp;<\/strong><\/strong><\/strong><\/strong><\/strong><\/strong><\/strong><\/p>\n\n\n\n<p><strong style=\"font: inherit; text-align: center;\"><strong style=\"font: inherit;\"><strong style=\"font: inherit;\"><strong style=\"font: inherit;\">&nbsp;<\/strong><\/strong><\/strong><\/strong><\/p>\n","protected":false},"excerpt":{"rendered":"<p>&nbsp; &nbsp; &nbsp; &nbsp; &nbsp; &nbsp;<\/p>\n","protected":false},"author":1,"featured_media":0,"parent":0,"menu_order":0,"comment_status":"closed","ping_status":"open","template":"","meta":{"_bbp_topic_count":0,"_bbp_reply_count":0,"_bbp_total_topic_count":0,"_bbp_total_reply_count":0,"_bbp_voice_count":0,"_bbp_anonymous_reply_count":0,"_bbp_topic_count_hidden":0,"_bbp_reply_count_hidden":0,"_bbp_forum_subforum_count":0,"site-sidebar-layout":"default","site-content-layout":"","ast-site-content-layout":"default","site-content-style":"default","site-sidebar-style":"default","ast-global-header-display":"","ast-banner-title-visibility":"","ast-main-header-display":"","ast-hfb-above-header-display":"","ast-hfb-below-header-display":"","ast-hfb-mobile-header-display":"","site-post-title":"","ast-breadcrumbs-content":"","ast-featured-img":"","footer-sml-layout":"","theme-transparent-header-meta":"","adv-header-id-meta":"","stick-header-meta":"","header-above-stick-meta":"","header-main-stick-meta":"","header-below-stick-meta":"","astra-migrate-meta-layouts":"set","ast-page-background-enabled":"default","ast-page-background-meta":{"desktop":{"background-color":"var(--ast-global-color-4)","background-image":"","background-repeat":"repeat","background-position":"center center","background-size":"auto","background-attachment":"scroll","background-type":"","background-media":"","overlay-type":"","overlay-color":"","overlay-opacity":"","overlay-gradient":""},"tablet":{"background-color":"","background-image":"","background-repeat":"repeat","background-position":"center center","background-size":"auto","background-attachment":"scroll","background-type":"","background-media":"","overlay-type":"","overlay-color":"","overlay-opacity":"","overlay-gradient":""},"mobile":{"background-color":"","background-image":"","background-repeat":"repeat","background-position":"center center","background-size":"auto","background-attachment":"scroll","background-type":"","background-media":"","overlay-type":"","overlay-color":"","overlay-opacity":"","overlay-gradient":""}},"ast-content-background-meta":{"desktop":{"background-color":"var(--ast-global-color-5)","background-image":"","background-repeat":"repeat","background-position":"center center","background-size":"auto","background-attachment":"scroll","background-type":"","background-media":"","overlay-type":"","overlay-color":"","overlay-opacity":"","overlay-gradient":""},"tablet":{"background-color":"var(--ast-global-color-5)","background-image":"","background-repeat":"repeat","background-position":"center center","background-size":"auto","background-attachment":"scroll","background-type":"","background-media":"","overlay-type":"","overlay-color":"","overlay-opacity":"","overlay-gradient":""},"mobile":{"background-color":"var(--ast-global-color-5)","background-image":"","background-repeat":"repeat","background-position":"center center","background-size":"auto","background-attachment":"scroll","background-type":"","background-media":"","overlay-type":"","overlay-color":"","overlay-opacity":"","overlay-gradient":""}},"footnotes":""},"class_list":["post-240","page","type-page","status-publish","hentry"],"post_mailing_queue_ids":[],"_links":{"self":[{"href":"https:\/\/agora.xtec.cat\/ceipelsolell\/wp-json\/wp\/v2\/pages\/240","targetHints":{"allow":["GET"]}}],"collection":[{"href":"https:\/\/agora.xtec.cat\/ceipelsolell\/wp-json\/wp\/v2\/pages"}],"about":[{"href":"https:\/\/agora.xtec.cat\/ceipelsolell\/wp-json\/wp\/v2\/types\/page"}],"author":[{"embeddable":true,"href":"https:\/\/agora.xtec.cat\/ceipelsolell\/wp-json\/wp\/v2\/users\/1"}],"replies":[{"embeddable":true,"href":"https:\/\/agora.xtec.cat\/ceipelsolell\/wp-json\/wp\/v2\/comments?post=240"}],"version-history":[{"count":5,"href":"https:\/\/agora.xtec.cat\/ceipelsolell\/wp-json\/wp\/v2\/pages\/240\/revisions"}],"predecessor-version":[{"id":7291,"href":"https:\/\/agora.xtec.cat\/ceipelsolell\/wp-json\/wp\/v2\/pages\/240\/revisions\/7291"}],"wp:attachment":[{"href":"https:\/\/agora.xtec.cat\/ceipelsolell\/wp-json\/wp\/v2\/media?parent=240"}],"curies":[{"name":"wp","href":"https:\/\/api.w.org\/{rel}","templated":true}]}}