{"id":592,"date":"2016-10-18T16:42:51","date_gmt":"2016-10-18T15:42:51","guid":{"rendered":"http:\/\/agora.xtec.cat\/ceipelscingles\/?page_id=592"},"modified":"2023-01-24T16:30:46","modified_gmt":"2023-01-24T15:30:46","slug":"teatre","status":"publish","type":"page","link":"https:\/\/agora.xtec.cat\/ceipelscingles\/projecte-educatiu\/teatre\/","title":{"rendered":"Teatre"},"content":{"rendered":"<h6 style=\"text-align: justify;\">El teatre sempre ha estat una activitat l\u00fadica i cultural que ha perm\u00e8s\u00a0 treballar\u00a0 aspectes com l\u2019expressi\u00f3 oral i corporal, la dramatitzaci\u00f3, el coneixement d\u2019un mateix, la relaci\u00f3 interpersonal amb els altres&#8230; A m\u00e9s a m\u00e9s, \u00e9s una activitat que permet treballar molts aspectes personals en els que no \u00e9s f\u00e0cil d\u2019intervenir en el dia a dia de l\u2019escola, com la inclusi\u00f3 d\u2019alumnes amb necessitats educatives especials i la integraci\u00f3 dels alumnes d\u2019incorporaci\u00f3 tardana que encara han d\u2019adquirir\u00a0 un bon domini de la llengua. En definitiva, el teatre \u00e9s una activitat que facilita l\u2019acostament a l\u2019art dels nostres alumnes, desenvolupant les seves capacitats ling\u00fc\u00edstiques i creant una din\u00e0mica de grup on tothom aporta el seu gra de sorra per acabar construint un projecte com\u00fa.<\/h6>\n<p>&nbsp;<\/p>\n<p><a href=\"https:\/\/agora.xtec.cat\/ceipelscingles\/categoria\/blogs\/el-blog-de-teatre\/\"><img decoding=\"async\" src=\"https:\/\/www.shutterstock.com\/image-photo\/darkened-empty-movie-theatre-stage-260nw-1804295407.jpg\" alt=\"20,778,150 im\u00e1genes de Teatre - Im\u00e1genes, fotos y vectores de stock |  Shutterstock\" \/><\/a><\/p>\n<p>&nbsp;<\/p>\n","protected":false},"excerpt":{"rendered":"<p>El teatre sempre ha estat una activitat l\u00fadica i cultural que ha perm\u00e8s\u00a0 treballar\u00a0 aspectes com l\u2019expressi\u00f3 oral i corporal, la dramatitzaci\u00f3, el coneixement d\u2019un mateix, la relaci\u00f3 interpersonal amb els altres&#8230; A m\u00e9s a m\u00e9s, \u00e9s una activitat que permet treballar molts aspectes personals en els que no \u00e9s f\u00e0cil d\u2019intervenir en el dia [&hellip;]<\/p>\n","protected":false},"author":1,"featured_media":0,"parent":64,"menu_order":4,"comment_status":"closed","ping_status":"closed","template":"page-templates\/side-menu.php","meta":{"_bbp_topic_count":0,"_bbp_reply_count":0,"_bbp_total_topic_count":0,"_bbp_total_reply_count":0,"_bbp_voice_count":0,"_bbp_anonymous_reply_count":0,"_bbp_topic_count_hidden":0,"_bbp_reply_count_hidden":0,"_bbp_forum_subforum_count":0,"site-sidebar-layout":"default","site-content-layout":"","ast-site-content-layout":"","site-content-style":"default","site-sidebar-style":"default","ast-global-header-display":"","ast-banner-title-visibility":"","ast-main-header-display":"","ast-hfb-above-header-display":"","ast-hfb-below-header-display":"","ast-hfb-mobile-header-display":"","site-post-title":"","ast-breadcrumbs-content":"","ast-featured-img":"","footer-sml-layout":"","theme-transparent-header-meta":"","adv-header-id-meta":"","stick-header-meta":"","header-above-stick-meta":"","header-main-stick-meta":"","header-below-stick-meta":"","astra-migrate-meta-layouts":"default","ast-page-background-enabled":"default","ast-page-background-meta":{"desktop":{"background-color":"var(--ast-global-color-4)","background-image":"","background-repeat":"repeat","background-position":"center center","background-size":"auto","background-attachment":"scroll","background-type":"","background-media":"","overlay-type":"","overlay-color":"","overlay-opacity":"","overlay-gradient":""},"tablet":{"background-color":"","background-image":"","background-repeat":"repeat","background-position":"center center","background-size":"auto","background-attachment":"scroll","background-type":"","background-media":"","overlay-type":"","overlay-color":"","overlay-opacity":"","overlay-gradient":""},"mobile":{"background-color":"","background-image":"","background-repeat":"repeat","background-position":"center center","background-size":"auto","background-attachment":"scroll","background-type":"","background-media":"","overlay-type":"","overlay-color":"","overlay-opacity":"","overlay-gradient":""}},"ast-content-background-meta":{"desktop":{"background-color":"var(--ast-global-color-5)","background-image":"","background-repeat":"repeat","background-position":"center center","background-size":"auto","background-attachment":"scroll","background-type":"","background-media":"","overlay-type":"","overlay-color":"","overlay-opacity":"","overlay-gradient":""},"tablet":{"background-color":"var(--ast-global-color-5)","background-image":"","background-repeat":"repeat","background-position":"center center","background-size":"auto","background-attachment":"scroll","background-type":"","background-media":"","overlay-type":"","overlay-color":"","overlay-opacity":"","overlay-gradient":""},"mobile":{"background-color":"var(--ast-global-color-5)","background-image":"","background-repeat":"repeat","background-position":"center center","background-size":"auto","background-attachment":"scroll","background-type":"","background-media":"","overlay-type":"","overlay-color":"","overlay-opacity":"","overlay-gradient":""}},"footnotes":""},"class_list":["post-592","page","type-page","status-publish","hentry"],"post_mailing_queue_ids":[],"_links":{"self":[{"href":"https:\/\/agora.xtec.cat\/ceipelscingles\/wp-json\/wp\/v2\/pages\/592","targetHints":{"allow":["GET"]}}],"collection":[{"href":"https:\/\/agora.xtec.cat\/ceipelscingles\/wp-json\/wp\/v2\/pages"}],"about":[{"href":"https:\/\/agora.xtec.cat\/ceipelscingles\/wp-json\/wp\/v2\/types\/page"}],"author":[{"embeddable":true,"href":"https:\/\/agora.xtec.cat\/ceipelscingles\/wp-json\/wp\/v2\/users\/1"}],"replies":[{"embeddable":true,"href":"https:\/\/agora.xtec.cat\/ceipelscingles\/wp-json\/wp\/v2\/comments?post=592"}],"version-history":[{"count":3,"href":"https:\/\/agora.xtec.cat\/ceipelscingles\/wp-json\/wp\/v2\/pages\/592\/revisions"}],"predecessor-version":[{"id":12029,"href":"https:\/\/agora.xtec.cat\/ceipelscingles\/wp-json\/wp\/v2\/pages\/592\/revisions\/12029"}],"up":[{"embeddable":true,"href":"https:\/\/agora.xtec.cat\/ceipelscingles\/wp-json\/wp\/v2\/pages\/64"}],"wp:attachment":[{"href":"https:\/\/agora.xtec.cat\/ceipelscingles\/wp-json\/wp\/v2\/media?parent=592"}],"curies":[{"name":"wp","href":"https:\/\/api.w.org\/{rel}","templated":true}]}}