{"id":28,"date":"2014-09-18T12:29:35","date_gmt":"2014-09-18T11:29:35","guid":{"rendered":"http:\/\/agora.xtec.cat\/ceipelscingles\/?page_id=28"},"modified":"2024-09-30T13:39:40","modified_gmt":"2024-09-30T11:39:40","slug":"consell-escolar","status":"publish","type":"page","link":"https:\/\/agora.xtec.cat\/ceipelscingles\/lescola\/consell-escolar\/","title":{"rendered":"Consell escolar"},"content":{"rendered":"<p style=\"text-align: justify;\"><strong>El <span style=\"color: #008000;\">consell escolar<\/span> \u00e9s l&#8217;\u00f2rgan m\u00e0xim de participaci\u00f3 en el govern del centre, en el qual hi s\u00f3n representats els diferents sectors de la comunitat educativa: els mestres, els pares, l&#8217;Ajuntament i el personal no docent, elegits democr\u00e0ticament.<\/strong><\/p>\n<p><span style=\"color: #ff6600;\"><strong>Equip directiu<\/strong><\/span><\/p>\n<p><strong><span style=\"color: #3366ff;\">Directora i presidenta del consell escolar:\u00a0<\/span> Cristina Portero Prat<\/strong><\/p>\n<p><span style=\"color: #3366ff;\"><strong>Cap d&#8217;estudis:<\/strong><\/span><strong> Patr\u00edcia Mart\u00ednez Rodr\u00edguez<\/strong><\/p>\n<p><span style=\"color: #800080;\"><strong><span style=\"color: #3366ff;\">Secret\u00e0ria:<\/span> <span style=\"color: #333333;\">Joana Vital Gil<\/span><\/strong><\/span><\/p>\n<p><span style=\"color: #ff6600;\"><strong>Representaci\u00f3 electe del sector mestres<\/strong><\/span><\/p>\n<p><strong>Laura Mayol Planes<\/strong><\/p>\n<p><strong>Laura Vida\u00f1a Baena<\/strong><\/p>\n<p><strong>Grisel\u00b7la Burd\u00f3 Plans<\/strong><\/p>\n<p><strong>Margarita F\u00e0bregas Cuset<\/strong><\/p>\n<p><strong>Gemma Balagu\u00e9 Escoda<\/strong><\/p>\n<p><strong>Marta Mart\u00ed Mas<\/strong><\/p>\n<p><span style=\"color: #ff6600;\"><strong>Representaci\u00f3 electe del sector pares<\/strong><\/span><\/p>\n<p><strong>Anna Cabanyol Sanz<\/strong><\/p>\n<p><strong>S\u00edlvia Roquet Pons<\/strong><\/p>\n<p><strong>Dolors Rovira Jan\u00e9<\/strong><\/p>\n<p><strong>Marina Parramon Costa<\/strong><\/p>\n<p><strong>Noem\u00ed Santamaria Rosa<\/strong><\/p>\n<p><b>Ana Pradet Santaliestra<\/b><\/p>\n<p><span style=\"color: #ff6600;\"><strong>Representaci\u00f3 de l&#8217;AMPA<\/strong><\/span><\/p>\n<p><b>Dolors Rovira Jan\u00e9<\/b><\/p>\n<p><span style=\"color: #ff6600;\"><strong>Representaci\u00f3 de l&#8217;Ajuntament<\/strong><\/span><\/p>\n<p><strong>Montse Gir\u00f3 L\u00f3pez<\/strong><\/p>\n<p><span style=\"color: #ff6600;\"><strong>Representaci\u00f3 del sector PAS<\/strong><\/span><\/p>\n<p><b>El\u00edas Camarena Rodr\u00edguez<\/b><\/p>\n","protected":false},"excerpt":{"rendered":"<p>El consell escolar \u00e9s l&#8217;\u00f2rgan m\u00e0xim de participaci\u00f3 en el govern del centre, en el qual hi s\u00f3n representats els diferents sectors de la comunitat educativa: els mestres, els pares, l&#8217;Ajuntament i el personal no docent, elegits democr\u00e0ticament. Equip directiu Directora i presidenta del consell escolar:\u00a0 Cristina Portero Prat Cap d&#8217;estudis: Patr\u00edcia Mart\u00ednez Rodr\u00edguez Secret\u00e0ria: [&hellip;]<\/p>\n","protected":false},"author":1,"featured_media":0,"parent":22,"menu_order":3,"comment_status":"closed","ping_status":"closed","template":"page-templates\/side-menu.php","meta":{"_bbp_topic_count":0,"_bbp_reply_count":0,"_bbp_total_topic_count":0,"_bbp_total_reply_count":0,"_bbp_voice_count":0,"_bbp_anonymous_reply_count":0,"_bbp_topic_count_hidden":0,"_bbp_reply_count_hidden":0,"_bbp_forum_subforum_count":0,"site-sidebar-layout":"default","site-content-layout":"","ast-site-content-layout":"","site-content-style":"default","site-sidebar-style":"default","ast-global-header-display":"","ast-banner-title-visibility":"","ast-main-header-display":"","ast-hfb-above-header-display":"","ast-hfb-below-header-display":"","ast-hfb-mobile-header-display":"","site-post-title":"","ast-breadcrumbs-content":"","ast-featured-img":"","footer-sml-layout":"","theme-transparent-header-meta":"","adv-header-id-meta":"","stick-header-meta":"","header-above-stick-meta":"","header-main-stick-meta":"","header-below-stick-meta":"","astra-migrate-meta-layouts":"default","ast-page-background-enabled":"default","ast-page-background-meta":{"desktop":{"background-color":"var(--ast-global-color-4)","background-image":"","background-repeat":"repeat","background-position":"center center","background-size":"auto","background-attachment":"scroll","background-type":"","background-media":"","overlay-type":"","overlay-color":"","overlay-opacity":"","overlay-gradient":""},"tablet":{"background-color":"","background-image":"","background-repeat":"repeat","background-position":"center center","background-size":"auto","background-attachment":"scroll","background-type":"","background-media":"","overlay-type":"","overlay-color":"","overlay-opacity":"","overlay-gradient":""},"mobile":{"background-color":"","background-image":"","background-repeat":"repeat","background-position":"center center","background-size":"auto","background-attachment":"scroll","background-type":"","background-media":"","overlay-type":"","overlay-color":"","overlay-opacity":"","overlay-gradient":""}},"ast-content-background-meta":{"desktop":{"background-color":"var(--ast-global-color-5)","background-image":"","background-repeat":"repeat","background-position":"center center","background-size":"auto","background-attachment":"scroll","background-type":"","background-media":"","overlay-type":"","overlay-color":"","overlay-opacity":"","overlay-gradient":""},"tablet":{"background-color":"var(--ast-global-color-5)","background-image":"","background-repeat":"repeat","background-position":"center center","background-size":"auto","background-attachment":"scroll","background-type":"","background-media":"","overlay-type":"","overlay-color":"","overlay-opacity":"","overlay-gradient":""},"mobile":{"background-color":"var(--ast-global-color-5)","background-image":"","background-repeat":"repeat","background-position":"center center","background-size":"auto","background-attachment":"scroll","background-type":"","background-media":"","overlay-type":"","overlay-color":"","overlay-opacity":"","overlay-gradient":""}},"footnotes":""},"class_list":["post-28","page","type-page","status-publish","hentry"],"post_mailing_queue_ids":[],"_links":{"self":[{"href":"https:\/\/agora.xtec.cat\/ceipelscingles\/wp-json\/wp\/v2\/pages\/28","targetHints":{"allow":["GET"]}}],"collection":[{"href":"https:\/\/agora.xtec.cat\/ceipelscingles\/wp-json\/wp\/v2\/pages"}],"about":[{"href":"https:\/\/agora.xtec.cat\/ceipelscingles\/wp-json\/wp\/v2\/types\/page"}],"author":[{"embeddable":true,"href":"https:\/\/agora.xtec.cat\/ceipelscingles\/wp-json\/wp\/v2\/users\/1"}],"replies":[{"embeddable":true,"href":"https:\/\/agora.xtec.cat\/ceipelscingles\/wp-json\/wp\/v2\/comments?post=28"}],"version-history":[{"count":6,"href":"https:\/\/agora.xtec.cat\/ceipelscingles\/wp-json\/wp\/v2\/pages\/28\/revisions"}],"predecessor-version":[{"id":13390,"href":"https:\/\/agora.xtec.cat\/ceipelscingles\/wp-json\/wp\/v2\/pages\/28\/revisions\/13390"}],"up":[{"embeddable":true,"href":"https:\/\/agora.xtec.cat\/ceipelscingles\/wp-json\/wp\/v2\/pages\/22"}],"wp:attachment":[{"href":"https:\/\/agora.xtec.cat\/ceipelscingles\/wp-json\/wp\/v2\/media?parent=28"}],"curies":[{"name":"wp","href":"https:\/\/api.w.org\/{rel}","templated":true}]}}