{"id":1997,"date":"2017-10-10T03:46:48","date_gmt":"2017-10-10T01:46:48","guid":{"rendered":"http:\/\/agora.xtec.cat\/ceipelscingles\/?page_id=1997"},"modified":"2023-08-05T20:59:52","modified_gmt":"2023-08-05T18:59:52","slug":"pla-catala-de-lesport","status":"publish","type":"page","link":"https:\/\/agora.xtec.cat\/ceipelscingles\/ampa\/pla-catala-de-lesport\/","title":{"rendered":"Pla catal\u00e0 de l&#8217;esport"},"content":{"rendered":"<p><img loading=\"lazy\" decoding=\"async\" class=\"wp-image-3886 aligncenter\" src=\"https:\/\/agora.xtec.cat\/ceipelscingles\/wp-content\/uploads\/usu1196\/2023\/08\/afa-taronja.png\" alt=\"AFA Els Cingles\" width=\"151\" height=\"151\" \/><img loading=\"lazy\" decoding=\"async\" class=\"aligncenter wp-image-3924\" src=\"https:\/\/agora.xtec.cat\/ceipelscingles\/wp-content\/uploads\/usu1196\/2019\/09\/Pla-Catala-Esport-_-03.jpg\" alt=\"\" width=\"672\" height=\"385\" srcset=\"https:\/\/agora.xtec.cat\/ceipelscingles\/wp-content\/uploads\/usu1196\/2019\/09\/Pla-Catala-Esport-_-03.jpg 1000w, https:\/\/agora.xtec.cat\/ceipelscingles\/wp-content\/uploads\/usu1196\/2019\/09\/Pla-Catala-Esport-_-03-300x172.jpg 300w, https:\/\/agora.xtec.cat\/ceipelscingles\/wp-content\/uploads\/usu1196\/2019\/09\/Pla-Catala-Esport-_-03-768x441.jpg 768w\" sizes=\"auto, (max-width: 672px) 100vw, 672px\" \/><\/p>\n<p>El projecte de Pla Catal\u00e0 de l&#8217;Espot neix a trav\u00e9s de la Generalitat de Catalunya al curs 2005-06, adre\u00e7at principalment a incrementar la participaci\u00f3 dels infants i joves, en activitats f\u00edsiques i esportives en horari no lectiu en el propi centre educatiu i, alhora, emprar aquestes pr\u00e0ctiques per a la difusi\u00f3 i l\u2019<strong>educaci\u00f3 en valors <\/strong>com la <strong>toler\u00e0ncia<\/strong>, el <strong>respecte als altres i a les regles<\/strong>, la <strong>confian\u00e7a en un mateix<\/strong>, l\u2019<strong>esfor\u00e7 de superaci\u00f3<\/strong>, l\u2019<strong>autocr\u00edtica<\/strong>, l\u2019<strong>autonomia<\/strong>, la <strong>capacitat de decisi\u00f3<\/strong>, l\u2019<strong>autogesti\u00f3<\/strong>, a <strong>cooperaci\u00f3<\/strong>, el <strong>treball en equip<\/strong>, entre d\u2019altres i alhora \u00a0per a l&#8217;<strong>adquisici\u00f3 d&#8217;h\u00e0bits saludables<\/strong> donat que es detecta entre d\u2019altres l\u2019increment dels h\u00e0bits sedentaris i de l\u2019obesitat, amb una incid\u00e8ncia preocupant en la poblaci\u00f3 infantil i juvenil.<\/p>\n<h4><\/h4>\n<h4>Els objectius del Pla<\/h4>\n<p>El Pla pret\u00e9n posar a l\u2019abast de tots els alumnes de prim\u00e0ria i I5 la pr\u00e0ctica d\u2019activitats f\u00edsiques i esportives amb l\u2019objectiu:<\/p>\n<p>&#8211; Incrementar la participaci\u00f3 dels infants en activitats f\u00edsiques i esportives en horari no lectiu.<\/p>\n<p>&#8211; Aprofitar el gran potencial educatiu i formatiu de les activitats f\u00edsiques i esportives, cercant la participaci\u00f3 per damunt de la competitivitat.<\/p>\n<p>&#8211; Potenciar la funci\u00f3 integradora i de cohesi\u00f3 social de l\u2019esport escolar, facilitant l\u2019acc\u00e9s de tot l\u2019alumnat a la pr\u00e0ctica esportiva escolar.<\/p>\n<p>&#8211; Contribuir mitjan\u00e7ant la pr\u00e0ctica esportiva a la formaci\u00f3 de valors com la toler\u00e0ncia, el respecte als altres i a les regles, la confian\u00e7a en un mateix, l\u2019esfor\u00e7 de superaci\u00f3, l\u2019autocr\u00edtica, l\u2019autonomia, la capacitat de decisi\u00f3, l\u2019autogesti\u00f3, a cooperaci\u00f3, el treball en equip, entre d\u2019altres.<\/p>\n<p>&#8211; Fomentar la pr\u00e0ctica regular d\u2019activitats f\u00edsiques i esportives i l\u2019adquisici\u00f3 d\u2019h\u00e0bits saludables que contribueixin a un millor benestar.<\/p>\n<p><a href=\"https:\/\/agora.xtec.cat\/ceipelscingles\/wp-content\/uploads\/usu1196\/2019\/07\/Pla-Catala-Esport.jpg\"><img loading=\"lazy\" decoding=\"async\" class=\"aligncenter size-full wp-image-3883\" src=\"https:\/\/agora.xtec.cat\/ceipelscingles\/wp-content\/uploads\/usu1196\/2019\/07\/Pla-Catala-Esport.jpg\" alt=\"\" width=\"756\" height=\"246\" srcset=\"https:\/\/agora.xtec.cat\/ceipelscingles\/wp-content\/uploads\/usu1196\/2019\/07\/Pla-Catala-Esport.jpg 756w, https:\/\/agora.xtec.cat\/ceipelscingles\/wp-content\/uploads\/usu1196\/2019\/07\/Pla-Catala-Esport-300x98.jpg 300w\" sizes=\"auto, (max-width: 756px) 100vw, 756px\" \/><\/a><\/p>\n<p>&nbsp;<\/p>\n<p>&nbsp;<\/p>\n<p>&nbsp;<\/p>\n<p>&nbsp;<\/p>\n<p>&nbsp;<\/p>\n<p>&nbsp;<\/p>\n","protected":false},"excerpt":{"rendered":"<p>El projecte de Pla Catal\u00e0 de l&#8217;Espot neix a trav\u00e9s de la Generalitat de Catalunya al curs 2005-06, adre\u00e7at principalment a incrementar la participaci\u00f3 dels infants i joves, en activitats f\u00edsiques i esportives en horari no lectiu en el propi centre educatiu i, alhora, emprar aquestes pr\u00e0ctiques per a la difusi\u00f3 i l\u2019educaci\u00f3 en valors [&hellip;]<\/p>\n","protected":false},"author":5,"featured_media":0,"parent":1217,"menu_order":7,"comment_status":"closed","ping_status":"closed","template":"page-templates\/side-menu.php","meta":{"_bbp_topic_count":0,"_bbp_reply_count":0,"_bbp_total_topic_count":0,"_bbp_total_reply_count":0,"_bbp_voice_count":0,"_bbp_anonymous_reply_count":0,"_bbp_topic_count_hidden":0,"_bbp_reply_count_hidden":0,"_bbp_forum_subforum_count":0,"site-sidebar-layout":"default","site-content-layout":"","ast-site-content-layout":"","site-content-style":"default","site-sidebar-style":"default","ast-global-header-display":"","ast-banner-title-visibility":"","ast-main-header-display":"","ast-hfb-above-header-display":"","ast-hfb-below-header-display":"","ast-hfb-mobile-header-display":"","site-post-title":"","ast-breadcrumbs-content":"","ast-featured-img":"","footer-sml-layout":"","theme-transparent-header-meta":"","adv-header-id-meta":"","stick-header-meta":"","header-above-stick-meta":"","header-main-stick-meta":"","header-below-stick-meta":"","astra-migrate-meta-layouts":"default","ast-page-background-enabled":"default","ast-page-background-meta":{"desktop":{"background-color":"var(--ast-global-color-4)","background-image":"","background-repeat":"repeat","background-position":"center center","background-size":"auto","background-attachment":"scroll","background-type":"","background-media":"","overlay-type":"","overlay-color":"","overlay-opacity":"","overlay-gradient":""},"tablet":{"background-color":"","background-image":"","background-repeat":"repeat","background-position":"center center","background-size":"auto","background-attachment":"scroll","background-type":"","background-media":"","overlay-type":"","overlay-color":"","overlay-opacity":"","overlay-gradient":""},"mobile":{"background-color":"","background-image":"","background-repeat":"repeat","background-position":"center center","background-size":"auto","background-attachment":"scroll","background-type":"","background-media":"","overlay-type":"","overlay-color":"","overlay-opacity":"","overlay-gradient":""}},"ast-content-background-meta":{"desktop":{"background-color":"var(--ast-global-color-5)","background-image":"","background-repeat":"repeat","background-position":"center center","background-size":"auto","background-attachment":"scroll","background-type":"","background-media":"","overlay-type":"","overlay-color":"","overlay-opacity":"","overlay-gradient":""},"tablet":{"background-color":"var(--ast-global-color-5)","background-image":"","background-repeat":"repeat","background-position":"center center","background-size":"auto","background-attachment":"scroll","background-type":"","background-media":"","overlay-type":"","overlay-color":"","overlay-opacity":"","overlay-gradient":""},"mobile":{"background-color":"var(--ast-global-color-5)","background-image":"","background-repeat":"repeat","background-position":"center center","background-size":"auto","background-attachment":"scroll","background-type":"","background-media":"","overlay-type":"","overlay-color":"","overlay-opacity":"","overlay-gradient":""}},"footnotes":""},"class_list":["post-1997","page","type-page","status-publish","hentry"],"post_mailing_queue_ids":[],"_links":{"self":[{"href":"https:\/\/agora.xtec.cat\/ceipelscingles\/wp-json\/wp\/v2\/pages\/1997","targetHints":{"allow":["GET"]}}],"collection":[{"href":"https:\/\/agora.xtec.cat\/ceipelscingles\/wp-json\/wp\/v2\/pages"}],"about":[{"href":"https:\/\/agora.xtec.cat\/ceipelscingles\/wp-json\/wp\/v2\/types\/page"}],"author":[{"embeddable":true,"href":"https:\/\/agora.xtec.cat\/ceipelscingles\/wp-json\/wp\/v2\/users\/5"}],"replies":[{"embeddable":true,"href":"https:\/\/agora.xtec.cat\/ceipelscingles\/wp-json\/wp\/v2\/comments?post=1997"}],"version-history":[{"count":2,"href":"https:\/\/agora.xtec.cat\/ceipelscingles\/wp-json\/wp\/v2\/pages\/1997\/revisions"}],"predecessor-version":[{"id":13157,"href":"https:\/\/agora.xtec.cat\/ceipelscingles\/wp-json\/wp\/v2\/pages\/1997\/revisions\/13157"}],"up":[{"embeddable":true,"href":"https:\/\/agora.xtec.cat\/ceipelscingles\/wp-json\/wp\/v2\/pages\/1217"}],"wp:attachment":[{"href":"https:\/\/agora.xtec.cat\/ceipelscingles\/wp-json\/wp\/v2\/media?parent=1997"}],"curies":[{"name":"wp","href":"https:\/\/api.w.org\/{rel}","templated":true}]}}