{"id":73,"date":"2014-09-18T14:01:51","date_gmt":"2014-09-18T13:01:51","guid":{"rendered":"http:\/\/agora.xtec.cat\/ceipelsametllers\/?page_id=73"},"modified":"2025-04-26T10:53:05","modified_gmt":"2025-04-26T08:53:05","slug":"menjador-escolar","status":"publish","type":"page","link":"https:\/\/agora.xtec.cat\/ceipelsametllers\/serveis\/menjador-escolar\/","title":{"rendered":"Menjador escolar"},"content":{"rendered":"<p>L&#8217;escola disposa de servei de menjador contractat per l&#8217;AFA amb cuina pr\u00f2pia.<\/p>\n<p>La venda de tiquets per menjar a l&#8217;escola es fa a trav\u00e9s de l&#8217;aplicaci\u00f3 TPVescola. Podeu contactar amb l&#8217;empresa encarregada del servei en cas de necessitar ajuda amb l&#8217;app.<\/p>\n<p>En casos d&#8217;intoler\u00e0ncies i al\u00b7l\u00e8rgies cal portar un certificat m\u00e8dic i se&#8217;ls hi far\u00e0 un dinar diferent si cal.<\/p>\n<p><strong> MATERIAL QUE S\u2019HA DE PORTAR:<\/strong><\/p>\n<p><strong>TOTS<\/strong> els nens i nenes han de dur <strong>obligat\u00f2riament un NECESSER<\/strong>\u00a0marcat amb el nom amb una \u00a0<strong>pinta, col\u00f2nia, raspall i pasta de dents. <\/strong>Els \u00a0nens i nenes d&#8217;infantil i cicle inicial han de portar tamb\u00e9 una bata per al menjador.<\/p>\n","protected":false},"excerpt":{"rendered":"<p>L&#8217;escola disposa de servei de menjador contractat per l&#8217;AFA amb cuina pr\u00f2pia.<br \/>\nLa venda de tiquets per menjar a l&#8217;escola es fa a trav\u00e9s de l&#8217;aplicaci\u00f3 TPVescola. Podeu contactar amb l&#8217;empresa encarregada del servei en cas de necessitar ajuda amb l&#8217;app.<br \/>\nEn casos d&#8217;intoler\u00e0ncies i al\u00b7l\u00e8rgies cal&hellip;  <a href=\"https:\/\/agora.xtec.cat\/ceipelsametllers\/serveis\/menjador-escolar\/\" title=\"Read Menjador escolar\">Llegeix m\u00e9s\u00bb<\/a><\/p>\n","protected":false},"author":1,"featured_media":0,"parent":66,"menu_order":30,"comment_status":"closed","ping_status":"closed","template":"page-templates\/side-menu.php","meta":{"_bbp_topic_count":0,"_bbp_reply_count":0,"_bbp_total_topic_count":0,"_bbp_total_reply_count":0,"_bbp_voice_count":0,"_bbp_anonymous_reply_count":0,"_bbp_topic_count_hidden":0,"_bbp_reply_count_hidden":0,"_bbp_forum_subforum_count":0,"footnotes":""},"class_list":["post-73","page","type-page","status-publish","hentry"],"post_mailing_queue_ids":[],"_links":{"self":[{"href":"https:\/\/agora.xtec.cat\/ceipelsametllers\/wp-json\/wp\/v2\/pages\/73","targetHints":{"allow":["GET"]}}],"collection":[{"href":"https:\/\/agora.xtec.cat\/ceipelsametllers\/wp-json\/wp\/v2\/pages"}],"about":[{"href":"https:\/\/agora.xtec.cat\/ceipelsametllers\/wp-json\/wp\/v2\/types\/page"}],"author":[{"embeddable":true,"href":"https:\/\/agora.xtec.cat\/ceipelsametllers\/wp-json\/wp\/v2\/users\/1"}],"replies":[{"embeddable":true,"href":"https:\/\/agora.xtec.cat\/ceipelsametllers\/wp-json\/wp\/v2\/comments?post=73"}],"version-history":[{"count":5,"href":"https:\/\/agora.xtec.cat\/ceipelsametllers\/wp-json\/wp\/v2\/pages\/73\/revisions"}],"predecessor-version":[{"id":4801,"href":"https:\/\/agora.xtec.cat\/ceipelsametllers\/wp-json\/wp\/v2\/pages\/73\/revisions\/4801"}],"up":[{"embeddable":true,"href":"https:\/\/agora.xtec.cat\/ceipelsametllers\/wp-json\/wp\/v2\/pages\/66"}],"wp:attachment":[{"href":"https:\/\/agora.xtec.cat\/ceipelsametllers\/wp-json\/wp\/v2\/media?parent=73"}],"curies":[{"name":"wp","href":"https:\/\/api.w.org\/{rel}","templated":true}]}}

<p>L&#8217;escola disposa de servei de menjador contractat per l&#8217;AFA amb cuina pròpia.</p>
<p>La venda de tiquets per menjar a l&#8217;escola es fa a través de l&#8217;aplicació TPVescola. Podeu contactar amb l&#8217;empresa encarregada del servei en cas de necessitar ajuda amb l&#8217;app.</p>
<p>En casos d&#8217;intoleràncies i al·lèrgies cal portar un certificat mèdic i se&#8217;ls hi farà un dinar diferent si cal.</p>
<p><strong> MATERIAL QUE S’HA DE PORTAR:</strong></p>
<p><strong>TOTS</strong> els nens i nenes han de dur <strong>obligatòriament un NECESSER</strong> marcat amb el nom amb una  <strong>pinta, colònia, raspall i pasta de dents. </strong>Els  nens i nenes d&#8217;infantil i cicle inicial han de portar també una bata per al menjador.</p>

<p>L&#8217;escola disposa de servei de menjador contractat per l&#8217;AFA amb cuina pròpia.<br />
La venda de tiquets per menjar a l&#8217;escola es fa a través de l&#8217;aplicació TPVescola. Podeu contactar amb l&#8217;empresa encarregada del servei en cas de necessitar ajuda amb l&#8217;app.<br />
En casos d&#8217;intoleràncies i al·lèrgies cal&hellip;  <a href="https://agora.xtec.cat/ceipelsametllers/serveis/menjador-escolar/" title="Read Menjador escolar">Llegeix més»</a></p>
