{"id":3279,"date":"2022-06-29T02:07:25","date_gmt":"2022-06-29T00:07:25","guid":{"rendered":"https:\/\/agora.xtec.cat\/ceipelsametllers\/?page_id=3279"},"modified":"2022-12-07T12:07:18","modified_gmt":"2022-12-07T11:07:18","slug":"objectius","status":"publish","type":"page","link":"https:\/\/agora.xtec.cat\/ceipelsametllers\/lescola\/estrategia-digital-de-centre-edc\/objectius\/","title":{"rendered":"Objectius"},"content":{"rendered":"<p>Els objectius definits per l&#8217;estrat\u00e8gia digital de centre s\u00f3n els seg\u00fcents:<\/p>\n<ol>\n<li>Crear espais de col\u00b7laboraci\u00f3 pel professorat dintre del centre i fora en l&#8217;\u00e0mbit digital per l&#8217;empoderament de l&#8217;alumnat.<\/li>\n<li>Capacitar l&#8217;alumnat per a qu\u00e8 esdevinguin digitalment competents.<\/li>\n<li>Promoure entre el professorat l&#8217;\u00fas de les eines digitals en l&#8217;aprenentatge per integrar-les a la cultura digital del centre.<\/li>\n<li>Augmentar la compet\u00e8ncia digital del professorat per millorar la qualitat educativa.<\/li>\n<li>Promoure la progressiva aplicaci\u00f3 del nou curr\u00edculum en l&#8217;\u00e0mbit digital en les activitats d&#8217;aprenentatge.<\/li>\n<\/ol>\n","protected":false},"excerpt":{"rendered":"<p>Els objectius definits per l&#8217;estrat\u00e8gia digital de centre s\u00f3n els seg\u00fcents:<\/p>\n<ol>\n<li>Crear espais de col\u00b7laboraci\u00f3 pel professorat dintre del centre i fora en l&#8217;\u00e0mbit digital per l&#8217;empoderament de l&#8217;alumnat.<\/li>\n<li>Capacitar l&#8217;alumnat per a qu\u00e8 esdevinguin digitalment competents.<\/li>\n<li>Promoure entre el professorat l&#8217;\u00fas de les eines digitals en l&#8217;aprenentatge&hellip;  <a href=\"https:\/\/agora.xtec.cat\/ceipelsametllers\/lescola\/estrategia-digital-de-centre-edc\/objectius\/\" title=\"Read Objectius\">Llegeix m\u00e9s\u00bb<\/a><br \/>\n","protected":false},"author":1,"featured_media":0,"parent":3266,"menu_order":2,"comment_status":"closed","ping_status":"closed","template":"page-templates\/side-menu.php","meta":{"_bbp_topic_count":0,"_bbp_reply_count":0,"_bbp_total_topic_count":0,"_bbp_total_reply_count":0,"_bbp_voice_count":0,"_bbp_anonymous_reply_count":0,"_bbp_topic_count_hidden":0,"_bbp_reply_count_hidden":0,"_bbp_forum_subforum_count":0,"footnotes":""},"class_list":["post-3279","page","type-page","status-publish","hentry"],"post_mailing_queue_ids":[],"_links":{"self":[{"href":"https:\/\/agora.xtec.cat\/ceipelsametllers\/wp-json\/wp\/v2\/pages\/3279","targetHints":{"allow":["GET"]}}],"collection":[{"href":"https:\/\/agora.xtec.cat\/ceipelsametllers\/wp-json\/wp\/v2\/pages"}],"about":[{"href":"https:\/\/agora.xtec.cat\/ceipelsametllers\/wp-json\/wp\/v2\/types\/page"}],"author":[{"embeddable":true,"href":"https:\/\/agora.xtec.cat\/ceipelsametllers\/wp-json\/wp\/v2\/users\/1"}],"replies":[{"embeddable":true,"href":"https:\/\/agora.xtec.cat\/ceipelsametllers\/wp-json\/wp\/v2\/comments?post=3279"}],"version-history":[{"count":3,"href":"https:\/\/agora.xtec.cat\/ceipelsametllers\/wp-json\/wp\/v2\/pages\/3279\/revisions"}],"predecessor-version":[{"id":3704,"href":"https:\/\/agora.xtec.cat\/ceipelsametllers\/wp-json\/wp\/v2\/pages\/3279\/revisions\/3704"}],"up":[{"embeddable":true,"href":"https:\/\/agora.xtec.cat\/ceipelsametllers\/wp-json\/wp\/v2\/pages\/3266"}],"wp:attachment":[{"href":"https:\/\/agora.xtec.cat\/ceipelsametllers\/wp-json\/wp\/v2\/media?parent=3279"}],"curies":[{"name":"wp","href":"https:\/\/api.w.org\/{rel}","templated":true}]}}

<p>Els objectius definits per l&#8217;estratègia digital de centre són els següents:</p>
<ol>
<li>Crear espais de col·laboració pel professorat dintre del centre i fora en l&#8217;àmbit digital per l&#8217;empoderament de l&#8217;alumnat.</li>
<li>Capacitar l&#8217;alumnat per a què esdevinguin digitalment competents.</li>
<li>Promoure entre el professorat l&#8217;ús de les eines digitals en l&#8217;aprenentatge per integrar-les a la cultura digital del centre.</li>
<li>Augmentar la competència digital del professorat per millorar la qualitat educativa.</li>
<li>Promoure la progressiva aplicació del nou currículum en l&#8217;àmbit digital en les activitats d&#8217;aprenentatge.</li>
</ol>

<p>Els objectius definits per l&#8217;estratègia digital de centre són els següents:</p>
<ol>
<li>Crear espais de col·laboració pel professorat dintre del centre i fora en l&#8217;àmbit digital per l&#8217;empoderament de l&#8217;alumnat.</li>
<li>Capacitar l&#8217;alumnat per a què esdevinguin digitalment competents.</li>
<li>Promoure entre el professorat l&#8217;ús de les eines digitals en l&#8217;aprenentatge&hellip;  <a href="https://agora.xtec.cat/ceipelsametllers/lescola/estrategia-digital-de-centre-edc/objectius/" title="Read Objectius">Llegeix més»</a><br />
