{"id":3275,"date":"2022-06-29T00:55:41","date_gmt":"2022-06-28T22:55:41","guid":{"rendered":"https:\/\/agora.xtec.cat\/ceipelsametllers\/?page_id=3275"},"modified":"2022-06-29T02:18:13","modified_gmt":"2022-06-29T00:18:13","slug":"diagnosi","status":"publish","type":"page","link":"https:\/\/agora.xtec.cat\/ceipelsametllers\/lescola\/estrategia-digital-de-centre-edc\/diagnosi\/","title":{"rendered":"Diagnosi"},"content":{"rendered":"<p>El primer pas per poder elaborar l\u2019estrat\u00e8gia digital de centre ha estat elaborar la diagnosi, per fer-la la comissi\u00f3 digital del centre va decidir emprar diferents eines diagn\u00f2stiques:<\/p>\n<ul>\n<li><strong>Eina Selfie<\/strong>: una eina creada per la Comissi\u00f3 Europea, per ajudar als centres educatius a fer una diagnosi del seu grau d\u2019implementaci\u00f3 de les tecnologies digitals. Es tracta d&#8217;una eina per elaborar q\u00fcestionaris per passar a l&#8217;equip directiu, a l&#8217;equip docent i a l\u2019alumnat (de 4t, 5\u00e8 i 6\u00e8).<\/li>\n<li><strong>Eina Selfie for teachers<\/strong> que s&#8217;assembla a l&#8217;anterior, per\u00f2 ens dona una visi\u00f3 del centre encara m\u00e9s detallada.<\/li>\n<li><strong>Enquesta a les fam\u00edlies<\/strong> per poder recollir la seva visi\u00f3 sobre la maduresa digital del centre.<\/li>\n<li><strong>Diagnosi qualitativa<\/strong>\u00a0elaborada a partir de\u00a0l\u2019observaci\u00f3 i l\u2019an\u00e0lisi de la realitat per part de la Comissi\u00f3 d\u2019Estrat\u00e8gia Digital de Centre.<\/li>\n<\/ul>\n<p>A partir de l\u2019an\u00e0lisi d\u2019aquestes eines, s\u2019han detectat els punts forts i punts febles, que ens permetran establir els objectius de l\u2019Estrat\u00e8gia Digital i ens ajudaran a establir i millorar la Cultura Digital del Centre.<\/p>\n<table style=\"border-collapse: collapse; width: 100%;\">\n<tbody>\n<tr>\n<td style=\"width: 50%; text-align: center;\"><span style=\"text-align: center;\">PUNTS FORTS<\/span><\/td>\n<td style=\"width: 50%; text-align: center;\"><span style=\"text-align: center;\">PUNTS FEBLES<\/span><\/td>\n<\/tr>\n<tr>\n<td style=\"width: 50%;\">Les infraestructures i serveis digitals del centre<\/p>\n<p>Desenvolupament professional continu<\/p>\n<p><span style=\"font-family: inherit; font-size: 0.875em;\">Disponibilitat de recursos educatius en l\u00ednia<\/span><\/p>\n<p><span style=\"background-color: #ffffff;\">Bona comunicaci\u00f3 amb la comunitat educativa<\/span><\/p>\n<p><span style=\"background-color: #ffffff;\">Comportament responsable per part del professorat i de l&#8217;alumnat<\/span><\/p>\n<p><span style=\"background-color: #ffffff;\">Disposici\u00f3 d&#8217;un entorn virtual d&#8217;aprenentatge (Google Classroom)<\/span><\/p>\n<p><span style=\"font-family: inherit; font-size: 0.875em;\">El centre educatiu t\u00e9 una comunicaci\u00f3 regular i ben organitzada amb les fam\u00edlies i \/o tutors<\/span><\/p>\n<p><span style=\"background-color: #ffffff;\">Desenvolupament professional en l\u00ednia a trav\u00e9s de la col\u00b7laboraci\u00f3<\/span><\/p>\n<p><span style=\"background-color: #ffffff;\">Orientaci\u00f3 i assessorament interns a trav\u00e9s de la comissi\u00f3 digital<\/span><\/p>\n<p><span style=\"background-color: #ffffff;\">Acc\u00e9s de l&#8217;alumnat a dispositius fora del centre<\/span><\/p>\n<p><span style=\"background-color: #ffffff;\">Predisposici\u00f3 familiar a ajudar els fills<\/span><\/p>\n<p>Claredat de la web<\/p>\n<p><span style=\"background-color: #ffffff;\">Utilitzaci\u00f3 de tecnologies digitals per millorar la comunicaci\u00f3 amb professors, alumnes o pares.<\/span><\/td>\n<td style=\"width: 50%;\">Manca de temps per dedicar a la creaci\u00f3 de recursos digitals propis.<\/p>\n<p>Avaluaci\u00f3 del progr\u00e9s de l&#8217;alumnat<\/p>\n<p>Baix \u00edndex de col\u00b7laboracions amb altres centres per part del professorat i de l&#8217;alumnat<\/p>\n<p>Dificultats per donar retroalimentaci\u00f3 adequada per part del professorat en l&#8217;\u00e0mbit digital<\/p>\n<p>Baix percentatge de mestres que participen en programes de desenvolupament professional<\/p>\n<p>Baix percentatge de temps per dedicar a l&#8217;ensenyament digital<\/p>\n<p>Nombre de fam\u00edlies que visiten regularment la web<\/p>\n<p>Nombre d&#8217;alumnes\u00a0 que disposen de dispositius adequats per fer les tasques a casa<\/p>\n<p><span data-sheets-value=\"{&quot;1&quot;:2,&quot;2&quot;:&quot;Incorporar activitats d'aprenentatge que requereixin a l'alumnat fer servir les tecnologies digitals per cercar, avaluar i administrar informaci\u00f3 i dades en entorns digitals.&quot;}\">Nombre d&#8217;activitats d&#8217;aprenentatge que requereixin a l&#8217;alumnat fer servir les tecnologies digitals per cercar, avaluar i administrar informaci\u00f3 i dades en entorns digitals.<\/span><\/p>\n<p><span data-sheets-value=\"{&quot;1&quot;:2,&quot;2&quot;:&quot;Usar les tecnologies digitals per atendre les diverses necessitats d'aprenentatge de l'alumnat, permetent avan\u00e7ar a diferents nivells i velocitats, aix\u00ed com seguir itineraris i objectius d'aprenentatge individuals&quot;}\">Poc us de les tecnologies digitals per atendre les diverses necessitats d&#8217;aprenentatge de l&#8217;alumnat, permetent avan\u00e7ar a diferents nivells i velocitats, aix\u00ed com seguir itineraris i objectius d&#8217;aprenentatge individuals<\/span><\/p>\n<p><span data-sheets-value=\"{&quot;1&quot;:2,&quot;2&quot;:&quot;Aprenentatge autoregulat. Usar les tecnologies digitals per millorar els processos d'aprenentatge autoregulats de l'alumnat, promovent un aprenentatge actiu i aut\u00f2nom de la responsabilitat que l'alumnat assumeix respecte al seu propi aprenentatge, de manera que es trasllada el focus d'atenci\u00f3 de l'ensenyament a l'aprenentatge.&quot;}\">Baix us de les tecnologies digitals per millorar els processos d&#8217;aprenentatge autoregulats de l&#8217;alumnat,\u00a0<\/span><\/td>\n<\/tr>\n<\/tbody>\n<\/table>\n<p>&nbsp;<\/p>\n","protected":false},"excerpt":{"rendered":"<p>El primer pas per poder elaborar l\u2019estrat\u00e8gia digital de centre ha estat elaborar la diagnosi, per fer-la la comissi\u00f3 digital del centre va decidir emprar diferents eines diagn\u00f2stiques:<\/p>\n<ul>\n<li>Eina Selfie: una eina creada per la Comissi\u00f3 Europea, per ajudar als centres educatius a fer una diagnosi&hellip;  <a href=\"https:\/\/agora.xtec.cat\/ceipelsametllers\/lescola\/estrategia-digital-de-centre-edc\/diagnosi\/\" title=\"Read Diagnosi\">Llegeix m\u00e9s\u00bb<\/a><br \/>\n","protected":false},"author":1,"featured_media":0,"parent":3266,"menu_order":1,"comment_status":"closed","ping_status":"closed","template":"page-templates\/side-menu.php","meta":{"_bbp_topic_count":0,"_bbp_reply_count":0,"_bbp_total_topic_count":0,"_bbp_total_reply_count":0,"_bbp_voice_count":0,"_bbp_anonymous_reply_count":0,"_bbp_topic_count_hidden":0,"_bbp_reply_count_hidden":0,"_bbp_forum_subforum_count":0,"footnotes":""},"class_list":["post-3275","page","type-page","status-publish","hentry"],"post_mailing_queue_ids":[],"_links":{"self":[{"href":"https:\/\/agora.xtec.cat\/ceipelsametllers\/wp-json\/wp\/v2\/pages\/3275","targetHints":{"allow":["GET"]}}],"collection":[{"href":"https:\/\/agora.xtec.cat\/ceipelsametllers\/wp-json\/wp\/v2\/pages"}],"about":[{"href":"https:\/\/agora.xtec.cat\/ceipelsametllers\/wp-json\/wp\/v2\/types\/page"}],"author":[{"embeddable":true,"href":"https:\/\/agora.xtec.cat\/ceipelsametllers\/wp-json\/wp\/v2\/users\/1"}],"replies":[{"embeddable":true,"href":"https:\/\/agora.xtec.cat\/ceipelsametllers\/wp-json\/wp\/v2\/comments?post=3275"}],"version-history":[{"count":2,"href":"https:\/\/agora.xtec.cat\/ceipelsametllers\/wp-json\/wp\/v2\/pages\/3275\/revisions"}],"predecessor-version":[{"id":3278,"href":"https:\/\/agora.xtec.cat\/ceipelsametllers\/wp-json\/wp\/v2\/pages\/3275\/revisions\/3278"}],"up":[{"embeddable":true,"href":"https:\/\/agora.xtec.cat\/ceipelsametllers\/wp-json\/wp\/v2\/pages\/3266"}],"wp:attachment":[{"href":"https:\/\/agora.xtec.cat\/ceipelsametllers\/wp-json\/wp\/v2\/media?parent=3275"}],"curies":[{"name":"wp","href":"https:\/\/api.w.org\/{rel}","templated":true}]}}

<p>El primer pas per poder elaborar l’estratègia digital de centre ha estat elaborar la diagnosi, per fer-la la comissió digital del centre va decidir emprar diferents eines diagnòstiques:</p>
<ul>
<li><strong>Eina Selfie</strong>: una eina creada per la Comissió Europea, per ajudar als centres educatius a fer una diagnosi del seu grau d’implementació de les tecnologies digitals. Es tracta d&#8217;una eina per elaborar qüestionaris per passar a l&#8217;equip directiu, a l&#8217;equip docent i a l’alumnat (de 4t, 5è i 6è).</li>
<li><strong>Eina Selfie for teachers</strong> que s&#8217;assembla a l&#8217;anterior, però ens dona una visió del centre encara més detallada.</li>
<li><strong>Enquesta a les famílies</strong> per poder recollir la seva visió sobre la maduresa digital del centre.</li>
<li><strong>Diagnosi qualitativa</strong> elaborada a partir de l’observació i l’anàlisi de la realitat per part de la Comissió d’Estratègia Digital de Centre.</li>
</ul>
<p>A partir de l’anàlisi d’aquestes eines, s’han detectat els punts forts i punts febles, que ens permetran establir els objectius de l’Estratègia Digital i ens ajudaran a establir i millorar la Cultura Digital del Centre.</p>
<table style="border-collapse: collapse; width: 100%;">
<tbody>
<tr>
<td style="width: 50%; text-align: center;"><span style="text-align: center;">PUNTS FORTS</span></td>
<td style="width: 50%; text-align: center;"><span style="text-align: center;">PUNTS FEBLES</span></td>
</tr>
<tr>
<td style="width: 50%;">Les infraestructures i serveis digitals del centre</p>
<p>Desenvolupament professional continu</p>
<p><span style="font-family: inherit; font-size: 0.875em;">Disponibilitat de recursos educatius en línia</span></p>
<p><span style="background-color: #ffffff;">Bona comunicació amb la comunitat educativa</span></p>
<p><span style="background-color: #ffffff;">Comportament responsable per part del professorat i de l&#8217;alumnat</span></p>
<p><span style="background-color: #ffffff;">Disposició d&#8217;un entorn virtual d&#8217;aprenentatge (Google Classroom)</span></p>
<p><span style="font-family: inherit; font-size: 0.875em;">El centre educatiu té una comunicació regular i ben organitzada amb les famílies i /o tutors</span></p>
<p><span style="background-color: #ffffff;">Desenvolupament professional en línia a través de la col·laboració</span></p>
<p><span style="background-color: #ffffff;">Orientació i assessorament interns a través de la comissió digital</span></p>
<p><span style="background-color: #ffffff;">Accés de l&#8217;alumnat a dispositius fora del centre</span></p>
<p><span style="background-color: #ffffff;">Predisposició familiar a ajudar els fills</span></p>
<p>Claredat de la web</p>
<p><span style="background-color: #ffffff;">Utilització de tecnologies digitals per millorar la comunicació amb professors, alumnes o pares.</span></td>
<td style="width: 50%;">Manca de temps per dedicar a la creació de recursos digitals propis.</p>
<p>Avaluació del progrés de l&#8217;alumnat</p>
<p>Baix índex de col·laboracions amb altres centres per part del professorat i de l&#8217;alumnat</p>
<p>Dificultats per donar retroalimentació adequada per part del professorat en l&#8217;àmbit digital</p>
<p>Baix percentatge de mestres que participen en programes de desenvolupament professional</p>
<p>Baix percentatge de temps per dedicar a l&#8217;ensenyament digital</p>
<p>Nombre de famílies que visiten regularment la web</p>
<p>Nombre d&#8217;alumnes  que disposen de dispositius adequats per fer les tasques a casa</p>
<p><span data-sheets-value="{&quot;1&quot;:2,&quot;2&quot;:&quot;Incorporar activitats d'aprenentatge que requereixin a l'alumnat fer servir les tecnologies digitals per cercar, avaluar i administrar informació i dades en entorns digitals.&quot;}">Nombre d&#8217;activitats d&#8217;aprenentatge que requereixin a l&#8217;alumnat fer servir les tecnologies digitals per cercar, avaluar i administrar informació i dades en entorns digitals.</span></p>
<p><span data-sheets-value="{&quot;1&quot;:2,&quot;2&quot;:&quot;Usar les tecnologies digitals per atendre les diverses necessitats d'aprenentatge de l'alumnat, permetent avançar a diferents nivells i velocitats, així com seguir itineraris i objectius d'aprenentatge individuals&quot;}">Poc us de les tecnologies digitals per atendre les diverses necessitats d&#8217;aprenentatge de l&#8217;alumnat, permetent avançar a diferents nivells i velocitats, així com seguir itineraris i objectius d&#8217;aprenentatge individuals</span></p>
<p><span data-sheets-value="{&quot;1&quot;:2,&quot;2&quot;:&quot;Aprenentatge autoregulat. Usar les tecnologies digitals per millorar els processos d'aprenentatge autoregulats de l'alumnat, promovent un aprenentatge actiu i autònom de la responsabilitat que l'alumnat assumeix respecte al seu propi aprenentatge, de manera que es trasllada el focus d'atenció de l'ensenyament a l'aprenentatge.&quot;}">Baix us de les tecnologies digitals per millorar els processos d&#8217;aprenentatge autoregulats de l&#8217;alumnat, </span></td>
</tr>
</tbody>
</table>
<p>&nbsp;</p>

<p>El primer pas per poder elaborar l’estratègia digital de centre ha estat elaborar la diagnosi, per fer-la la comissió digital del centre va decidir emprar diferents eines diagnòstiques:</p>
<ul>
<li>Eina Selfie: una eina creada per la Comissió Europea, per ajudar als centres educatius a fer una diagnosi&hellip;  <a href="https://agora.xtec.cat/ceipelsametllers/lescola/estrategia-digital-de-centre-edc/diagnosi/" title="Read Diagnosi">Llegeix més»</a><br />
