{"id":30,"date":"2014-09-18T12:30:23","date_gmt":"2014-09-18T11:30:23","guid":{"rendered":"http:\/\/agora.xtec.cat\/ceipelsametllers\/?page_id=30"},"modified":"2017-04-24T13:12:00","modified_gmt":"2017-04-24T11:12:00","slug":"instal%c2%b7lacions","status":"publish","type":"page","link":"https:\/\/agora.xtec.cat\/ceipelsametllers\/lescola\/instal%c2%b7lacions\/","title":{"rendered":"Instal\u00b7lacions"},"content":{"rendered":"<p>L&#8217;escola disposa de:<\/p>\n<p><strong>Educaci\u00f3 infantil:<\/strong><\/p>\n<p>&#8211; 3 aules per a educaci\u00f3 infantil.<\/p>\n<p>&#8211; Aula de joc simb\u00f2lic.<\/p>\n<p>&#8211; Aula de psicomotricitat.<\/p>\n<p>&#8211; Aula de desdoblaments.<\/p>\n<p>&#8211; Pati d&#8217;infantil amb hort escolar.<\/p>\n<p><strong>Educaci\u00f3 prim\u00e0ria:<\/strong><\/p>\n<p>&#8211; 12 aules per a prim\u00e0ria.<\/p>\n<p>&#8211; Aules per\u00a0desdoblaments, religi\u00f3, educaci\u00f3 especial, angl\u00e8s.<\/p>\n<p>&#8211; Pati de prim\u00e0ria amb pista poliesportiva.<\/p>\n<p><strong>Altres espais:<\/strong><\/p>\n<p>&#8211; Aula d&#8217;inform\u00e0tica.<\/p>\n<p>&#8211; Laboratori.<\/p>\n<p>&#8211; Aula d&#8217;audiovisuals.<\/p>\n<p>&#8211; <a href=\"http:\/\/agora.xtec.cat\/ceipelsametllers\/lescola\/instal%c2%b7lacions\/biblioteca-escolar\/\">Biblioteca Escolar.<\/a><\/p>\n<p>&#8211; Aula de m\u00fasica.<\/p>\n<p>&#8211; Gimn\u00e0s i vestidors.<\/p>\n<p>&#8211; Menjador amb cuina pr\u00f2pia.<\/p>\n<p>&#8211; Ascensor per alumnat amb mobilitat redu\u00efda.<\/p>\n<p>&nbsp;<\/p>\n","protected":false},"excerpt":{"rendered":"<p>L&#8217;escola disposa de:<br \/>\nEducaci\u00f3 infantil:<br \/>\n&#8211; 3 aules per a educaci\u00f3 infantil.<br \/>\n&#8211; Aula de joc simb\u00f2lic.<br \/>\n&#8211; Aula de psicomotricitat.<br \/>\n&#8211; Aula de desdoblaments.<br \/>\n&#8211; Pati d&#8217;infantil amb hort escolar.<br \/>\nEducaci\u00f3 prim\u00e0ria:<br \/>\n&#8211; 12 aules per a prim\u00e0ria.<br \/>\n&#8211; Aules per\u00a0desdoblaments, religi\u00f3, educaci\u00f3 especial, angl\u00e8s.<br \/>\n&#8211; Pati de prim\u00e0ria amb pista poliesportiva.<br \/>\nAltres espais:<br \/>\n&#8211; Aula&hellip;  <a href=\"https:\/\/agora.xtec.cat\/ceipelsametllers\/lescola\/instal%c2%b7lacions\/\" title=\"Read Instal\u00b7lacions\">Llegeix m\u00e9s\u00bb<\/a><\/p>\n","protected":false},"author":1,"featured_media":0,"parent":22,"menu_order":40,"comment_status":"closed","ping_status":"closed","template":"page-templates\/side-menu.php","meta":{"_bbp_topic_count":0,"_bbp_reply_count":0,"_bbp_total_topic_count":0,"_bbp_total_reply_count":0,"_bbp_voice_count":0,"_bbp_anonymous_reply_count":0,"_bbp_topic_count_hidden":0,"_bbp_reply_count_hidden":0,"_bbp_forum_subforum_count":0,"footnotes":""},"class_list":["post-30","page","type-page","status-publish","hentry"],"post_mailing_queue_ids":[],"_links":{"self":[{"href":"https:\/\/agora.xtec.cat\/ceipelsametllers\/wp-json\/wp\/v2\/pages\/30","targetHints":{"allow":["GET"]}}],"collection":[{"href":"https:\/\/agora.xtec.cat\/ceipelsametllers\/wp-json\/wp\/v2\/pages"}],"about":[{"href":"https:\/\/agora.xtec.cat\/ceipelsametllers\/wp-json\/wp\/v2\/types\/page"}],"author":[{"embeddable":true,"href":"https:\/\/agora.xtec.cat\/ceipelsametllers\/wp-json\/wp\/v2\/users\/1"}],"replies":[{"embeddable":true,"href":"https:\/\/agora.xtec.cat\/ceipelsametllers\/wp-json\/wp\/v2\/comments?post=30"}],"version-history":[{"count":4,"href":"https:\/\/agora.xtec.cat\/ceipelsametllers\/wp-json\/wp\/v2\/pages\/30\/revisions"}],"predecessor-version":[{"id":1068,"href":"https:\/\/agora.xtec.cat\/ceipelsametllers\/wp-json\/wp\/v2\/pages\/30\/revisions\/1068"}],"up":[{"embeddable":true,"href":"https:\/\/agora.xtec.cat\/ceipelsametllers\/wp-json\/wp\/v2\/pages\/22"}],"wp:attachment":[{"href":"https:\/\/agora.xtec.cat\/ceipelsametllers\/wp-json\/wp\/v2\/media?parent=30"}],"curies":[{"name":"wp","href":"https:\/\/api.w.org\/{rel}","templated":true}]}}

<p>L&#8217;escola disposa de:</p>
<p><strong>Educació infantil:</strong></p>
<p>&#8211; 3 aules per a educació infantil.</p>
<p>&#8211; Aula de joc simbòlic.</p>
<p>&#8211; Aula de psicomotricitat.</p>
<p>&#8211; Aula de desdoblaments.</p>
<p>&#8211; Pati d&#8217;infantil amb hort escolar.</p>
<p><strong>Educació primària:</strong></p>
<p>&#8211; 12 aules per a primària.</p>
<p>&#8211; Aules per desdoblaments, religió, educació especial, anglès.</p>
<p>&#8211; Pati de primària amb pista poliesportiva.</p>
<p><strong>Altres espais:</strong></p>
<p>&#8211; Aula d&#8217;informàtica.</p>
<p>&#8211; Laboratori.</p>
<p>&#8211; Aula d&#8217;audiovisuals.</p>
<p>&#8211; <a href="http://agora.xtec.cat/ceipelsametllers/lescola/instal%c2%b7lacions/biblioteca-escolar/">Biblioteca Escolar.</a></p>
<p>&#8211; Aula de música.</p>
<p>&#8211; Gimnàs i vestidors.</p>
<p>&#8211; Menjador amb cuina pròpia.</p>
<p>&#8211; Ascensor per alumnat amb mobilitat reduïda.</p>
<p>&nbsp;</p>

<p>L&#8217;escola disposa de:<br />
Educació infantil:<br />
&#8211; 3 aules per a educació infantil.<br />
&#8211; Aula de joc simbòlic.<br />
&#8211; Aula de psicomotricitat.<br />
&#8211; Aula de desdoblaments.<br />
&#8211; Pati d&#8217;infantil amb hort escolar.<br />
Educació primària:<br />
&#8211; 12 aules per a primària.<br />
&#8211; Aules per desdoblaments, religió, educació especial, anglès.<br />
&#8211; Pati de primària amb pista poliesportiva.<br />
Altres espais:<br />
&#8211; Aula&hellip;  <a href="https://agora.xtec.cat/ceipelsametllers/lescola/instal%c2%b7lacions/" title="Read Instal·lacions">Llegeix més»</a></p>
