{"id":26,"date":"2014-09-18T12:24:32","date_gmt":"2014-09-18T11:24:32","guid":{"rendered":"http:\/\/agora.xtec.cat\/ceipelsametllers\/?page_id=26"},"modified":"2021-01-15T15:07:29","modified_gmt":"2021-01-15T14:07:29","slug":"historia","status":"publish","type":"page","link":"https:\/\/agora.xtec.cat\/ceipelsametllers\/lescola\/historia\/","title":{"rendered":"TRETS D&#8217;IDENTITAT I OBJECTIUS"},"content":{"rendered":"<p><strong>Trets d\u2019identitat que ens defineixen:<\/strong><\/p>\n<ul>\n<li>La llengua catalana \u00e9s la llengua d\u2019\u00fas i comunicaci\u00f3 de la vida quotidiana a l\u2019escola, \u00e9s la llengua vehicular utilitzada en el proc\u00e9s d\u2019ensenyament aprenentatge.<\/li>\n<li>Som una escola oberta a tothom. Defensem els valors democr\u00e0tics en la gesti\u00f3, funcionament i la presa de decisions.<\/li>\n<li>Ens guiem pel principi de coeducaci\u00f3.<\/li>\n<li>L\u2019escola \u00e9s aconfessional i respectuosa amb totes les creences religioses i pol\u00edtiques tant de les fam\u00edlies com dels mestres i els alumnes.<\/li>\n<li>Som respectuosos amb tots els pobles i amb les diferents ideologies. Fomentem i respectem la pluralitat i mantenim un comprom\u00eds amb els valors seg\u00fcents: actitud de di\u00e0leg, solidaritat, cooperaci\u00f3, respecte a l\u2019altre, educaci\u00f3 per la pau, responsabilitat, toler\u00e0ncia, empatia, comprensi\u00f3 i esfor\u00e7.<\/li>\n<li>Donem als alumnes la informaci\u00f3 objectivament, perqu\u00e8 progressivament formin els seus propis criteris i, analitzant la realitat, puguin prendre decisions responsables.<\/li>\n<li>Potenciem el desenvolupament integral dels alumnes.<\/li>\n<li>Mostrem un gran inter\u00e8s i voluntat a fomentar el respecte al medi ambient.<\/li>\n<li>Promovem la resoluci\u00f3 de conflictes a partir de la reflexi\u00f3 per part de les parts afectades, buscant una soluci\u00f3 consensuada i pac\u00edfica tot afavorint el di\u00e0leg.<\/li>\n<li>Cerquem i desenvolupem criteris de millora cont\u00ednua en tots els \u00e0mbits d\u2019actuaci\u00f3 docent.<\/li>\n<li>Treballem el sentiment de pertinen\u00e7a dels alumnes a l\u2019escola.<\/li>\n<li>Fomentem la participaci\u00f3 de tots els grups de la nostra comunitat educativa.<\/li>\n<li>Aprofitem els recursos que ens ofereix l\u2019entorn pel seu contacte proper amb la natura.<\/li>\n<\/ul>\n<p><strong>Objectius principals de l\u2019escola:<\/strong><\/p>\n<ul>\n<li>Preparar els alumnes per a qu\u00e8 adquireixin les eines necess\u00e0ries per entendre el m\u00f3n i esdevinguin persones capaces d\u2019intervenir activament i cr\u00edticament en la societat plural, diversa i en canvi continu que ens ha tocat viure.<\/li>\n<li>Promoure una educaci\u00f3 pluriling\u00fce i intercultural.<\/li>\n<li>Refermar el sentiment de pertinen\u00e7a a l\u2019escola.<\/li>\n<li>Millorar els resultats dels alumnes.<\/li>\n<li>Fomentar la cohesi\u00f3 social.<\/li>\n<\/ul>\n","protected":false},"excerpt":{"rendered":"<p>Trets d\u2019identitat que ens defineixen:<\/p>\n<ul>\n<li>La llengua catalana \u00e9s la llengua d\u2019\u00fas i comunicaci\u00f3 de la vida quotidiana a l\u2019escola, \u00e9s la llengua vehicular utilitzada en el proc\u00e9s d\u2019ensenyament aprenentatge.<\/li>\n<li>Som una escola oberta a tothom. Defensem els valors democr\u00e0tics en la gesti\u00f3, funcionament i la presa&hellip;  <a href=\"https:\/\/agora.xtec.cat\/ceipelsametllers\/lescola\/historia\/\" title=\"Read TRETS D&#8217;IDENTITAT I OBJECTIUS\">Llegeix m\u00e9s\u00bb<\/a><br \/>\n","protected":false},"author":1,"featured_media":0,"parent":22,"menu_order":20,"comment_status":"closed","ping_status":"closed","template":"page-templates\/side-menu.php","meta":{"_bbp_topic_count":0,"_bbp_reply_count":0,"_bbp_total_topic_count":0,"_bbp_total_reply_count":0,"_bbp_voice_count":0,"_bbp_anonymous_reply_count":0,"_bbp_topic_count_hidden":0,"_bbp_reply_count_hidden":0,"_bbp_forum_subforum_count":0,"footnotes":""},"class_list":["post-26","page","type-page","status-publish","hentry"],"post_mailing_queue_ids":[],"_links":{"self":[{"href":"https:\/\/agora.xtec.cat\/ceipelsametllers\/wp-json\/wp\/v2\/pages\/26","targetHints":{"allow":["GET"]}}],"collection":[{"href":"https:\/\/agora.xtec.cat\/ceipelsametllers\/wp-json\/wp\/v2\/pages"}],"about":[{"href":"https:\/\/agora.xtec.cat\/ceipelsametllers\/wp-json\/wp\/v2\/types\/page"}],"author":[{"embeddable":true,"href":"https:\/\/agora.xtec.cat\/ceipelsametllers\/wp-json\/wp\/v2\/users\/1"}],"replies":[{"embeddable":true,"href":"https:\/\/agora.xtec.cat\/ceipelsametllers\/wp-json\/wp\/v2\/comments?post=26"}],"version-history":[{"count":3,"href":"https:\/\/agora.xtec.cat\/ceipelsametllers\/wp-json\/wp\/v2\/pages\/26\/revisions"}],"predecessor-version":[{"id":2408,"href":"https:\/\/agora.xtec.cat\/ceipelsametllers\/wp-json\/wp\/v2\/pages\/26\/revisions\/2408"}],"up":[{"embeddable":true,"href":"https:\/\/agora.xtec.cat\/ceipelsametllers\/wp-json\/wp\/v2\/pages\/22"}],"wp:attachment":[{"href":"https:\/\/agora.xtec.cat\/ceipelsametllers\/wp-json\/wp\/v2\/media?parent=26"}],"curies":[{"name":"wp","href":"https:\/\/api.w.org\/{rel}","templated":true}]}}

<p><strong>Trets d’identitat que ens defineixen:</strong></p>
<ul>
<li>La llengua catalana és la llengua d’ús i comunicació de la vida quotidiana a l’escola, és la llengua vehicular utilitzada en el procés d’ensenyament aprenentatge.</li>
<li>Som una escola oberta a tothom. Defensem els valors democràtics en la gestió, funcionament i la presa de decisions.</li>
<li>Ens guiem pel principi de coeducació.</li>
<li>L’escola és aconfessional i respectuosa amb totes les creences religioses i polítiques tant de les famílies com dels mestres i els alumnes.</li>
<li>Som respectuosos amb tots els pobles i amb les diferents ideologies. Fomentem i respectem la pluralitat i mantenim un compromís amb els valors següents: actitud de diàleg, solidaritat, cooperació, respecte a l’altre, educació per la pau, responsabilitat, tolerància, empatia, comprensió i esforç.</li>
<li>Donem als alumnes la informació objectivament, perquè progressivament formin els seus propis criteris i, analitzant la realitat, puguin prendre decisions responsables.</li>
<li>Potenciem el desenvolupament integral dels alumnes.</li>
<li>Mostrem un gran interès i voluntat a fomentar el respecte al medi ambient.</li>
<li>Promovem la resolució de conflictes a partir de la reflexió per part de les parts afectades, buscant una solució consensuada i pacífica tot afavorint el diàleg.</li>
<li>Cerquem i desenvolupem criteris de millora contínua en tots els àmbits d’actuació docent.</li>
<li>Treballem el sentiment de pertinença dels alumnes a l’escola.</li>
<li>Fomentem la participació de tots els grups de la nostra comunitat educativa.</li>
<li>Aprofitem els recursos que ens ofereix l’entorn pel seu contacte proper amb la natura.</li>
</ul>
<p><strong>Objectius principals de l’escola:</strong></p>
<ul>
<li>Preparar els alumnes per a què adquireixin les eines necessàries per entendre el món i esdevinguin persones capaces d’intervenir activament i críticament en la societat plural, diversa i en canvi continu que ens ha tocat viure.</li>
<li>Promoure una educació plurilingüe i intercultural.</li>
<li>Refermar el sentiment de pertinença a l’escola.</li>
<li>Millorar els resultats dels alumnes.</li>
<li>Fomentar la cohesió social.</li>
</ul>

<p>Trets d’identitat que ens defineixen:</p>
<ul>
<li>La llengua catalana és la llengua d’ús i comunicació de la vida quotidiana a l’escola, és la llengua vehicular utilitzada en el procés d’ensenyament aprenentatge.</li>
<li>Som una escola oberta a tothom. Defensem els valors democràtics en la gestió, funcionament i la presa&hellip;  <a href="https://agora.xtec.cat/ceipelsametllers/lescola/historia/" title="Read TRETS D&#8217;IDENTITAT I OBJECTIUS">Llegeix més»</a><br />
