{"id":2413,"date":"2021-01-18T15:29:30","date_gmt":"2021-01-18T14:29:30","guid":{"rendered":"http:\/\/agora.xtec.cat\/ceipelsametllers\/?page_id=2413"},"modified":"2021-01-18T15:30:10","modified_gmt":"2021-01-18T14:30:10","slug":"com-treballem","status":"publish","type":"page","link":"https:\/\/agora.xtec.cat\/ceipelsametllers\/lescola\/com-treballem\/","title":{"rendered":"COM TREBALLEM"},"content":{"rendered":"<ul>\n<li><span style=\"color: #000000;\">Prioritzant el treball de l\u2019expressi\u00f3 i comprensi\u00f3 oral a l\u2019educaci\u00f3 infantil, i l\u2019aprenentatge significatiu a partir d\u2019experi\u00e8ncies manipulatives, sensorials&#8230;<\/span><\/li>\n<li><span style=\"color: #000000;\">Prioritzant la lectura, la comprensi\u00f3 lectora i l\u2019expressi\u00f3 i la comprensi\u00f3 oral en tots el cicles de prim\u00e0ria.\u00a0<\/span><\/li>\n<li><span style=\"color: #000000;\">Potenciant el pluriling\u00fcisme a l\u2019escola.\u00a0<\/span><\/li>\n<li><span style=\"color: #000000;\">Ajudant a l\u2019estructuraci\u00f3 del pensament i l\u2019organitzaci\u00f3 de les idees.<\/span><\/li>\n<li><span style=\"color: #000000;\">Acompanyant els nens\/es per a despertar la seva curiositat, la deducci\u00f3 i la predicci\u00f3. <\/span><\/li>\n<li><span style=\"color: #000000;\">Ajudant als nens\/es a formar la construcci\u00f3 d\u2019una imatge positiva d\u2019ells mateixos i a promoure l\u2019autoestima, la conviv\u00e8ncia i l\u2019afany de superaci\u00f3.<\/span><\/li>\n<li><span style=\"color: #000000;\">Promovent activitats que impliquin l\u2019aprenentatge a trav\u00e9s dels altres, gaudint de la relaci\u00f3 i establint relacions de col\u00b7laboraci\u00f3 i empatia.<\/span><\/li>\n<li><span style=\"color: #000000;\">Potenciant l\u2019autonomia i la capacitat de resoldre situacions quotidianes amb actitud positiva i de superaci\u00f3.<\/span><\/li>\n<li><span style=\"color: #000000;\">Desenvolupant la creativitat dels nens\/es per mitj\u00e0 de diferents llenguatges.<\/span><\/li>\n<li><span style=\"color: #000000;\">Iniciant els nens en l\u2019\u00fas de les tecnologies de la informaci\u00f3 i la comunicaci\u00f3. <\/span><\/li>\n<li><span style=\"color: #000000;\">Fent que coneguin i interpretin l\u2019entorn a partir de situacions vivencials, tot aprofitant l\u2019entorn privilegiat del poble. <\/span><\/li>\n<li><span style=\"color: #000000;\">Respectant i valorant els coneixements que tenen els avis i les \u00e0vies, promovent la seva participaci\u00f3 en l\u2019escola quan \u00e9s possible.<\/span><\/li>\n<li><span style=\"color: #000000;\">Fomentant la participaci\u00f3 de les fam\u00edlies en totes aquelles activitats enriquidores per les dues parts. <\/span><\/li>\n<\/ul>\n","protected":false},"excerpt":{"rendered":"<ul>\n<li>Prioritzant el treball de l\u2019expressi\u00f3 i comprensi\u00f3 oral a l\u2019educaci\u00f3 infantil, i l\u2019aprenentatge significatiu a partir d\u2019experi\u00e8ncies manipulatives, sensorials&#8230;<\/li>\n<li>Prioritzant la lectura, la comprensi\u00f3 lectora i l\u2019expressi\u00f3 i la comprensi\u00f3 oral en tots el cicles de prim\u00e0ria.\u00a0<\/li>\n<li>Potenciant el pluriling\u00fcisme a l\u2019escola.\u00a0<\/li>\n<li>Ajudant a l\u2019estructuraci\u00f3 del pensament i&hellip;  <a href=\"https:\/\/agora.xtec.cat\/ceipelsametllers\/lescola\/com-treballem\/\" title=\"Read COM TREBALLEM\">Llegeix m\u00e9s\u00bb<\/a><br \/>\n","protected":false},"author":1,"featured_media":0,"parent":22,"menu_order":4,"comment_status":"closed","ping_status":"closed","template":"","meta":{"_bbp_topic_count":0,"_bbp_reply_count":0,"_bbp_total_topic_count":0,"_bbp_total_reply_count":0,"_bbp_voice_count":0,"_bbp_anonymous_reply_count":0,"_bbp_topic_count_hidden":0,"_bbp_reply_count_hidden":0,"_bbp_forum_subforum_count":0,"footnotes":""},"class_list":["post-2413","page","type-page","status-publish","hentry"],"post_mailing_queue_ids":[],"_links":{"self":[{"href":"https:\/\/agora.xtec.cat\/ceipelsametllers\/wp-json\/wp\/v2\/pages\/2413","targetHints":{"allow":["GET"]}}],"collection":[{"href":"https:\/\/agora.xtec.cat\/ceipelsametllers\/wp-json\/wp\/v2\/pages"}],"about":[{"href":"https:\/\/agora.xtec.cat\/ceipelsametllers\/wp-json\/wp\/v2\/types\/page"}],"author":[{"embeddable":true,"href":"https:\/\/agora.xtec.cat\/ceipelsametllers\/wp-json\/wp\/v2\/users\/1"}],"replies":[{"embeddable":true,"href":"https:\/\/agora.xtec.cat\/ceipelsametllers\/wp-json\/wp\/v2\/comments?post=2413"}],"version-history":[{"count":2,"href":"https:\/\/agora.xtec.cat\/ceipelsametllers\/wp-json\/wp\/v2\/pages\/2413\/revisions"}],"predecessor-version":[{"id":2416,"href":"https:\/\/agora.xtec.cat\/ceipelsametllers\/wp-json\/wp\/v2\/pages\/2413\/revisions\/2416"}],"up":[{"embeddable":true,"href":"https:\/\/agora.xtec.cat\/ceipelsametllers\/wp-json\/wp\/v2\/pages\/22"}],"wp:attachment":[{"href":"https:\/\/agora.xtec.cat\/ceipelsametllers\/wp-json\/wp\/v2\/media?parent=2413"}],"curies":[{"name":"wp","href":"https:\/\/api.w.org\/{rel}","templated":true}]}}

<ul>
<li><span style="color: #000000;">Prioritzant el treball de l’expressió i comprensió oral a l’educació infantil, i l’aprenentatge significatiu a partir d’experiències manipulatives, sensorials&#8230;</span></li>
<li><span style="color: #000000;">Prioritzant la lectura, la comprensió lectora i l’expressió i la comprensió oral en tots el cicles de primària. </span></li>
<li><span style="color: #000000;">Potenciant el plurilingüisme a l’escola. </span></li>
<li><span style="color: #000000;">Ajudant a l’estructuració del pensament i l’organització de les idees.</span></li>
<li><span style="color: #000000;">Acompanyant els nens/es per a despertar la seva curiositat, la deducció i la predicció. </span></li>
<li><span style="color: #000000;">Ajudant als nens/es a formar la construcció d’una imatge positiva d’ells mateixos i a promoure l’autoestima, la convivència i l’afany de superació.</span></li>
<li><span style="color: #000000;">Promovent activitats que impliquin l’aprenentatge a través dels altres, gaudint de la relació i establint relacions de col·laboració i empatia.</span></li>
<li><span style="color: #000000;">Potenciant l’autonomia i la capacitat de resoldre situacions quotidianes amb actitud positiva i de superació.</span></li>
<li><span style="color: #000000;">Desenvolupant la creativitat dels nens/es per mitjà de diferents llenguatges.</span></li>
<li><span style="color: #000000;">Iniciant els nens en l’ús de les tecnologies de la informació i la comunicació. </span></li>
<li><span style="color: #000000;">Fent que coneguin i interpretin l’entorn a partir de situacions vivencials, tot aprofitant l’entorn privilegiat del poble. </span></li>
<li><span style="color: #000000;">Respectant i valorant els coneixements que tenen els avis i les àvies, promovent la seva participació en l’escola quan és possible.</span></li>
<li><span style="color: #000000;">Fomentant la participació de les famílies en totes aquelles activitats enriquidores per les dues parts. </span></li>
</ul>

<ul>
<li>Prioritzant el treball de l’expressió i comprensió oral a l’educació infantil, i l’aprenentatge significatiu a partir d’experiències manipulatives, sensorials&#8230;</li>
<li>Prioritzant la lectura, la comprensió lectora i l’expressió i la comprensió oral en tots el cicles de primària. </li>
<li>Potenciant el plurilingüisme a l’escola. </li>
<li>Ajudant a l’estructuració del pensament i&hellip;  <a href="https://agora.xtec.cat/ceipelsametllers/lescola/com-treballem/" title="Read COM TREBALLEM">Llegeix més»</a><br />
