{"id":1063,"date":"2017-04-24T12:45:11","date_gmt":"2017-04-24T10:45:11","guid":{"rendered":"http:\/\/agora.xtec.cat\/ceipelsametllers\/?page_id=1063"},"modified":"2017-04-26T17:53:10","modified_gmt":"2017-04-26T15:53:10","slug":"biblioteca-escolar","status":"publish","type":"page","link":"https:\/\/agora.xtec.cat\/ceipelsametllers\/lescola\/instal%c2%b7lacions\/biblioteca-escolar\/","title":{"rendered":"Biblioteca Escolar"},"content":{"rendered":"<p>L&#8217;escola disposa d&#8217;una biblioteca escolar.<\/p>\n<p><a href=\"http:\/\/agora.xtec.cat\/ceipelsametllers\/wp-content\/uploads\/usu1019\/2017\/02\/cafe-i-llibres-1-4.jpg\"><img loading=\"lazy\" decoding=\"async\" class=\"wp-image-1010 aligncenter\" src=\"http:\/\/agora.xtec.cat\/ceipelsametllers\/wp-content\/uploads\/usu1019\/2017\/02\/cafe-i-llibres-1-4.jpg\" alt=\"cafe-i-llibres-1-4\" width=\"340\" height=\"255\" srcset=\"https:\/\/agora.xtec.cat\/ceipelsametllers\/wp-content\/uploads\/usu1019\/2017\/02\/cafe-i-llibres-1-4.jpg 800w, https:\/\/agora.xtec.cat\/ceipelsametllers\/wp-content\/uploads\/usu1019\/2017\/02\/cafe-i-llibres-1-4-300x225.jpg 300w, https:\/\/agora.xtec.cat\/ceipelsametllers\/wp-content\/uploads\/usu1019\/2017\/02\/cafe-i-llibres-1-4-768x576.jpg 768w, https:\/\/agora.xtec.cat\/ceipelsametllers\/wp-content\/uploads\/usu1019\/2017\/02\/cafe-i-llibres-1-4-200x150.jpg 200w\" sizes=\"auto, (max-width: 340px) 100vw, 340px\" \/><\/a><\/p>\n<p>Les activitats que es porten a terme des de la biblioteca escolar s\u00f3n:<\/p>\n<ul>\n<li>Bibliopati: dos dies a la setmana l&#8217;alumnat de prim\u00e0ria pot accedir a l&#8217;hora del pati a la biblioteca per tal de fer pr\u00e9stec de llibres.<\/li>\n<li>Bibliomaletes: la comissi\u00f3 de biblioteca escolar s&#8217;encarrega de la preparaci\u00f3 de les bibliomaletes viatgeres que van a casa de cada infant durant una setmana.<\/li>\n<li>Preparaci\u00f3 de la Diada de Sant Jordi.<\/li>\n<li>&#8220;Caf\u00e8 i Llibres&#8221;: sessions amb les fam\u00edlies per parlar sobre diferents temes de literatura infantil i juvenil i pel foment del gust per la lectura.<\/li>\n<\/ul>\n<p>Actualment la biblioteca est\u00e0 catalogant tots els llibres. Es pot accedir a consultar el cat\u00e0leg dels que hi ha catalogats fins clicant a Ep\u00e8rgam.<\/p>\n<p><a href=\"https:\/\/aplicacions.gestioeducativa.gencat.cat\/epergam\/web\/biblioteca.jsp?codi=43005145\"><img loading=\"lazy\" decoding=\"async\" class=\"aligncenter wp-image-1090 size-full\" src=\"http:\/\/agora.xtec.cat\/ceipelsametllers\/wp-content\/uploads\/usu1019\/2017\/04\/epergam.png\" alt=\"epergam\" width=\"150\" height=\"47\" \/><\/a><\/p>\n<p>&nbsp;<\/p>\n<p>&nbsp;<\/p>\n","protected":false},"excerpt":{"rendered":"<p>L&#8217;escola disposa d&#8217;una biblioteca escolar.<br \/>\n<a href=\"http:\/\/agora.xtec.cat\/ceipelsametllers\/wp-content\/uploads\/usu1019\/2017\/02\/cafe-i-llibres-1-4.jpg\"><\/a><br \/>\nLes activitats que es porten a terme des de la biblioteca escolar s\u00f3n:<\/p>\n<ul>\n<li>Bibliopati: dos dies a la setmana l&#8217;alumnat de prim\u00e0ria pot accedir a l&#8217;hora del pati a la biblioteca per tal de fer pr\u00e9stec de llibres.<\/li>\n<li>Bibliomaletes: la comissi\u00f3 de&hellip;  <a href=\"https:\/\/agora.xtec.cat\/ceipelsametllers\/lescola\/instal%c2%b7lacions\/biblioteca-escolar\/\" title=\"Read Biblioteca Escolar\">Llegeix m\u00e9s\u00bb<\/a><br \/>\n","protected":false},"author":1,"featured_media":0,"parent":30,"menu_order":0,"comment_status":"closed","ping_status":"closed","template":"","meta":{"_bbp_topic_count":0,"_bbp_reply_count":0,"_bbp_total_topic_count":0,"_bbp_total_reply_count":0,"_bbp_voice_count":0,"_bbp_anonymous_reply_count":0,"_bbp_topic_count_hidden":0,"_bbp_reply_count_hidden":0,"_bbp_forum_subforum_count":0,"footnotes":""},"class_list":["post-1063","page","type-page","status-publish","hentry"],"post_mailing_queue_ids":[],"_links":{"self":[{"href":"https:\/\/agora.xtec.cat\/ceipelsametllers\/wp-json\/wp\/v2\/pages\/1063","targetHints":{"allow":["GET"]}}],"collection":[{"href":"https:\/\/agora.xtec.cat\/ceipelsametllers\/wp-json\/wp\/v2\/pages"}],"about":[{"href":"https:\/\/agora.xtec.cat\/ceipelsametllers\/wp-json\/wp\/v2\/types\/page"}],"author":[{"embeddable":true,"href":"https:\/\/agora.xtec.cat\/ceipelsametllers\/wp-json\/wp\/v2\/users\/1"}],"replies":[{"embeddable":true,"href":"https:\/\/agora.xtec.cat\/ceipelsametllers\/wp-json\/wp\/v2\/comments?post=1063"}],"version-history":[{"count":3,"href":"https:\/\/agora.xtec.cat\/ceipelsametllers\/wp-json\/wp\/v2\/pages\/1063\/revisions"}],"predecessor-version":[{"id":1091,"href":"https:\/\/agora.xtec.cat\/ceipelsametllers\/wp-json\/wp\/v2\/pages\/1063\/revisions\/1091"}],"up":[{"embeddable":true,"href":"https:\/\/agora.xtec.cat\/ceipelsametllers\/wp-json\/wp\/v2\/pages\/30"}],"wp:attachment":[{"href":"https:\/\/agora.xtec.cat\/ceipelsametllers\/wp-json\/wp\/v2\/media?parent=1063"}],"curies":[{"name":"wp","href":"https:\/\/api.w.org\/{rel}","templated":true}]}}

<p>L&#8217;escola disposa d&#8217;una biblioteca escolar.</p>
<p><a href="http://agora.xtec.cat/ceipelsametllers/wp-content/uploads/usu1019/2017/02/cafe-i-llibres-1-4.jpg"><img loading="lazy" decoding="async" class="wp-image-1010 aligncenter" src="http://agora.xtec.cat/ceipelsametllers/wp-content/uploads/usu1019/2017/02/cafe-i-llibres-1-4.jpg" alt="cafe-i-llibres-1-4" width="340" height="255" srcset="https://agora.xtec.cat/ceipelsametllers/wp-content/uploads/usu1019/2017/02/cafe-i-llibres-1-4.jpg 800w, https://agora.xtec.cat/ceipelsametllers/wp-content/uploads/usu1019/2017/02/cafe-i-llibres-1-4-300x225.jpg 300w, https://agora.xtec.cat/ceipelsametllers/wp-content/uploads/usu1019/2017/02/cafe-i-llibres-1-4-768x576.jpg 768w, https://agora.xtec.cat/ceipelsametllers/wp-content/uploads/usu1019/2017/02/cafe-i-llibres-1-4-200x150.jpg 200w" sizes="auto, (max-width: 340px) 100vw, 340px" /></a></p>
<p>Les activitats que es porten a terme des de la biblioteca escolar són:</p>
<ul>
<li>Bibliopati: dos dies a la setmana l&#8217;alumnat de primària pot accedir a l&#8217;hora del pati a la biblioteca per tal de fer préstec de llibres.</li>
<li>Bibliomaletes: la comissió de biblioteca escolar s&#8217;encarrega de la preparació de les bibliomaletes viatgeres que van a casa de cada infant durant una setmana.</li>
<li>Preparació de la Diada de Sant Jordi.</li>
<li>&#8220;Cafè i Llibres&#8221;: sessions amb les famílies per parlar sobre diferents temes de literatura infantil i juvenil i pel foment del gust per la lectura.</li>
</ul>
<p>Actualment la biblioteca està catalogant tots els llibres. Es pot accedir a consultar el catàleg dels que hi ha catalogats fins clicant a Epèrgam.</p>
<p><a href="https://aplicacions.gestioeducativa.gencat.cat/epergam/web/biblioteca.jsp?codi=43005145"><img loading="lazy" decoding="async" class="aligncenter wp-image-1090 size-full" src="http://agora.xtec.cat/ceipelsametllers/wp-content/uploads/usu1019/2017/04/epergam.png" alt="epergam" width="150" height="47" /></a></p>
<p>&nbsp;</p>
<p>&nbsp;</p>

<p>L&#8217;escola disposa d&#8217;una biblioteca escolar.<br />
<a href="http://agora.xtec.cat/ceipelsametllers/wp-content/uploads/usu1019/2017/02/cafe-i-llibres-1-4.jpg"></a><br />
Les activitats que es porten a terme des de la biblioteca escolar són:</p>
<ul>
<li>Bibliopati: dos dies a la setmana l&#8217;alumnat de primària pot accedir a l&#8217;hora del pati a la biblioteca per tal de fer préstec de llibres.</li>
<li>Bibliomaletes: la comissió de&hellip;  <a href="https://agora.xtec.cat/ceipelsametllers/lescola/instal%c2%b7lacions/biblioteca-escolar/" title="Read Biblioteca Escolar">Llegeix més»</a><br />
