{"id":28,"date":"2014-09-18T12:29:35","date_gmt":"2014-09-18T11:29:35","guid":{"rendered":"http:\/\/agora.xtec.cat\/ceipelrodonell\/?page_id=28"},"modified":"2025-11-27T09:41:26","modified_gmt":"2025-11-27T08:41:26","slug":"consell-escolar","status":"publish","type":"page","link":"https:\/\/agora.xtec.cat\/ceipelrodonell\/lescola\/consell-escolar\/","title":{"rendered":"Consell escolar"},"content":{"rendered":"\n<p>COMPOSICI\u00d3 DEL CONSELL ESCOLAR<\/p>\n\n\n\n<figure class=\"wp-block-table is-style-stripes\"><table class=\"has-fixed-layout\"><tbody><tr><td><strong>Presidenta<\/strong><\/td><td>Patr\u00edcia P\u00e9rez Carreras<\/td><\/tr><tr><td><strong>Secretari<\/strong><\/td><td>Xevi Casas Salas<\/td><\/tr><tr><td><strong>Cap d\u2019Estudis<\/strong><\/td><td>Anna Badosa Fonollosa<\/td><\/tr><tr><td><strong>Representant del professorat<\/strong><\/td><td>Concepci\u00f3 Grau (coeducaci\u00f3)<br>Irene Palol Ribas<br>N\u00faria Ballesta Sureda<br>S\u00edlvia Vicens Jou<br>Georgina Mart\u00ednez Burch<\/td><\/tr><tr><td><strong>Representant pare, mares i tutors<\/strong><\/td><td>Eva Gasull Pujol<br>Elisabet Esteva de Anzizu<br>Eva Gasull Bonet<br>Montse Dalmau Figueras<\/td><\/tr><tr><td><strong>Representant de l\u2019Ajuntament<\/strong><\/td><td>Mireia Ruiz Marull<\/td><\/tr><tr><td><strong>Representant de l\u2019AFA<\/strong><\/td><td>S\u00f2nia Alins Garreta<\/td><\/tr><tr><td><strong>Representant de PAS<\/strong><\/td><td>Diego Conde Navarro<\/td><\/tr><\/tbody><\/table><\/figure>\n\n\n\n<p>Cor\u00e7\u00e0, 11 de desembre de 2025<\/p>\n","protected":false},"excerpt":{"rendered":"<p>COMPOSICI\u00d3 DEL CONSELL ESCOLAR Presidenta Patr\u00edcia P\u00e9rez Carreras Secretari Xevi Casas Salas Cap d\u2019Estudis Anna Badosa Fonollosa Representant del professorat Concepci\u00f3 Grau (coeducaci\u00f3)Irene Palol RibasN\u00faria Ballesta SuredaS\u00edlvia Vicens JouGeorgina Mart\u00ednez Burch Representant pare, mares i tutors Eva Gasull PujolElisabet Esteva de AnzizuEva Gasull BonetMontse Dalmau Figueras Representant de l\u2019Ajuntament Mireia Ruiz Marull Representant de l\u2019AFA [&hellip;]<\/p>\n","protected":false},"author":1,"featured_media":0,"parent":22,"menu_order":40,"comment_status":"closed","ping_status":"closed","template":"","meta":{"_bbp_topic_count":0,"_bbp_reply_count":0,"_bbp_total_topic_count":0,"_bbp_total_reply_count":0,"_bbp_voice_count":0,"_bbp_anonymous_reply_count":0,"_bbp_topic_count_hidden":0,"_bbp_reply_count_hidden":0,"_bbp_forum_subforum_count":0,"site-sidebar-layout":"default","site-content-layout":"","ast-site-content-layout":"default","site-content-style":"default","site-sidebar-style":"default","ast-global-header-display":"","ast-banner-title-visibility":"","ast-main-header-display":"","ast-hfb-above-header-display":"","ast-hfb-below-header-display":"","ast-hfb-mobile-header-display":"","site-post-title":"","ast-breadcrumbs-content":"","ast-featured-img":"","footer-sml-layout":"","theme-transparent-header-meta":"","adv-header-id-meta":"","stick-header-meta":"","header-above-stick-meta":"","header-main-stick-meta":"","header-below-stick-meta":"","astra-migrate-meta-layouts":"set","ast-page-background-enabled":"default","ast-page-background-meta":{"desktop":{"background-color":"var(--ast-global-color-4)","background-image":"","background-repeat":"repeat","background-position":"center center","background-size":"auto","background-attachment":"scroll","background-type":"","background-media":"","overlay-type":"","overlay-color":"","overlay-opacity":"","overlay-gradient":""},"tablet":{"background-color":"","background-image":"","background-repeat":"repeat","background-position":"center center","background-size":"auto","background-attachment":"scroll","background-type":"","background-media":"","overlay-type":"","overlay-color":"","overlay-opacity":"","overlay-gradient":""},"mobile":{"background-color":"","background-image":"","background-repeat":"repeat","background-position":"center center","background-size":"auto","background-attachment":"scroll","background-type":"","background-media":"","overlay-type":"","overlay-color":"","overlay-opacity":"","overlay-gradient":""}},"ast-content-background-meta":{"desktop":{"background-color":"var(--ast-global-color-5)","background-image":"","background-repeat":"repeat","background-position":"center center","background-size":"auto","background-attachment":"scroll","background-type":"","background-media":"","overlay-type":"","overlay-color":"","overlay-opacity":"","overlay-gradient":""},"tablet":{"background-color":"var(--ast-global-color-5)","background-image":"","background-repeat":"repeat","background-position":"center center","background-size":"auto","background-attachment":"scroll","background-type":"","background-media":"","overlay-type":"","overlay-color":"","overlay-opacity":"","overlay-gradient":""},"mobile":{"background-color":"var(--ast-global-color-5)","background-image":"","background-repeat":"repeat","background-position":"center center","background-size":"auto","background-attachment":"scroll","background-type":"","background-media":"","overlay-type":"","overlay-color":"","overlay-opacity":"","overlay-gradient":""}},"footnotes":""},"class_list":["post-28","page","type-page","status-publish","hentry"],"post_mailing_queue_ids":[],"_links":{"self":[{"href":"https:\/\/agora.xtec.cat\/ceipelrodonell\/wp-json\/wp\/v2\/pages\/28","targetHints":{"allow":["GET"]}}],"collection":[{"href":"https:\/\/agora.xtec.cat\/ceipelrodonell\/wp-json\/wp\/v2\/pages"}],"about":[{"href":"https:\/\/agora.xtec.cat\/ceipelrodonell\/wp-json\/wp\/v2\/types\/page"}],"author":[{"embeddable":true,"href":"https:\/\/agora.xtec.cat\/ceipelrodonell\/wp-json\/wp\/v2\/users\/1"}],"replies":[{"embeddable":true,"href":"https:\/\/agora.xtec.cat\/ceipelrodonell\/wp-json\/wp\/v2\/comments?post=28"}],"version-history":[{"count":5,"href":"https:\/\/agora.xtec.cat\/ceipelrodonell\/wp-json\/wp\/v2\/pages\/28\/revisions"}],"predecessor-version":[{"id":14097,"href":"https:\/\/agora.xtec.cat\/ceipelrodonell\/wp-json\/wp\/v2\/pages\/28\/revisions\/14097"}],"up":[{"embeddable":true,"href":"https:\/\/agora.xtec.cat\/ceipelrodonell\/wp-json\/wp\/v2\/pages\/22"}],"wp:attachment":[{"href":"https:\/\/agora.xtec.cat\/ceipelrodonell\/wp-json\/wp\/v2\/media?parent=28"}],"curies":[{"name":"wp","href":"https:\/\/api.w.org\/{rel}","templated":true}]}}

<p>COMPOSICIÓ DEL CONSELL ESCOLAR</p>



<figure class="wp-block-table is-style-stripes"><table class="has-fixed-layout"><tbody><tr><td><strong>Presidenta</strong></td><td>Patrícia Pérez Carreras</td></tr><tr><td><strong>Secretari</strong></td><td>Xevi Casas Salas</td></tr><tr><td><strong>Cap d’Estudis</strong></td><td>Anna Badosa Fonollosa</td></tr><tr><td><strong>Representant del professorat</strong></td><td>Concepció Grau (coeducació)<br>Irene Palol Ribas<br>Núria Ballesta Sureda<br>Sílvia Vicens Jou<br>Georgina Martínez Burch</td></tr><tr><td><strong>Representant pare, mares i tutors</strong></td><td>Eva Gasull Pujol<br>Elisabet Esteva de Anzizu<br>Eva Gasull Bonet<br>Montse Dalmau Figueras</td></tr><tr><td><strong>Representant de l’Ajuntament</strong></td><td>Mireia Ruiz Marull</td></tr><tr><td><strong>Representant de l’AFA</strong></td><td>Sònia Alins Garreta</td></tr><tr><td><strong>Representant de PAS</strong></td><td>Diego Conde Navarro</td></tr></tbody></table></figure>



<p>Corçà, 11 de desembre de 2025</p>

<p>COMPOSICIÓ DEL CONSELL ESCOLAR Presidenta Patrícia Pérez Carreras Secretari Xevi Casas Salas Cap d’Estudis Anna Badosa Fonollosa Representant del professorat Concepció Grau (coeducació)Irene Palol RibasNúria Ballesta SuredaSílvia Vicens JouGeorgina Martínez Burch Representant pare, mares i tutors Eva Gasull PujolElisabet Esteva de AnzizuEva Gasull BonetMontse Dalmau Figueras Representant de l’Ajuntament Mireia Ruiz Marull Representant de l’AFA [&hellip;]</p>
