{"id":26,"date":"2014-09-18T12:24:32","date_gmt":"2014-09-18T11:24:32","guid":{"rendered":"http:\/\/agora.xtec.cat\/ceipelrodonell\/?page_id=26"},"modified":"2025-11-06T14:47:57","modified_gmt":"2025-11-06T13:47:57","slug":"historia","status":"publish","type":"page","link":"https:\/\/agora.xtec.cat\/ceipelrodonell\/lescola\/historia\/","title":{"rendered":"Hist\u00f2ria"},"content":{"rendered":"\n<p>Les not\u00edcies m\u00e9s antigues de l\u2019ensenyament a Cor\u00e7\u00e0 s\u00f3n de 1797. A finals del segle XVIII hi havia una escola al pis superior de l\u2019Ajuntament, a l\u2019espai que ara coneixem com \u201c el Casal\u201d. L\u2019any 1862, es renova i nom\u00e9s es fa servir com a aula per a nens. Per a les nenes, l\u2019Ajuntament lloga una casa que \u00e9s, alhora, escola de nenes i vivenda de la mestra, primer al carrer Major i, m\u00e9s tard, al de Sant Sebasti\u00e0.<\/p>\n\n\n\n<p>L\u2019edifici escolar actual fou llargament reivindicat. Es va construir a l\u2019indret anomenat \u201cHorts de la Coromina\u201d, que l\u2019Ajuntament va comprar l\u2019any 1921 essent alcalde en Gin\u00e9s Font Bonet. Les obres per a la nova escola varen comen\u00e7ar el dia 24 de juny de 1929 amb un pressupost de 28.224,04 pessetes per a l\u2019escola de nens i 28.034,01 pessetes per a la de nenes. Cada una tenia una aula amb llar de foc i el terra de fusta. A m\u00e9s a m\u00e9s, tamb\u00e9 disposaven d\u2019un despatx pels mestres, lavabos i un vest\u00edbul. A la part posterior ambd\u00f3s espais estaven equipats amb un porxo amb arcades. Com manava la norma, els patis estaven separats per parets de mig metre i una tela met\u00e0l\u2022lica. L\u2019Ajuntament rep l\u2019edifici i compra el mobiliari i el material per a les dues aules l\u2019octubre de 1930. Abans es va tancar el pati (1924), es van plantar les moreres (1928) i la casa Vda Gal\u00ed va construir les reixes i les portes de ferro.<\/p>\n\n\n\n<p>No \u00e9s fins la d\u00e8cada de 1990 que es compren nous terrenys per a l&#8217;ampliaci\u00f3 escolar. Es construeix primer una aula i un laboratori, i m\u00e9s tard dues aules m\u00e9s inaugurades l\u2019any 2000.<\/p>\n\n\n\n<p>L\u2019estiu del 2007 s\u2019instal\u2022la el primer barrac\u00f3 i al 2008 arriba el segon barrac\u00f3. Aquests ocupen terrenys cedits a l\u2019ajuntament per aquesta finalitat.<\/p>\n","protected":false},"excerpt":{"rendered":"<p>Les not\u00edcies m\u00e9s antigues de l\u2019ensenyament a Cor\u00e7\u00e0 s\u00f3n de 1797. A finals del segle XVIII hi havia una escola al pis superior de l\u2019Ajuntament, a l\u2019espai que ara coneixem com \u201c el Casal\u201d. L\u2019any 1862, es renova i nom\u00e9s es fa servir com a aula per a nens. Per a les nenes, l\u2019Ajuntament lloga [&hellip;]<\/p>\n","protected":false},"author":1,"featured_media":0,"parent":22,"menu_order":20,"comment_status":"closed","ping_status":"closed","template":"","meta":{"_bbp_topic_count":0,"_bbp_reply_count":0,"_bbp_total_topic_count":0,"_bbp_total_reply_count":0,"_bbp_voice_count":0,"_bbp_anonymous_reply_count":0,"_bbp_topic_count_hidden":0,"_bbp_reply_count_hidden":0,"_bbp_forum_subforum_count":0,"site-sidebar-layout":"default","site-content-layout":"","ast-site-content-layout":"default","site-content-style":"default","site-sidebar-style":"default","ast-global-header-display":"","ast-banner-title-visibility":"","ast-main-header-display":"","ast-hfb-above-header-display":"","ast-hfb-below-header-display":"","ast-hfb-mobile-header-display":"","site-post-title":"","ast-breadcrumbs-content":"","ast-featured-img":"","footer-sml-layout":"","theme-transparent-header-meta":"","adv-header-id-meta":"","stick-header-meta":"","header-above-stick-meta":"","header-main-stick-meta":"","header-below-stick-meta":"","astra-migrate-meta-layouts":"set","ast-page-background-enabled":"default","ast-page-background-meta":{"desktop":{"background-color":"var(--ast-global-color-4)","background-image":"","background-repeat":"repeat","background-position":"center center","background-size":"auto","background-attachment":"scroll","background-type":"","background-media":"","overlay-type":"","overlay-color":"","overlay-opacity":"","overlay-gradient":""},"tablet":{"background-color":"","background-image":"","background-repeat":"repeat","background-position":"center center","background-size":"auto","background-attachment":"scroll","background-type":"","background-media":"","overlay-type":"","overlay-color":"","overlay-opacity":"","overlay-gradient":""},"mobile":{"background-color":"","background-image":"","background-repeat":"repeat","background-position":"center center","background-size":"auto","background-attachment":"scroll","background-type":"","background-media":"","overlay-type":"","overlay-color":"","overlay-opacity":"","overlay-gradient":""}},"ast-content-background-meta":{"desktop":{"background-color":"var(--ast-global-color-5)","background-image":"","background-repeat":"repeat","background-position":"center center","background-size":"auto","background-attachment":"scroll","background-type":"","background-media":"","overlay-type":"","overlay-color":"","overlay-opacity":"","overlay-gradient":""},"tablet":{"background-color":"var(--ast-global-color-5)","background-image":"","background-repeat":"repeat","background-position":"center center","background-size":"auto","background-attachment":"scroll","background-type":"","background-media":"","overlay-type":"","overlay-color":"","overlay-opacity":"","overlay-gradient":""},"mobile":{"background-color":"var(--ast-global-color-5)","background-image":"","background-repeat":"repeat","background-position":"center center","background-size":"auto","background-attachment":"scroll","background-type":"","background-media":"","overlay-type":"","overlay-color":"","overlay-opacity":"","overlay-gradient":""}},"footnotes":""},"class_list":["post-26","page","type-page","status-publish","hentry"],"post_mailing_queue_ids":[],"_links":{"self":[{"href":"https:\/\/agora.xtec.cat\/ceipelrodonell\/wp-json\/wp\/v2\/pages\/26","targetHints":{"allow":["GET"]}}],"collection":[{"href":"https:\/\/agora.xtec.cat\/ceipelrodonell\/wp-json\/wp\/v2\/pages"}],"about":[{"href":"https:\/\/agora.xtec.cat\/ceipelrodonell\/wp-json\/wp\/v2\/types\/page"}],"author":[{"embeddable":true,"href":"https:\/\/agora.xtec.cat\/ceipelrodonell\/wp-json\/wp\/v2\/users\/1"}],"replies":[{"embeddable":true,"href":"https:\/\/agora.xtec.cat\/ceipelrodonell\/wp-json\/wp\/v2\/comments?post=26"}],"version-history":[{"count":4,"href":"https:\/\/agora.xtec.cat\/ceipelrodonell\/wp-json\/wp\/v2\/pages\/26\/revisions"}],"predecessor-version":[{"id":13933,"href":"https:\/\/agora.xtec.cat\/ceipelrodonell\/wp-json\/wp\/v2\/pages\/26\/revisions\/13933"}],"up":[{"embeddable":true,"href":"https:\/\/agora.xtec.cat\/ceipelrodonell\/wp-json\/wp\/v2\/pages\/22"}],"wp:attachment":[{"href":"https:\/\/agora.xtec.cat\/ceipelrodonell\/wp-json\/wp\/v2\/media?parent=26"}],"curies":[{"name":"wp","href":"https:\/\/api.w.org\/{rel}","templated":true}]}}

Història

<p>Les notícies més antigues de l’ensenyament a Corçà són de 1797. A finals del segle XVIII hi havia una escola al pis superior de l’Ajuntament, a l’espai que ara coneixem com “ el Casal”. L’any 1862, es renova i només es fa servir com a aula per a nens. Per a les nenes, l’Ajuntament lloga una casa que és, alhora, escola de nenes i vivenda de la mestra, primer al carrer Major i, més tard, al de Sant Sebastià.</p>



<p>L’edifici escolar actual fou llargament reivindicat. Es va construir a l’indret anomenat “Horts de la Coromina”, que l’Ajuntament va comprar l’any 1921 essent alcalde en Ginés Font Bonet. Les obres per a la nova escola varen començar el dia 24 de juny de 1929 amb un pressupost de 28.224,04 pessetes per a l’escola de nens i 28.034,01 pessetes per a la de nenes. Cada una tenia una aula amb llar de foc i el terra de fusta. A més a més, també disposaven d’un despatx pels mestres, lavabos i un vestíbul. A la part posterior ambdós espais estaven equipats amb un porxo amb arcades. Com manava la norma, els patis estaven separats per parets de mig metre i una tela metàl•lica. L’Ajuntament rep l’edifici i compra el mobiliari i el material per a les dues aules l’octubre de 1930. Abans es va tancar el pati (1924), es van plantar les moreres (1928) i la casa Vda Galí va construir les reixes i les portes de ferro.</p>



<p>No és fins la dècada de 1990 que es compren nous terrenys per a l&#8217;ampliació escolar. Es construeix primer una aula i un laboratori, i més tard dues aules més inaugurades l’any 2000.</p>



<p>L’estiu del 2007 s’instal•la el primer barracó i al 2008 arriba el segon barracó. Aquests ocupen terrenys cedits a l’ajuntament per aquesta finalitat.</p>

<p>Les notícies més antigues de l’ensenyament a Corçà són de 1797. A finals del segle XVIII hi havia una escola al pis superior de l’Ajuntament, a l’espai que ara coneixem com “ el Casal”. L’any 1862, es renova i només es fa servir com a aula per a nens. Per a les nenes, l’Ajuntament lloga [&hellip;]</p>
