{"id":10296,"date":"2023-11-07T10:40:21","date_gmt":"2023-11-07T09:40:21","guid":{"rendered":"https:\/\/agora.xtec.cat\/ceipelrodonell\/?page_id=10296"},"modified":"2024-02-22T10:31:46","modified_gmt":"2024-02-22T09:31:46","slug":"racons-a-infantil","status":"publish","type":"page","link":"https:\/\/agora.xtec.cat\/ceipelrodonell\/projectes-descola\/racons-a-infantil\/","title":{"rendered":"Racons a Infantil"},"content":{"rendered":"<p><strong>ELS RACONS A EDUCACI\u00d3 INFANTIL<\/strong><\/p>\n<p>Fa diversos anys que a educaci\u00f3 infantil de la nostra escola treballem per racons i mantenim aquesta ess\u00e8ncia basant-nos en tres principis b\u00e0sics.<\/p>\n<p>En primer lloc, passa per un respecte profund cap als nostres infants, cadasc\u00fa pot triar segons les seves necessitats, interessos i motivacions. I \u00e9s sota aquesta mirada inclusiva on els racons ofereixen contextos per satisfer les necessitats dels infants: de joc, de moviment, d&#8217;experimentaci\u00f3, d\u2019autonomia, de relaci\u00f3, de comunicaci\u00f3\u2026<\/p>\n<p>En segon lloc, la import\u00e0ncia del joc per al desenvolupament global dels infants. Al m\u00f3n del nen, joc i treball estan molt relacionats i no es pot separar una cosa de l\u2019altra. Quan un nen juga, tamb\u00e9 treballa alhora. El joc \u00e9s molt m\u00e9s que plaer, \u00e9s una necessitat vital, la primera eina d&#8217;aprenentatge de qu\u00e8 disposa l\u2019infant per con\u00e8ixer-se a si mateix i el m\u00f3n que l\u2019envolta.<\/p>\n<p>I, en tercer lloc, el temps. Temps per actuar amb tendresa, escoltar, observar, deixar fer per reconduir, compartir\u2026 en resum, donar-los temps per cr\u00e9ixer amb tranquil\u00b7litat i sentir-se estimat i segur.<\/p>\n<p>Aix\u00ed doncs, els racons s\u00f3n una estrat\u00e8gia pedag\u00f2gica que ens ajuda a respectar aquests tres principis i ens fa possible acollir aquesta diversitat, respectant el temps, ritme de treball i necessitats dels infants, aconseguint una autonomia i seguretat en si mateixos.<\/p>\n<p>Per dur a terme el treball per racons cal organitzar l&#8217;aula en diversos espais rics d\u2019aprenentatge on els alumnes, distribu\u00efts en petits grups, desenvolupen tasques simult\u00e0nies de manera aut\u00f2noma, considerant l\u2019infant un \u00e9sser actiu i essent capa\u00e7 d\u2019escollir el que vol fer, dins uns l\u00edmits i normes que suposa compartir les diferents possibilitats amb altres infants.<\/p>\n<p>La classe ha de ser un lloc viu que s\u2019ha d\u2019anar canviant en funci\u00f3 dels interessos i les necessitats dels infants al llarg del curs. Els racons que trobem a l\u2019aula s\u00f3n: el rac\u00f3 de joc simb\u00f2lic (botigueta, cuineta\u2026), el rac\u00f3 de l\u2019expressi\u00f3 pl\u00e0stica (amb material divers), el rac\u00f3 de la biblioteca (amb contes, titelles\u2026), el rac\u00f3 dels jocs did\u00e0ctics, construccions i logicomatem\u00e0tica, rac\u00f3 d\u2019observaci\u00f3 i experimentaci\u00f3, entre d\u2019altres.<\/p>\n<p>Per acabar, volem fer refer\u00e8ncia a una de les frases del pedagog Loris Malaguzzi, i \u00e9s que per aconseguir un aprenentatge significatiu \u00e9s essencial convertir l&#8217;escola en un espai educatiu que tingui en compte les necessitats individuals de cada nena o nen, perqu\u00e8 cadascun \u00e9s \u00fanic i diferent.<\/p>\n<blockquote><p><em>\u201cUna escola ha de ser un lloc per a tots els infants, no basada en la idea que tots s\u00f3n <\/em><em>iguals, sin\u00f3 que tots s\u00f3n diferents.\u201d<\/em><br \/>\n<strong>LORIS MALAGUZZI<\/strong><\/p><\/blockquote>\n","protected":false},"excerpt":{"rendered":"<p>ELS RACONS A EDUCACI\u00d3 INFANTIL Fa diversos anys que a educaci\u00f3 infantil de la nostra escola treballem per racons i mantenim aquesta ess\u00e8ncia basant-nos en tres principis b\u00e0sics. En primer lloc, passa per un respecte profund cap als nostres infants, cadasc\u00fa pot triar segons les seves necessitats, interessos i motivacions. I \u00e9s sota aquesta mirada [&hellip;]<\/p>\n","protected":false},"author":1,"featured_media":0,"parent":9104,"menu_order":0,"comment_status":"closed","ping_status":"closed","template":"page-templates\/side-menu.php","meta":{"_bbp_topic_count":0,"_bbp_reply_count":0,"_bbp_total_topic_count":0,"_bbp_total_reply_count":0,"_bbp_voice_count":0,"_bbp_anonymous_reply_count":0,"_bbp_topic_count_hidden":0,"_bbp_reply_count_hidden":0,"_bbp_forum_subforum_count":0,"site-sidebar-layout":"default","site-content-layout":"","ast-site-content-layout":"","site-content-style":"default","site-sidebar-style":"default","ast-global-header-display":"","ast-banner-title-visibility":"","ast-main-header-display":"","ast-hfb-above-header-display":"","ast-hfb-below-header-display":"","ast-hfb-mobile-header-display":"","site-post-title":"","ast-breadcrumbs-content":"","ast-featured-img":"","footer-sml-layout":"","theme-transparent-header-meta":"","adv-header-id-meta":"","stick-header-meta":"","header-above-stick-meta":"","header-main-stick-meta":"","header-below-stick-meta":"","astra-migrate-meta-layouts":"default","ast-page-background-enabled":"default","ast-page-background-meta":{"desktop":{"background-color":"var(--ast-global-color-4)","background-image":"","background-repeat":"repeat","background-position":"center center","background-size":"auto","background-attachment":"scroll","background-type":"","background-media":"","overlay-type":"","overlay-color":"","overlay-opacity":"","overlay-gradient":""},"tablet":{"background-color":"","background-image":"","background-repeat":"repeat","background-position":"center center","background-size":"auto","background-attachment":"scroll","background-type":"","background-media":"","overlay-type":"","overlay-color":"","overlay-opacity":"","overlay-gradient":""},"mobile":{"background-color":"","background-image":"","background-repeat":"repeat","background-position":"center center","background-size":"auto","background-attachment":"scroll","background-type":"","background-media":"","overlay-type":"","overlay-color":"","overlay-opacity":"","overlay-gradient":""}},"ast-content-background-meta":{"desktop":{"background-color":"var(--ast-global-color-5)","background-image":"","background-repeat":"repeat","background-position":"center center","background-size":"auto","background-attachment":"scroll","background-type":"","background-media":"","overlay-type":"","overlay-color":"","overlay-opacity":"","overlay-gradient":""},"tablet":{"background-color":"var(--ast-global-color-5)","background-image":"","background-repeat":"repeat","background-position":"center center","background-size":"auto","background-attachment":"scroll","background-type":"","background-media":"","overlay-type":"","overlay-color":"","overlay-opacity":"","overlay-gradient":""},"mobile":{"background-color":"var(--ast-global-color-5)","background-image":"","background-repeat":"repeat","background-position":"center center","background-size":"auto","background-attachment":"scroll","background-type":"","background-media":"","overlay-type":"","overlay-color":"","overlay-opacity":"","overlay-gradient":""}},"footnotes":""},"class_list":["post-10296","page","type-page","status-publish","hentry"],"post_mailing_queue_ids":[],"_links":{"self":[{"href":"https:\/\/agora.xtec.cat\/ceipelrodonell\/wp-json\/wp\/v2\/pages\/10296","targetHints":{"allow":["GET"]}}],"collection":[{"href":"https:\/\/agora.xtec.cat\/ceipelrodonell\/wp-json\/wp\/v2\/pages"}],"about":[{"href":"https:\/\/agora.xtec.cat\/ceipelrodonell\/wp-json\/wp\/v2\/types\/page"}],"author":[{"embeddable":true,"href":"https:\/\/agora.xtec.cat\/ceipelrodonell\/wp-json\/wp\/v2\/users\/1"}],"replies":[{"embeddable":true,"href":"https:\/\/agora.xtec.cat\/ceipelrodonell\/wp-json\/wp\/v2\/comments?post=10296"}],"version-history":[{"count":5,"href":"https:\/\/agora.xtec.cat\/ceipelrodonell\/wp-json\/wp\/v2\/pages\/10296\/revisions"}],"predecessor-version":[{"id":10326,"href":"https:\/\/agora.xtec.cat\/ceipelrodonell\/wp-json\/wp\/v2\/pages\/10296\/revisions\/10326"}],"up":[{"embeddable":true,"href":"https:\/\/agora.xtec.cat\/ceipelrodonell\/wp-json\/wp\/v2\/pages\/9104"}],"wp:attachment":[{"href":"https:\/\/agora.xtec.cat\/ceipelrodonell\/wp-json\/wp\/v2\/media?parent=10296"}],"curies":[{"name":"wp","href":"https:\/\/api.w.org\/{rel}","templated":true}]}}