{"id":10223,"date":"2023-09-20T09:39:39","date_gmt":"2023-09-20T07:39:39","guid":{"rendered":"https:\/\/agora.xtec.cat\/ceipelrodonell\/?page_id=10223"},"modified":"2025-11-12T10:02:09","modified_gmt":"2025-11-12T09:02:09","slug":"documents-i-normativa","status":"publish","type":"page","link":"https:\/\/agora.xtec.cat\/ceipelrodonell\/documents-i-normativa\/","title":{"rendered":"Documents i Normativa"},"content":{"rendered":"\n<p><strong>DOCUMENTS DE GESTI\u00d3 DEL CENTRE<\/strong><\/p>\n\n\n\n<figure class=\"wp-block-table\"><table class=\"has-fixed-layout\"><tbody><tr><td><strong>Descripci\u00f3<\/strong><\/td><td><strong>Darrera actualitzaci\u00f3<\/strong><\/td><\/tr><tr><td><a href=\"https:\/\/drive.google.com\/file\/d\/18J0OM6zBSby3ONqx-VN7EAhl7odPUTNN\/view?usp=sharing\" target=\"_blank\" rel=\"noopener\">PEC &#8211; Projecte educatiu del centre<\/a><\/td><td>Gener de 2023<\/td><\/tr><tr><td><a href=\"https:\/\/drive.google.com\/file\/d\/1BI-4YnB5L0VctcPo5yuHeyCHLGBLadS0\/view?usp=sharing\" target=\"_blank\" rel=\"noreferrer noopener\">NOFC &#8211; Normes d&#8217;organitzaci\u00f3 i funcionament<\/a><\/td><td>23 de setembre de 2024<\/td><\/tr><tr><td><a href=\"https:\/\/drive.google.com\/file\/d\/1puURc0dBa560JqiC6haAtWol34WBzlQF\/view?usp=sharing\" target=\"_blank\" rel=\"noopener\">Pla de funcionament del menjador 2025_2026<\/a><\/td><td>Aprovat pel CE 22 d&#8217;octubre de 2025<\/td><\/tr><tr><td><a href=\"https:\/\/drive.google.com\/file\/d\/1OpMOwAy5vYKbcmL8p1LLBXLCA_lrHZHn\/view?usp=sharing\" target=\"_blank\" rel=\"noopener\">Projecte ling\u00fc\u00edstic<\/a><\/td><td>Juny de 2022<\/td><\/tr><tr><td><a href=\"https:\/\/drive.google.com\/file\/d\/1PM8GAVK3TnFkDF8CJaBwaUlquOrz4lei\/view?usp=sharing\" target=\"_blank\" rel=\"noopener\">Projecte de direcci\u00f3 (2022_2026)<\/a><\/td><td>1 de juliol de 2022<\/td><\/tr><tr><td><a href=\"https:\/\/drive.google.com\/file\/d\/1r8P_Iiw7QrolN2P70K8-gN1vP1bp1e3G\/view?usp=sharing\" target=\"_blank\" rel=\"noopener\">Projecte de conviv\u00e8ncia<\/a><\/td><td>Mar\u00e7 de 2024<\/td><\/tr><tr><td><a href=\"https:\/\/agora.xtec.cat\/ceipelrodonell\/documents-i-normativa\/bicicletes_patinets\/\" target=\"_blank\" rel=\"noopener\">Aparcament de bicicletes i\/o patinets<\/a><\/td><td>Setembre de 2021<\/td><\/tr><tr><td><a href=\"https:\/\/agora.xtec.cat\/ceipelrodonell\/documents-i-normativa\/retards\/\">Retards<\/a><\/td><td>Setembre de 2024<\/td><\/tr><\/tbody><\/table><\/figure>\n\n\n\n<p><em>NORMATIVA RELACIONADA<\/em><\/p>\n\n\n\n<ul class=\"wp-block-list\">\n<li><a href=\"https:\/\/drive.google.com\/file\/d\/1h8fzGKEkBywbYRnJPdrAWrlQkjIs3C5x\/view?usp=sharing\" target=\"_blank\" rel=\"noopener\">Llei 12\/2009, del 10 de juliol, d&#8217;educaci\u00f3.<\/a><\/li>\n\n\n\n<li><a href=\"https:\/\/drive.google.com\/file\/d\/1kMxFpA5DuF733KNIg-AbxXFNyLLRvNns\/view?usp=sharing\" target=\"_blank\" rel=\"noopener\">Decret 102\/2010, de 3 d&#8217;agost, d&#8217;autonomia de centres educatius.<\/a><\/li>\n\n\n\n<li><a href=\"https:\/\/drive.google.com\/file\/d\/1fzqlD8SF1VwtmbJF0tMCRDFb9GtLAaHu\/view?usp=sharing\" target=\"_blank\" rel=\"noopener\">Decret 175\/2022, de 27 de setembre, d&#8217;ordenaci\u00f3 dels ensenyaments de l&#8217;educci\u00f3 b\u00e0sica.<\/a><\/li>\n\n\n\n<li><a href=\"https:\/\/drive.google.com\/file\/d\/1fsZZTuFMibg_hAAVgIgfuYPMTlVfCjw5\/view?usp=sharing\" target=\"_blank\" rel=\"noopener\">Decret 21\/2023, de 7 de febrer, d&#8217;ordenaci\u00f3 dels ensenyaments de l&#8217;educaci\u00f3 infantil.<\/a><\/li>\n\n\n\n<li><a href=\"https:\/\/drive.google.com\/file\/d\/19qQPIwCa80rBAuUG22sbZVTHbq5vUzvb\/view?usp=sharing\" target=\"_blank\" rel=\"noopener\">160\/1996, de 14 de maig, per la qual es regula el servei escolar de menjador als centres docents p\u00fablics de titularitat del Departament d&#8217;Ensenyament.<\/a><\/li>\n\n\n\n<li><a href=\"https:\/\/drive.google.com\/file\/d\/1cmCByMy4slUjSlV1tYMGN0V9E7NRlbF7\/view?usp=sharing\" target=\"_blank\" rel=\"noopener\">Llei org\u00e0nica 3\/2018, de 5 de desembre, de protecci\u00f3 de dades personals i garantia dels drets digitals.<\/a><\/li>\n<\/ul>\n","protected":false},"excerpt":{"rendered":"<p>DOCUMENTS DE GESTI\u00d3 DEL CENTRE Descripci\u00f3 Darrera actualitzaci\u00f3 PEC &#8211; Projecte educatiu del centre Gener de 2023 NOFC &#8211; Normes d&#8217;organitzaci\u00f3 i funcionament 23 de setembre de 2024 Pla de funcionament del menjador 2025_2026 Aprovat pel CE 22 d&#8217;octubre de 2025 Projecte ling\u00fc\u00edstic Juny de 2022 Projecte de direcci\u00f3 (2022_2026) 1 de juliol de 2022 [&hellip;]<\/p>\n","protected":false},"author":1,"featured_media":0,"parent":0,"menu_order":0,"comment_status":"closed","ping_status":"closed","template":"","meta":{"_bbp_topic_count":0,"_bbp_reply_count":0,"_bbp_total_topic_count":0,"_bbp_total_reply_count":0,"_bbp_voice_count":0,"_bbp_anonymous_reply_count":0,"_bbp_topic_count_hidden":0,"_bbp_reply_count_hidden":0,"_bbp_forum_subforum_count":0,"site-sidebar-layout":"no-sidebar","site-content-layout":"","ast-site-content-layout":"default","site-content-style":"default","site-sidebar-style":"default","ast-global-header-display":"","ast-banner-title-visibility":"","ast-main-header-display":"","ast-hfb-above-header-display":"","ast-hfb-below-header-display":"","ast-hfb-mobile-header-display":"","site-post-title":"","ast-breadcrumbs-content":"","ast-featured-img":"","footer-sml-layout":"","theme-transparent-header-meta":"","adv-header-id-meta":"","stick-header-meta":"","header-above-stick-meta":"","header-main-stick-meta":"","header-below-stick-meta":"","astra-migrate-meta-layouts":"set","ast-page-background-enabled":"default","ast-page-background-meta":{"desktop":{"background-color":"var(--ast-global-color-4)","background-image":"","background-repeat":"repeat","background-position":"center center","background-size":"auto","background-attachment":"scroll","background-type":"","background-media":"","overlay-type":"","overlay-color":"","overlay-opacity":"","overlay-gradient":""},"tablet":{"background-color":"","background-image":"","background-repeat":"repeat","background-position":"center center","background-size":"auto","background-attachment":"scroll","background-type":"","background-media":"","overlay-type":"","overlay-color":"","overlay-opacity":"","overlay-gradient":""},"mobile":{"background-color":"","background-image":"","background-repeat":"repeat","background-position":"center center","background-size":"auto","background-attachment":"scroll","background-type":"","background-media":"","overlay-type":"","overlay-color":"","overlay-opacity":"","overlay-gradient":""}},"ast-content-background-meta":{"desktop":{"background-color":"var(--ast-global-color-5)","background-image":"","background-repeat":"repeat","background-position":"center center","background-size":"auto","background-attachment":"scroll","background-type":"","background-media":"","overlay-type":"","overlay-color":"","overlay-opacity":"","overlay-gradient":""},"tablet":{"background-color":"var(--ast-global-color-5)","background-image":"","background-repeat":"repeat","background-position":"center center","background-size":"auto","background-attachment":"scroll","background-type":"","background-media":"","overlay-type":"","overlay-color":"","overlay-opacity":"","overlay-gradient":""},"mobile":{"background-color":"var(--ast-global-color-5)","background-image":"","background-repeat":"repeat","background-position":"center center","background-size":"auto","background-attachment":"scroll","background-type":"","background-media":"","overlay-type":"","overlay-color":"","overlay-opacity":"","overlay-gradient":""}},"footnotes":""},"class_list":["post-10223","page","type-page","status-publish","hentry"],"post_mailing_queue_ids":[],"_links":{"self":[{"href":"https:\/\/agora.xtec.cat\/ceipelrodonell\/wp-json\/wp\/v2\/pages\/10223","targetHints":{"allow":["GET"]}}],"collection":[{"href":"https:\/\/agora.xtec.cat\/ceipelrodonell\/wp-json\/wp\/v2\/pages"}],"about":[{"href":"https:\/\/agora.xtec.cat\/ceipelrodonell\/wp-json\/wp\/v2\/types\/page"}],"author":[{"embeddable":true,"href":"https:\/\/agora.xtec.cat\/ceipelrodonell\/wp-json\/wp\/v2\/users\/1"}],"replies":[{"embeddable":true,"href":"https:\/\/agora.xtec.cat\/ceipelrodonell\/wp-json\/wp\/v2\/comments?post=10223"}],"version-history":[{"count":6,"href":"https:\/\/agora.xtec.cat\/ceipelrodonell\/wp-json\/wp\/v2\/pages\/10223\/revisions"}],"predecessor-version":[{"id":13956,"href":"https:\/\/agora.xtec.cat\/ceipelrodonell\/wp-json\/wp\/v2\/pages\/10223\/revisions\/13956"}],"wp:attachment":[{"href":"https:\/\/agora.xtec.cat\/ceipelrodonell\/wp-json\/wp\/v2\/media?parent=10223"}],"curies":[{"name":"wp","href":"https:\/\/api.w.org\/{rel}","templated":true}]}}

<p><strong>DOCUMENTS DE GESTIÓ DEL CENTRE</strong></p>



<figure class="wp-block-table"><table class="has-fixed-layout"><tbody><tr><td><strong>Descripció</strong></td><td><strong>Darrera actualització</strong></td></tr><tr><td><a href="https://drive.google.com/file/d/18J0OM6zBSby3ONqx-VN7EAhl7odPUTNN/view?usp=sharing" target="_blank" rel="noopener">PEC &#8211; Projecte educatiu del centre</a></td><td>Gener de 2023</td></tr><tr><td><a href="https://drive.google.com/file/d/1BI-4YnB5L0VctcPo5yuHeyCHLGBLadS0/view?usp=sharing" target="_blank" rel="noreferrer noopener">NOFC &#8211; Normes d&#8217;organització i funcionament</a></td><td>23 de setembre de 2024</td></tr><tr><td><a href="https://drive.google.com/file/d/1puURc0dBa560JqiC6haAtWol34WBzlQF/view?usp=sharing" target="_blank" rel="noopener">Pla de funcionament del menjador 2025_2026</a></td><td>Aprovat pel CE 22 d&#8217;octubre de 2025</td></tr><tr><td><a href="https://drive.google.com/file/d/1OpMOwAy5vYKbcmL8p1LLBXLCA_lrHZHn/view?usp=sharing" target="_blank" rel="noopener">Projecte lingüístic</a></td><td>Juny de 2022</td></tr><tr><td><a href="https://drive.google.com/file/d/1PM8GAVK3TnFkDF8CJaBwaUlquOrz4lei/view?usp=sharing" target="_blank" rel="noopener">Projecte de direcció (2022_2026)</a></td><td>1 de juliol de 2022</td></tr><tr><td><a href="https://drive.google.com/file/d/1r8P_Iiw7QrolN2P70K8-gN1vP1bp1e3G/view?usp=sharing" target="_blank" rel="noopener">Projecte de convivència</a></td><td>Març de 2024</td></tr><tr><td><a href="https://agora.xtec.cat/ceipelrodonell/documents-i-normativa/bicicletes_patinets/" target="_blank" rel="noopener">Aparcament de bicicletes i/o patinets</a></td><td>Setembre de 2021</td></tr><tr><td><a href="https://agora.xtec.cat/ceipelrodonell/documents-i-normativa/retards/">Retards</a></td><td>Setembre de 2024</td></tr></tbody></table></figure>



<p><em>NORMATIVA RELACIONADA</em></p>



<ul class="wp-block-list">
<li><a href="https://drive.google.com/file/d/1h8fzGKEkBywbYRnJPdrAWrlQkjIs3C5x/view?usp=sharing" target="_blank" rel="noopener">Llei 12/2009, del 10 de juliol, d&#8217;educació.</a></li>



<li><a href="https://drive.google.com/file/d/1kMxFpA5DuF733KNIg-AbxXFNyLLRvNns/view?usp=sharing" target="_blank" rel="noopener">Decret 102/2010, de 3 d&#8217;agost, d&#8217;autonomia de centres educatius.</a></li>



<li><a href="https://drive.google.com/file/d/1fzqlD8SF1VwtmbJF0tMCRDFb9GtLAaHu/view?usp=sharing" target="_blank" rel="noopener">Decret 175/2022, de 27 de setembre, d&#8217;ordenació dels ensenyaments de l&#8217;educció bàsica.</a></li>



<li><a href="https://drive.google.com/file/d/1fsZZTuFMibg_hAAVgIgfuYPMTlVfCjw5/view?usp=sharing" target="_blank" rel="noopener">Decret 21/2023, de 7 de febrer, d&#8217;ordenació dels ensenyaments de l&#8217;educació infantil.</a></li>



<li><a href="https://drive.google.com/file/d/19qQPIwCa80rBAuUG22sbZVTHbq5vUzvb/view?usp=sharing" target="_blank" rel="noopener">160/1996, de 14 de maig, per la qual es regula el servei escolar de menjador als centres docents públics de titularitat del Departament d&#8217;Ensenyament.</a></li>



<li><a href="https://drive.google.com/file/d/1cmCByMy4slUjSlV1tYMGN0V9E7NRlbF7/view?usp=sharing" target="_blank" rel="noopener">Llei orgànica 3/2018, de 5 de desembre, de protecció de dades personals i garantia dels drets digitals.</a></li>
</ul>

<p>DOCUMENTS DE GESTIÓ DEL CENTRE Descripció Darrera actualització PEC &#8211; Projecte educatiu del centre Gener de 2023 NOFC &#8211; Normes d&#8217;organització i funcionament 23 de setembre de 2024 Pla de funcionament del menjador 2025_2026 Aprovat pel CE 22 d&#8217;octubre de 2025 Projecte lingüístic Juny de 2022 Projecte de direcció (2022_2026) 1 de juliol de 2022 [&hellip;]</p>
