{"id":10131,"date":"2023-04-25T13:23:09","date_gmt":"2023-04-25T11:23:09","guid":{"rendered":"https:\/\/agora.xtec.cat\/ceipelrodonell\/?page_id=10131"},"modified":"2024-03-07T14:03:03","modified_gmt":"2024-03-07T13:03:03","slug":"lhort-a-lescola","status":"publish","type":"page","link":"https:\/\/agora.xtec.cat\/ceipelrodonell\/projectes-descola\/lhort-a-lescola\/","title":{"rendered":"L&#8217;hort a l&#8217;escola"},"content":{"rendered":"<h4><span style=\"color: blue; font-family: arial; font-size: xx-large;\">Projecte hort<\/span><\/h4>\n<p>Aquest curs hem centrat el projecte hort amb un enfocament proper a la permacultura. Aquesta \u00e9s una filosofia que est\u00e0 estretament lligada als ODS (Objectius de Desenvolupament Sostenible). La permacultura persegueix la sostenibilitat i intenta imitar processos naturals en entorns humanitzats. Aquest proc\u00e9s \u00e9s ecol\u00f2gic, sense adobs ni insecticides.<\/p>\n<p>Durant el primer trimestre les activitats de l\u2019hort estan molt orientades al mulching; recollir moltes fulles i apilar-les a l\u2019hort. Tota aquesta mat\u00e8ria org\u00e0nica es va descomponent i contribueix a crear un s\u00f2l m\u00e9s profund, humit i ric. Amb aquest proc\u00e9s s\u2019intenta aprofitar tota la mat\u00e8ria org\u00e0nica per aix\u00ed poder nodrir el nostre hort. Amb aquesta t\u00e8cnica tamb\u00e9 s\u2019ajuda a conservar la humitat i a estalviar aigua.<\/p>\n<p>Paral\u00b7lelament plantem verdures, hortalisses i fruites del temps com enciams, p\u00e8sols, carxofes, cebes, maduixes, maduixes de bosc, gerds i porros.<\/p>\n<p>Tamb\u00e9 es duen a terme diferents tasques relacionades amb el bricolatge: Alguns exemples del que hem fet s\u00f3n: elaboraci\u00f3 d\u2019una tanca per protegir l&#8217;hort, col\u00b7locaci\u00f3 del travesser per la porteria de futbol i instal\u00b7laci\u00f3 del gota a gota.<\/p>\n<p>L\u2019objectiu del projecte pret\u00e9n donar una visi\u00f3 diferent, m\u00e9s sostenible, ecol\u00f2gica i natural a l\u2019horticultura aix\u00ed com tamb\u00e9 donar a con\u00e8ixer i promoure una alimentaci\u00f3 m\u00e9s sana i sostenible.<\/p>\n","protected":false},"excerpt":{"rendered":"<p>Projecte hort Aquest curs hem centrat el projecte hort amb un enfocament proper a la permacultura. Aquesta \u00e9s una filosofia que est\u00e0 estretament lligada als ODS (Objectius de Desenvolupament Sostenible). La permacultura persegueix la sostenibilitat i intenta imitar processos naturals en entorns humanitzats. Aquest proc\u00e9s \u00e9s ecol\u00f2gic, sense adobs ni insecticides. Durant el primer trimestre [&hellip;]<\/p>\n","protected":false},"author":1,"featured_media":0,"parent":9104,"menu_order":0,"comment_status":"closed","ping_status":"closed","template":"page-templates\/side-menu.php","meta":{"_bbp_topic_count":0,"_bbp_reply_count":0,"_bbp_total_topic_count":0,"_bbp_total_reply_count":0,"_bbp_voice_count":0,"_bbp_anonymous_reply_count":0,"_bbp_topic_count_hidden":0,"_bbp_reply_count_hidden":0,"_bbp_forum_subforum_count":0,"site-sidebar-layout":"default","site-content-layout":"","ast-site-content-layout":"","site-content-style":"default","site-sidebar-style":"default","ast-global-header-display":"","ast-banner-title-visibility":"","ast-main-header-display":"","ast-hfb-above-header-display":"","ast-hfb-below-header-display":"","ast-hfb-mobile-header-display":"","site-post-title":"","ast-breadcrumbs-content":"","ast-featured-img":"","footer-sml-layout":"","theme-transparent-header-meta":"","adv-header-id-meta":"","stick-header-meta":"","header-above-stick-meta":"","header-main-stick-meta":"","header-below-stick-meta":"","astra-migrate-meta-layouts":"default","ast-page-background-enabled":"default","ast-page-background-meta":{"desktop":{"background-color":"var(--ast-global-color-4)","background-image":"","background-repeat":"repeat","background-position":"center center","background-size":"auto","background-attachment":"scroll","background-type":"","background-media":"","overlay-type":"","overlay-color":"","overlay-opacity":"","overlay-gradient":""},"tablet":{"background-color":"","background-image":"","background-repeat":"repeat","background-position":"center center","background-size":"auto","background-attachment":"scroll","background-type":"","background-media":"","overlay-type":"","overlay-color":"","overlay-opacity":"","overlay-gradient":""},"mobile":{"background-color":"","background-image":"","background-repeat":"repeat","background-position":"center center","background-size":"auto","background-attachment":"scroll","background-type":"","background-media":"","overlay-type":"","overlay-color":"","overlay-opacity":"","overlay-gradient":""}},"ast-content-background-meta":{"desktop":{"background-color":"var(--ast-global-color-5)","background-image":"","background-repeat":"repeat","background-position":"center center","background-size":"auto","background-attachment":"scroll","background-type":"","background-media":"","overlay-type":"","overlay-color":"","overlay-opacity":"","overlay-gradient":""},"tablet":{"background-color":"var(--ast-global-color-5)","background-image":"","background-repeat":"repeat","background-position":"center center","background-size":"auto","background-attachment":"scroll","background-type":"","background-media":"","overlay-type":"","overlay-color":"","overlay-opacity":"","overlay-gradient":""},"mobile":{"background-color":"var(--ast-global-color-5)","background-image":"","background-repeat":"repeat","background-position":"center center","background-size":"auto","background-attachment":"scroll","background-type":"","background-media":"","overlay-type":"","overlay-color":"","overlay-opacity":"","overlay-gradient":""}},"footnotes":""},"class_list":["post-10131","page","type-page","status-publish","hentry"],"post_mailing_queue_ids":[],"_links":{"self":[{"href":"https:\/\/agora.xtec.cat\/ceipelrodonell\/wp-json\/wp\/v2\/pages\/10131","targetHints":{"allow":["GET"]}}],"collection":[{"href":"https:\/\/agora.xtec.cat\/ceipelrodonell\/wp-json\/wp\/v2\/pages"}],"about":[{"href":"https:\/\/agora.xtec.cat\/ceipelrodonell\/wp-json\/wp\/v2\/types\/page"}],"author":[{"embeddable":true,"href":"https:\/\/agora.xtec.cat\/ceipelrodonell\/wp-json\/wp\/v2\/users\/1"}],"replies":[{"embeddable":true,"href":"https:\/\/agora.xtec.cat\/ceipelrodonell\/wp-json\/wp\/v2\/comments?post=10131"}],"version-history":[{"count":3,"href":"https:\/\/agora.xtec.cat\/ceipelrodonell\/wp-json\/wp\/v2\/pages\/10131\/revisions"}],"predecessor-version":[{"id":12708,"href":"https:\/\/agora.xtec.cat\/ceipelrodonell\/wp-json\/wp\/v2\/pages\/10131\/revisions\/12708"}],"up":[{"embeddable":true,"href":"https:\/\/agora.xtec.cat\/ceipelrodonell\/wp-json\/wp\/v2\/pages\/9104"}],"wp:attachment":[{"href":"https:\/\/agora.xtec.cat\/ceipelrodonell\/wp-json\/wp\/v2\/media?parent=10131"}],"curies":[{"name":"wp","href":"https:\/\/api.w.org\/{rel}","templated":true}]}}