{"id":490,"date":"2016-06-10T15:29:27","date_gmt":"2016-06-10T14:29:27","guid":{"rendered":"http:\/\/agora.xtec.cat\/ceipelpi-ribes\/?page_id=490"},"modified":"2025-09-10T15:17:39","modified_gmt":"2025-09-10T13:17:39","slug":"professorat","status":"publish","type":"page","link":"https:\/\/agora.xtec.cat\/ceipelpi-ribes\/lescola\/professorat\/","title":{"rendered":"Professorat"},"content":{"rendered":"<table style=\"width: 54.7058%;\" width=\"624\">\n<tbody>\n<tr>\n<td style=\"width: 45.663%;\" width=\"312\">\u00a0EQUIP DIRECTIU<\/td>\n<td style=\"width: 74.7928%;\" width=\"312\">NOM<\/td>\n<\/tr>\n<tr>\n<td style=\"width: 45.663%;\" width=\"312\"><strong>DIRECCI\u00d3<\/strong><\/td>\n<td style=\"width: 74.7928%;\" width=\"312\">Noem\u00ed Mart\u00edn Valero<\/td>\n<\/tr>\n<tr>\n<td style=\"width: 45.663%;\" width=\"312\"><strong>CAP D\u2019ESTUDIS<\/strong><\/td>\n<td style=\"width: 74.7928%;\" width=\"312\">Ana Rodr\u00edguez Force<\/td>\n<\/tr>\n<tr>\n<td style=\"width: 45.663%;\" width=\"312\"><strong>SECRETARIA<\/strong><\/td>\n<td style=\"width: 74.7928%;\" width=\"312\">Martina Escribano Mart\u00ed<\/td>\n<\/tr>\n<\/tbody>\n<\/table>\n<table style=\"height: 222px; width: 54.7604%;\" width=\"625\">\n<tbody>\n<tr style=\"height: 31px;\">\n<td style=\"height: 31px; width: 45.39%;\" width=\"216\">INFANTIL<\/td>\n<td style=\"height: 31px; width: 75.3748%;\" width=\"222\">NOM<\/td>\n<\/tr>\n<tr style=\"height: 31px;\">\n<td style=\"height: 31px; width: 45.39%;\" width=\"216\"><strong>EI3<\/strong><\/td>\n<td style=\"height: 31px; width: 75.3748%;\" width=\"222\">Maria Jes\u00fas Plaza Rodr\u00edguez<\/td>\n<\/tr>\n<tr style=\"height: 46px;\">\n<td style=\"height: 46px; width: 45.39%;\" width=\"216\"><strong>EI4<\/strong><\/td>\n<td style=\"height: 46px; width: 75.3748%;\" width=\"222\"><span style=\"background-color: #ffffff;\">Montseta Mil\u00e0 Carbonell<\/span><\/td>\n<\/tr>\n<tr style=\"height: 31px;\">\n<td style=\"height: 31px; width: 45.39%;\" width=\"216\"><strong>EI5<\/strong><\/td>\n<td style=\"height: 31px; width: 75.3748%;\" width=\"222\">Clara L\u00f3pez Places<\/td>\n<\/tr>\n<tr style=\"height: 49px;\">\n<td style=\"width: 45.39%; height: 49px;\"><strong>REFOR\u00c7\u00a0<\/strong><\/td>\n<td style=\"width: 75.3748%; height: 49px;\">Ana Rodr\u00edguez Force i Llu\u00eds Molina Gim\u00e9nez<\/td>\n<\/tr>\n<\/tbody>\n<\/table>\n<table style=\"height: 239px; width: 54.8323%;\" width=\"627\">\n<tbody>\n<tr>\n<td style=\"width: 44.9739%;\" width=\"312\">PRIM\u00c0RIA<\/td>\n<td style=\"width: 76.2272%;\" width=\"312\">NOM<\/td>\n<\/tr>\n<tr>\n<td style=\"width: 44.9739%;\" width=\"312\"><strong>1r<\/strong><\/td>\n<td style=\"width: 76.2272%;\" width=\"312\">\u00c0frica Carrillo Ruiz<\/td>\n<\/tr>\n<tr>\n<td style=\"width: 44.9739%;\" width=\"312\"><strong>2n<\/strong><\/td>\n<td style=\"width: 76.2272%;\" width=\"312\">S\u00edlvia Ferr\u00e9 Juan\u00ed<\/td>\n<\/tr>\n<tr>\n<td style=\"width: 44.9739%;\" width=\"312\"><strong>3r<\/strong><\/td>\n<td style=\"width: 76.2272%;\" width=\"312\">Laura Deu Espinar<\/td>\n<\/tr>\n<tr>\n<td style=\"width: 44.9739%;\" width=\"312\"><strong>4t<\/strong><\/td>\n<td style=\"width: 76.2272%;\" width=\"312\">Susana Galiana Lloret<\/td>\n<\/tr>\n<tr>\n<td style=\"width: 44.9739%;\" width=\"312\"><strong>5\u00e8<\/strong><\/td>\n<td style=\"width: 76.2272%;\" width=\"312\">Fran Mart\u00ednez Jaimez<\/td>\n<\/tr>\n<tr>\n<td style=\"width: 44.9739%;\" width=\"312\"><strong>6\u00e8<\/strong><\/td>\n<td style=\"width: 76.2272%;\" width=\"312\">Roger Juncosa Galbis<\/td>\n<\/tr>\n<\/tbody>\n<\/table>\n<table style=\"height: 209px; width: 54.7577%;\" width=\"626\">\n<tbody>\n<tr style=\"height: 31px;\">\n<td style=\"height: 31px; width: 45.7165%;\">ESPECIALITATS<\/td>\n<td style=\"height: 31px; width: 75.1023%;\">NOM<\/td>\n<\/tr>\n<tr style=\"height: 31px;\">\n<td style=\"height: 31px; width: 45.7165%;\"><strong>ANGL\u00c8S<\/strong><\/td>\n<td style=\"height: 31px; width: 75.1023%;\">Ainhoa Ib\u00e1\u00f1ez Anguera i Laia Ferran Sol\u00e9<\/td>\n<\/tr>\n<tr style=\"height: 31px;\">\n<td style=\"height: 31px; width: 45.7165%;\"><strong>EDUCACI\u00d3 ESPECIAL<\/strong><\/td>\n<td style=\"height: 31px; width: 75.1023%;\">Carme Mayn\u00e9 Oteros<\/td>\n<\/tr>\n<tr style=\"height: 31px;\">\n<td style=\"height: 31px; width: 45.7165%;\"><strong>EDUCACI\u00d3 F\u00cdSICA<\/strong><\/td>\n<td style=\"height: 31px; width: 75.1023%;\">Laura Garcia Gimeno<\/td>\n<\/tr>\n<tr style=\"height: 31px;\">\n<td style=\"height: 31px; width: 45.7165%;\"><strong>EDUCACI\u00d3 MUSICAL<\/strong><\/td>\n<td style=\"height: 31px; width: 75.1023%;\">Martina Escribano Mart\u00ed<\/td>\n<\/tr>\n<tr style=\"height: 31px;\">\n<td style=\"height: 31px; width: 45.7165%;\"><strong>REFOR\u00c7 PRIM\u00c0RIA<\/strong><\/td>\n<td style=\"height: 31px; width: 75.1023%;\">Noem\u00ed Martin Valero, Raquel Torner Vald\u00e9s, Ana Rodr\u00edguez Force i Llu\u00eds Molina Gim\u00e9nez<\/td>\n<\/tr>\n<\/tbody>\n<\/table>\n<table style=\"height: 69px; width: 54.8791%;\" width=\"580\">\n<tbody>\n<tr>\n<td style=\"width: 22.5%;\" width=\"336\"><strong>ADMINISTRATIVA<\/strong><\/td>\n<td style=\"width: 35.6134%;\" width=\"288\">Irma Roca Ruzafa<\/td>\n<\/tr>\n<tr>\n<td style=\"width: 22.5%;\" width=\"336\"><strong>CONSERGE<\/strong><\/td>\n<td style=\"width: 35.6134%;\" width=\"288\">Miguel Iglesias Montsech<\/td>\n<\/tr>\n<\/tbody>\n<\/table>\n","protected":false},"excerpt":{"rendered":"<p>\u00a0EQUIP DIRECTIU<br \/>\nNOM<\/p>\n<p>DIRECCI\u00d3<br \/>\nNoem\u00ed Mart\u00edn Valero<\/p>\n<p>CAP D\u2019ESTUDIS<br \/>\nAna Rodr\u00edguez Force<\/p>\n<p>SECRETARIA<br \/>\nMartina Escribano Mart\u00ed<\/p>\n<p>INFANTIL<br \/>\nNOM<\/p>\n<p>EI3<br \/>\nMaria Jes\u00fas Plaza Rodr\u00edguez<\/p>\n<p>EI4<br \/>\nMontseta Mil\u00e0 Carbonell<\/p>\n<p>EI5<br \/>\nClara L\u00f3pez Places<\/p>\n<p>REFOR\u00c7\u00a0<br \/>\nAna Rodr\u00edguez Force i Llu\u00eds Molina Gim\u00e9nez<\/p>\n<p>PRIM\u00c0RIA<br \/>\nNOM<\/p>\n<p>1r<br \/>\n\u00c0frica Carrillo Ruiz<\/p>\n<p>2n<br \/>\nS\u00edlvia Ferr\u00e9 Juan\u00ed<\/p>\n<p>3r<br \/>\nLaura Deu Espinar<\/p>\n<p>4t<br \/>\nSusana Galiana Lloret<\/p>\n<p>5\u00e8<br \/>\nFran Mart\u00ednez Jaimez<\/p>\n<p>6\u00e8<br \/>\nRoger Juncosa Galbis<\/p>\n<p>ESPECIALITATS<br \/>\nNOM<\/p>\n<p>ANGL\u00c8S<br \/>\nAinhoa Ib\u00e1\u00f1ez Anguera i Laia Ferran Sol\u00e9<\/p>\n<p>EDUCACI\u00d3 ESPECIAL<br \/>\nCarme Mayn\u00e9 Oteros<\/p>\n<p>EDUCACI\u00d3 F\u00cdSICA<br \/>\nLaura Garcia&hellip;  <a href=\"https:\/\/agora.xtec.cat\/ceipelpi-ribes\/lescola\/professorat\/\" title=\"Read Professorat\">Llegeix m\u00e9s\u00bb<\/a><\/p>\n","protected":false},"author":1,"featured_media":0,"parent":22,"menu_order":5,"comment_status":"closed","ping_status":"closed","template":"page-templates\/side-menu.php","meta":{"_bbp_topic_count":0,"_bbp_reply_count":0,"_bbp_total_topic_count":0,"_bbp_total_reply_count":0,"_bbp_voice_count":0,"_bbp_anonymous_reply_count":0,"_bbp_topic_count_hidden":0,"_bbp_reply_count_hidden":0,"_bbp_forum_subforum_count":0,"footnotes":""},"class_list":["post-490","page","type-page","status-publish","hentry"],"post_mailing_queue_ids":[],"_links":{"self":[{"href":"https:\/\/agora.xtec.cat\/ceipelpi-ribes\/wp-json\/wp\/v2\/pages\/490","targetHints":{"allow":["GET"]}}],"collection":[{"href":"https:\/\/agora.xtec.cat\/ceipelpi-ribes\/wp-json\/wp\/v2\/pages"}],"about":[{"href":"https:\/\/agora.xtec.cat\/ceipelpi-ribes\/wp-json\/wp\/v2\/types\/page"}],"author":[{"embeddable":true,"href":"https:\/\/agora.xtec.cat\/ceipelpi-ribes\/wp-json\/wp\/v2\/users\/1"}],"replies":[{"embeddable":true,"href":"https:\/\/agora.xtec.cat\/ceipelpi-ribes\/wp-json\/wp\/v2\/comments?post=490"}],"version-history":[{"count":5,"href":"https:\/\/agora.xtec.cat\/ceipelpi-ribes\/wp-json\/wp\/v2\/pages\/490\/revisions"}],"predecessor-version":[{"id":2766,"href":"https:\/\/agora.xtec.cat\/ceipelpi-ribes\/wp-json\/wp\/v2\/pages\/490\/revisions\/2766"}],"up":[{"embeddable":true,"href":"https:\/\/agora.xtec.cat\/ceipelpi-ribes\/wp-json\/wp\/v2\/pages\/22"}],"wp:attachment":[{"href":"https:\/\/agora.xtec.cat\/ceipelpi-ribes\/wp-json\/wp\/v2\/media?parent=490"}],"curies":[{"name":"wp","href":"https:\/\/api.w.org\/{rel}","templated":true}]}}