{"id":28,"date":"2014-09-18T12:29:35","date_gmt":"2014-09-18T11:29:35","guid":{"rendered":"http:\/\/agora.xtec.cat\/ceipelpi-ribes\/?page_id=28"},"modified":"2026-04-16T08:33:08","modified_gmt":"2026-04-16T06:33:08","slug":"consell-escolar","status":"publish","type":"page","link":"https:\/\/agora.xtec.cat\/ceipelpi-ribes\/lescola\/consell-escolar\/","title":{"rendered":"Consell escolar"},"content":{"rendered":"<p>\u00c9s un \u00f2rgan col\u00b7legiat i est\u00e0 format per cinc mestres, quatre pares\/mares, un membre representant de l\u2019AFA, el representant de l\u2019ajuntament, un representant del PAS i l\u2019Equip Directiu.<\/p>\n<p>Les funcions , la composici\u00f3 i renovaci\u00f3 estan recollides als seg\u00fcents documents: <a href=\"http:\/\/www.gencat.cat\/diari\/5422\/09190005.htm\">Llei 12\/2009<\/a> i <a href=\"http:\/\/www.gencat.cat\/diari\/5686\/10209099.htm\">Decret 102\/2010<\/a><\/p>\n<p>La quota \u00fanica (material + AFA), aprovada en Consell escolar, \u00e9s de 125\u20ac per alumne i any escolar. I una quota \u00fanica de sortides de 50\u20ac per alumne i curs escolar.<\/p>\n<table style=\"border-collapse: collapse; width: 100%; height: 299px;\">\n<tbody>\n<tr style=\"height: 23px;\">\n<td style=\"width: 50%; height: 23px;\">5 de juliol de 2022<\/td>\n<td style=\"width: 50%; height: 23px;\"><a href=\"https:\/\/drive.google.com\/file\/d\/1yPAu5sSPR4A6b_eiaNgMCDrHIL5b4n1K\/view?usp=drive_link\" target=\"_blank\" rel=\"noopener\">Acords 5\/07\/22<\/a><\/td>\n<\/tr>\n<tr style=\"height: 23px;\">\n<td style=\"width: 50%; height: 23px;\">14 de novembre de 2022<\/td>\n<td style=\"width: 50%; height: 23px;\"><a href=\"https:\/\/drive.google.com\/file\/d\/16NErF_Z5W1KVdl3hvSebCsrlDwS6e3kO\/view?usp=drive_link\" target=\"_blank\" rel=\"noopener\">Acords 14\/11\/22<\/a><\/td>\n<\/tr>\n<tr style=\"height: 23px;\">\n<td style=\"width: 50%; height: 23px;\">30 de gener de 2023<\/td>\n<td style=\"width: 50%; height: 23px;\"><a href=\"https:\/\/drive.google.com\/file\/d\/1UH8t91S_wMKXC14a93sDpiMMQy3n4GRB\/view?usp=drive_link\" target=\"_blank\" rel=\"noopener\">Acords 30\/01\/23<\/a><\/td>\n<\/tr>\n<tr style=\"height: 23px;\">\n<td style=\"width: 50%; height: 23px;\">28 de juny de 2023<\/td>\n<td style=\"width: 50%; height: 23px;\"><a href=\"https:\/\/drive.google.com\/file\/d\/1oxAJuVWPUt5vIYdeu_GfkLGjmPMC_wqf\/view?usp=drive_link\" target=\"_blank\" rel=\"noopener\">Acords 28\/06\/23<\/a><\/td>\n<\/tr>\n<tr style=\"height: 23px;\">\n<td style=\"width: 50%; height: 23px;\">12 de desembre de 2023<\/td>\n<td style=\"width: 50%; height: 23px;\"><a href=\"https:\/\/drive.google.com\/file\/d\/1HRjVrQBj5qIsWoUTqGbpmtZnu0Qt5I65\/view?usp=drive_link\">Acords 12\/12\/23<\/a><\/td>\n<\/tr>\n<tr style=\"height: 23px;\">\n<td style=\"width: 50%; height: 23px;\">29 de gener de 2024<\/td>\n<td style=\"width: 50%; height: 23px;\"><a href=\"https:\/\/drive.google.com\/file\/d\/1k6pi9p2yhuIp3FGAkkhMPDoSP__Ntl9M\/view?usp=drive_link\">Acords 29\/01\/24<\/a><\/td>\n<\/tr>\n<tr style=\"height: 23px;\">\n<td style=\"width: 50%; height: 23px;\">28 de juny de 2024<\/td>\n<td style=\"width: 50%; height: 23px;\"><a href=\"https:\/\/drive.google.com\/file\/d\/1JL-I9u64yd9yHaiRFSIQcx22UUWy5Bf8\/view?usp=drive_link\">Acords 28\/06\/24<\/a><\/td>\n<\/tr>\n<tr style=\"height: 23px;\">\n<td style=\"width: 50%; height: 23px;\">15 d&#8217;octubre de 2024<\/td>\n<td style=\"width: 50%; height: 23px;\"><a href=\"https:\/\/drive.google.com\/file\/d\/1RLqeV9Q4-q6ZQoCI3l8U6Ge45lb51lRm\/view?usp=drive_link\">Acords 15\/10\/24<\/a><\/td>\n<\/tr>\n<tr style=\"height: 23px;\">\n<td style=\"width: 50%; height: 23px;\">30 de gener de 2025<\/td>\n<td style=\"width: 50%; height: 23px;\"><a href=\"https:\/\/drive.google.com\/file\/d\/1AJN36lheuWozqzJGaWOkTNgLFhm5PhtJ\/view?usp=drive_link\">Acords 30\/01\/25<\/a><\/td>\n<\/tr>\n<tr style=\"height: 23px;\">\n<td style=\"width: 50%; height: 23px;\">25 de juny de 2025<\/td>\n<td style=\"width: 50%; height: 23px;\"><a href=\"https:\/\/drive.google.com\/file\/d\/1OT5DwTHnPBKY6rrGAhWkUEbKaVGUthY2\/view?usp=drive_link\">Acords 25\/06\/25<\/a><\/td>\n<\/tr>\n<tr style=\"height: 23px;\">\n<td style=\"width: 50%; height: 23px;\">4 de novembre de 2025<\/td>\n<td style=\"width: 50%; height: 23px;\"><a href=\"https:\/\/agora.xtec.cat\/ceipelpi-ribes\/wp-content\/uploads\/usu29\/2026\/04\/Acords-presos-Consell-escolar-.docx-1.pdf\">ACORDS 4\/11\/25<\/a><\/td>\n<\/tr>\n<tr style=\"height: 23px;\">\n<td style=\"width: 50%; height: 23px;\">15 de desembre de 2025<\/td>\n<td style=\"width: 50%; height: 23px;\"><a href=\"https:\/\/agora.xtec.cat\/ceipelpi-ribes\/wp-content\/uploads\/usu29\/2026\/04\/Acords-presos-Consell-escolar-.docx.pdf\">ACORDS 15\/12\/25<\/a><\/td>\n<\/tr>\n<tr style=\"height: 23px;\">\n<td style=\"width: 50%; height: 23px;\">29 de gener de 2026<\/td>\n<td style=\"width: 50%; height: 23px;\"><a href=\"https:\/\/agora.xtec.cat\/ceipelpi-ribes\/wp-content\/uploads\/usu29\/2026\/04\/Acords-presos-Consell-escolar-29-01-26-.docx.pdf\">ACORDS 29\/1\/26<\/a><\/td>\n<\/tr>\n<\/tbody>\n<\/table>\n\n\n<p><\/p>\n","protected":false},"excerpt":{"rendered":"<p>\u00c9s un \u00f2rgan col\u00b7legiat i est\u00e0 format per cinc mestres, quatre pares\/mares, un membre representant de l\u2019AFA, el representant de l\u2019ajuntament, un representant del PAS i l\u2019Equip Directiu.<br \/>\nLes funcions , la composici\u00f3 i renovaci\u00f3 estan recollides als seg\u00fcents documents: <a href=\"http:\/\/www.gencat.cat\/diari\/5422\/09190005.htm\">Llei 12\/2009<\/a> i <a href=\"http:\/\/www.gencat.cat\/diari\/5686\/10209099.htm\">Decret&hellip;  <a href=\"https:\/\/agora.xtec.cat\/ceipelpi-ribes\/lescola\/consell-escolar\/\" title=\"Read Consell escolar\">Llegeix m\u00e9s\u00bb<\/a><\/p>\n","protected":false},"author":1,"featured_media":0,"parent":22,"menu_order":6,"comment_status":"closed","ping_status":"closed","template":"page-templates\/side-menu.php","meta":{"_bbp_topic_count":0,"_bbp_reply_count":0,"_bbp_total_topic_count":0,"_bbp_total_reply_count":0,"_bbp_voice_count":0,"_bbp_anonymous_reply_count":0,"_bbp_topic_count_hidden":0,"_bbp_reply_count_hidden":0,"_bbp_forum_subforum_count":0,"footnotes":""},"class_list":["post-28","page","type-page","status-publish","hentry"],"post_mailing_queue_ids":[],"_links":{"self":[{"href":"https:\/\/agora.xtec.cat\/ceipelpi-ribes\/wp-json\/wp\/v2\/pages\/28","targetHints":{"allow":["GET"]}}],"collection":[{"href":"https:\/\/agora.xtec.cat\/ceipelpi-ribes\/wp-json\/wp\/v2\/pages"}],"about":[{"href":"https:\/\/agora.xtec.cat\/ceipelpi-ribes\/wp-json\/wp\/v2\/types\/page"}],"author":[{"embeddable":true,"href":"https:\/\/agora.xtec.cat\/ceipelpi-ribes\/wp-json\/wp\/v2\/users\/1"}],"replies":[{"embeddable":true,"href":"https:\/\/agora.xtec.cat\/ceipelpi-ribes\/wp-json\/wp\/v2\/comments?post=28"}],"version-history":[{"count":6,"href":"https:\/\/agora.xtec.cat\/ceipelpi-ribes\/wp-json\/wp\/v2\/pages\/28\/revisions"}],"predecessor-version":[{"id":2820,"href":"https:\/\/agora.xtec.cat\/ceipelpi-ribes\/wp-json\/wp\/v2\/pages\/28\/revisions\/2820"}],"up":[{"embeddable":true,"href":"https:\/\/agora.xtec.cat\/ceipelpi-ribes\/wp-json\/wp\/v2\/pages\/22"}],"wp:attachment":[{"href":"https:\/\/agora.xtec.cat\/ceipelpi-ribes\/wp-json\/wp\/v2\/media?parent=28"}],"curies":[{"name":"wp","href":"https:\/\/api.w.org\/{rel}","templated":true}]}}