{"id":2639,"date":"2024-11-11T12:31:39","date_gmt":"2024-11-11T11:31:39","guid":{"rendered":"https:\/\/agora.xtec.cat\/ceipelpi-ribes\/?page_id=2639"},"modified":"2024-11-11T12:45:57","modified_gmt":"2024-11-11T11:45:57","slug":"competencies-i-sabers-deducacio-primaria","status":"publish","type":"page","link":"https:\/\/agora.xtec.cat\/ceipelpi-ribes\/lescola\/curriculum\/primaria\/competencies-i-sabers-deducacio-primaria\/","title":{"rendered":"Compet\u00e8ncies i Criteris d&#8217;Avaluaci\u00f3 d&#8217;Educaci\u00f3 Prim\u00e0ria"},"content":{"rendered":"<p>Aqu\u00ed teniu els enlla\u00e7os a diferents documents referents al Decret 175\/2022 de 27 de setembre, d&#8217;ordenaci\u00f3 dels ensenyaments de l&#8217;educaci\u00f3 b\u00e0sica.<\/p>\n<ul>\n<li><span style=\"color: #000000;\"><a style=\"color: #000000;\" href=\"https:\/\/agora.xtec.cat\/ceipelpi-ribes\/wp-content\/uploads\/usu29\/2024\/11\/Ambit-Linguistic-Competencies-i-Criters-dAvaluacio.pdf\">\u00c0mbit Ling\u00fc\u00edstic (Compet\u00e8ncies i Criteris d&#8217;Avaluaci\u00f3)<\/a> <\/span><\/li>\n<li><span style=\"color: #000000;\"><a style=\"color: #000000;\" href=\"https:\/\/agora.xtec.cat\/ceipelpi-ribes\/wp-content\/uploads\/usu29\/2024\/11\/Medi-Natural-i-Social-Competencies-i-Criters-dAvaluacio.pdf\">Medi Natural i Social (Compet\u00e8ncies i Criteris d&#8217;Avaluaci\u00f3)<\/a> <\/span><\/li>\n<li><span style=\"color: #000000;\"><a style=\"color: #000000;\" href=\"https:\/\/agora.xtec.cat\/ceipelpi-ribes\/wp-content\/uploads\/usu29\/2024\/11\/Educacio-Artistica-Competencies-i-Criters-dAvaluacio.pdf\">Educaci\u00f3 Art\u00edstica (Compet\u00e8ncies i Criteris d&#8217;Avaluaci\u00f3)<\/a> <\/span><\/li>\n<li><span style=\"color: #000000;\"><a style=\"color: #000000;\" href=\"https:\/\/agora.xtec.cat\/ceipelpi-ribes\/wp-content\/uploads\/usu29\/2024\/11\/Educacio-en-Valors-Competencies-i-Criters-dAvaluacio.pdf\">Educaci\u00f3 en Valors (Compet\u00e8ncies i Criteris d&#8217;Avaluaci\u00f3)<\/a> <\/span><\/li>\n<li><span style=\"color: #000000;\"><a style=\"color: #000000;\" href=\"https:\/\/agora.xtec.cat\/ceipelpi-ribes\/wp-content\/uploads\/usu29\/2024\/11\/Educacio-Fisica-Competencies-i-Criters-dAvaluacio.pdf\">Educaci\u00f3 F\u00edsica (Compet\u00e8ncies i Criteris d&#8217;Avaluaci\u00f3)<\/a> <\/span><\/li>\n<li><span style=\"color: #000000;\"><a style=\"color: #000000;\" href=\"https:\/\/agora.xtec.cat\/ceipelpi-ribes\/wp-content\/uploads\/usu29\/2024\/11\/Llengua-Estrangera-Competencies-i-Criters-dAvaluacio.pdf\">Llengua Estrangera (Compet\u00e8ncies i Criteris d&#8217;Avaluaci\u00f3)<\/a> <\/span><\/li>\n<li><span style=\"color: #000000;\"><a style=\"color: #000000;\" href=\"https:\/\/agora.xtec.cat\/ceipelpi-ribes\/wp-content\/uploads\/usu29\/2024\/11\/Matematiques-Competencies-i-Criters-dAvaluacio.pdf\">Matem\u00e0tiques (Compet\u00e8ncies i Criteris d&#8217;Avaluaci\u00f3)<\/a><\/span><\/li>\n<\/ul>\n","protected":false},"excerpt":{"rendered":"<p>Aqu\u00ed teniu els enlla\u00e7os a diferents documents referents al Decret 175\/2022 de 27 de setembre, d&#8217;ordenaci\u00f3 dels ensenyaments de l&#8217;educaci\u00f3 b\u00e0sica.<\/p>\n<ul>\n<li><a style=\"color: #000000;\" href=\"https:\/\/agora.xtec.cat\/ceipelpi-ribes\/wp-content\/uploads\/usu29\/2024\/11\/Ambit-Linguistic-Competencies-i-Criters-dAvaluacio.pdf\">\u00c0mbit Ling\u00fc\u00edstic (Compet\u00e8ncies i Criteris d&#8217;Avaluaci\u00f3)<\/a> <\/li>\n<li><a style=\"color: #000000;\" href=\"https:\/\/agora.xtec.cat\/ceipelpi-ribes\/wp-content\/uploads\/usu29\/2024\/11\/Medi-Natural-i-Social-Competencies-i-Criters-dAvaluacio.pdf\">Medi Natural i Social (Compet\u00e8ncies i Criteris d&#8217;Avaluaci\u00f3)<\/a> <\/li>\n<li><a style=\"color: #000000;\" href=\"https:\/\/agora.xtec.cat\/ceipelpi-ribes\/wp-content\/uploads\/usu29\/2024\/11\/Educacio-Artistica-Competencies-i-Criters-dAvaluacio.pdf\">Educaci\u00f3 Art\u00edstica&hellip;  <a href=\"https:\/\/agora.xtec.cat\/ceipelpi-ribes\/lescola\/curriculum\/primaria\/competencies-i-sabers-deducacio-primaria\/\" title=\"Read Compet\u00e8ncies i Criteris d&#8217;Avaluaci\u00f3 d&#8217;Educaci\u00f3 Prim\u00e0ria\">Llegeix m\u00e9s\u00bb<\/a><br \/>\n","protected":false},"author":1,"featured_media":0,"parent":2613,"menu_order":1,"comment_status":"closed","ping_status":"closed","template":"page-templates\/side-menu.php","meta":{"_bbp_topic_count":0,"_bbp_reply_count":0,"_bbp_total_topic_count":0,"_bbp_total_reply_count":0,"_bbp_voice_count":0,"_bbp_anonymous_reply_count":0,"_bbp_topic_count_hidden":0,"_bbp_reply_count_hidden":0,"_bbp_forum_subforum_count":0,"footnotes":""},"class_list":["post-2639","page","type-page","status-publish","hentry"],"post_mailing_queue_ids":[],"_links":{"self":[{"href":"https:\/\/agora.xtec.cat\/ceipelpi-ribes\/wp-json\/wp\/v2\/pages\/2639","targetHints":{"allow":["GET"]}}],"collection":[{"href":"https:\/\/agora.xtec.cat\/ceipelpi-ribes\/wp-json\/wp\/v2\/pages"}],"about":[{"href":"https:\/\/agora.xtec.cat\/ceipelpi-ribes\/wp-json\/wp\/v2\/types\/page"}],"author":[{"embeddable":true,"href":"https:\/\/agora.xtec.cat\/ceipelpi-ribes\/wp-json\/wp\/v2\/users\/1"}],"replies":[{"embeddable":true,"href":"https:\/\/agora.xtec.cat\/ceipelpi-ribes\/wp-json\/wp\/v2\/comments?post=2639"}],"version-history":[{"count":3,"href":"https:\/\/agora.xtec.cat\/ceipelpi-ribes\/wp-json\/wp\/v2\/pages\/2639\/revisions"}],"predecessor-version":[{"id":2649,"href":"https:\/\/agora.xtec.cat\/ceipelpi-ribes\/wp-json\/wp\/v2\/pages\/2639\/revisions\/2649"}],"up":[{"embeddable":true,"href":"https:\/\/agora.xtec.cat\/ceipelpi-ribes\/wp-json\/wp\/v2\/pages\/2613"}],"wp:attachment":[{"href":"https:\/\/agora.xtec.cat\/ceipelpi-ribes\/wp-json\/wp\/v2\/media?parent=2639"}],"curies":[{"name":"wp","href":"https:\/\/api.w.org\/{rel}","templated":true}]}}